{"version":"1.0","provider_name":"Kuzeyin Sesi","provider_url":"https:\/\/kuzeyinsesi.org","author_name":"Kuzeyin Sesi","author_url":"https:\/\/kuzeyinsesi.org\/index.php\/author\/guven\/","title":"\u0130ran&#039;da Ekonomik Sava\u015f Karargah\u0131 kuruldu - Kuzeyin Sesi","type":"rich","width":600,"height":338,"html":"<blockquote class=\"wp-embedded-content\" data-secret=\"A4prMYR36M\"><a href=\"https:\/\/kuzeyinsesi.org\/index.php\/2026\/09\/06\/iranda-ekonomik-savas-karargahi-kuruldu\/\">\u0130ran&#039;da Ekonomik Sava\u015f Karargah\u0131 kuruldu<\/a><\/blockquote><iframe sandbox=\"allow-scripts\" security=\"restricted\" src=\"https:\/\/kuzeyinsesi.org\/index.php\/2026\/09\/06\/iranda-ekonomik-savas-karargahi-kuruldu\/embed\/#?secret=A4prMYR36M\" width=\"600\" height=\"338\" title=\"&#8220;\u0130ran&#039;da Ekonomik Sava\u015f Karargah\u0131 kuruldu&#8221; &#8212; Kuzeyin Sesi\" data-secret=\"A4prMYR36M\" frameborder=\"0\" marginwidth=\"0\" marginheight=\"0\" scrolling=\"no\" class=\"wp-embedded-content\"><\/iframe><script>\n\/*! This file is auto-generated *\/\n!function(d,l){\"use strict\";l.querySelector&&d.addEventListener&&\"undefined\"!=typeof URL&&(d.wp=d.wp||{},d.wp.receiveEmbedMessage||(d.wp.receiveEmbedMessage=function(e){var t=e.data;if((t||t.secret||t.message||t.value)&&!\/[^a-zA-Z0-9]\/.test(t.secret)){for(var s,r,n,a=l.querySelectorAll('iframe[data-secret=\"'+t.secret+'\"]'),o=l.querySelectorAll('blockquote[data-secret=\"'+t.secret+'\"]'),c=new RegExp(\"^https?:$\",\"i\"),i=0;i<o.length;i++)o[i].style.display=\"none\";for(i=0;i<a.length;i++)s=a[i],e.source===s.contentWindow&&(s.removeAttribute(\"style\"),\"height\"===t.message?(1e3<(r=parseInt(t.value,10))?r=1e3:~~r<200&&(r=200),s.height=r):\"link\"===t.message&&(r=new URL(s.getAttribute(\"src\")),n=new URL(t.value),c.test(n.protocol))&&n.host===r.host&&l.activeElement===s&&(d.top.location.href=t.value))}},d.addEventListener(\"message\",d.wp.receiveEmbedMessage,!1),l.addEventListener(\"DOMContentLoaded\",function(){for(var e,t,s=l.querySelectorAll(\"iframe.wp-embedded-content\"),r=0;r<s.length;r++)(t=(e=s[r]).getAttribute(\"data-secret\"))||(t=Math.random().toString(36).substring(2,12),e.src+=\"#?secret=\"+t,e.setAttribute(\"data-secret\",t)),e.contentWindow.postMessage({message:\"ready\",secret:t},\"*\")},!1)))}(window,document);\n\/\/# sourceURL=https:\/\/kuzeyinsesi.org\/wp-includes\/js\/wp-embed.min.js\n<\/script>\n","thumbnail_url":"https:\/\/trthaberstatic.cdn.wp.trt.com.tr\/resimler\/1476000\/iran-1477871.jpg","thumbnail_width":600,"thumbnail_height":338,"description":"&#13; \u0130ran&#8217;\u0131n yar\u0131 resmi Tesnim Haber Ajans\u0131na g\u00f6re Zemaniyan, &#8220;Ekonomik Sava\u015f Karargah\u0131&#8221; hakk\u0131nda a\u00e7\u0131klamalarda bulundu. &#13; Ekonomi Bakanl\u0131\u011f\u0131 b\u00fcnyesindeki Ekonomik Sava\u015f Karargah\u0131&#8217;n\u0131n, sava\u015f ko\u015fullar\u0131ndan kaynaklanan ekonomik sorunlara h\u0131zl\u0131 \u00e7\u00f6z\u00fcm \u00fcretilmesi ve ilgili kurumlar aras\u0131nda koordinasyonun sa\u011flanmas\u0131 amac\u0131yla kuruldu\u011funu belirten Zemaniyan, bu mekanizma sayesinde sorunlar\u0131n \u00e7\u00f6z\u00fcm\u00fcnde b\u00fcrokratik gecikmelerin \u00f6n\u00fcne ge\u00e7ilece\u011fini ifade etti."}

İran&#039;da Ekonomik Savaş Karargahı kuruldu - Kuzeyin Sesi

<blockquote class="wp-embedded-content" data-secret="A4prMYR36M"><a href="https://kuzeyinsesi.org/index.php/2026/09/06/iranda-ekonomik-savas-karargahi-kuruldu/">İran&#039;da Ekonomik Savaş Karargahı kuruldu</a></blockquote><iframe sandbox="allow-scripts" security="restricted" src="https://kuzeyinsesi.org/index.php/2026/09/06/iranda-ekonomik-savas-karargahi-kuruldu/embed/#?secret=A4prMYR36M" width="600" height="338" title="&#8220;İran&#039;da Ekonomik Savaş Karargahı kuruldu&#8221; &#8212; Kuzeyin Sesi" data-secret="A4prMYR36M" frameborder="0" marginwidth="0" marginheight="0" scrolling="no" class="wp-embedded-content"></iframe><script>
/*! This file is auto-generated */
!function(d,l){"use strict";l.querySelector&&d.addEventListener&&"undefined"!=typeof URL&&(d.wp=d.wp||{},d.wp.receiveEmbedMessage||(d.wp.receiveEmbedMessage=function(e){var t=e.data;if((t||t.secret||t.message||t.value)&&!/[^a-zA-Z0-9]/.test(t.secret)){for(var s,r,n,a=l.querySelectorAll('iframe[data-secret="'+t.secret+'"]'),o=l.querySelectorAll('blockquote[data-secret="'+t.secret+'"]'),c=new RegExp("^https?:$","i"),i=0;i<o.length;i++)o[i].style.display="none";for(i=0;i<a.length;i++)s=a[i],e.source===s.contentWindow&&(s.removeAttribute("style"),"height"===t.message?(1e3<(r=parseInt(t.value,10))?r=1e3:~~r<200&&(r=200),s.height=r):"link"===t.message&&(r=new URL(s.getAttribute("src")),n=new URL(t.value),c.test(n.protocol))&&n.host===r.host&&l.activeElement===s&&(d.top.location.href=t.value))}},d.addEventListener("message",d.wp.receiveEmbedMessage,!1),l.addEventListener("DOMContentLoaded",function(){for(var e,t,s=l.querySelectorAll("iframe.wp-embedded-content"),r=0;r<s.length;r++)(t=(e=s[r]).getAttribute("data-secret"))||(t=Math.random().toString(36).substring(2,12),e.src+="#?secret="+t,e.setAttribute("data-secret",t)),e.contentWindow.postMessage({message:"ready",secret:t},"*")},!1)))}(window,document);
//# sourceURL=https://kuzeyinsesi.org/wp-includes/js/wp-embed.min.js
</script>

&#13; İran&#8217;ın yarı resmi Tesnim Haber Ajansına göre Zemaniyan, &#8220;Ekonomik Savaş Karargahı&#8221; hakkında açıklamalarda bulundu. &#13; Ekonomi Bakanlığı bünyesindeki Ekonomik Savaş Karargahı&#8217;nın, savaş koşullarından kaynaklanan ekonomik sorunlara hızlı çözüm üretilmesi ve ilgili kurumlar arasında koordinasyonun sağlanması amacıyla kurulduğunu belirten Zemaniyan, bu mekanizma sayesinde sorunların çözümünde bürokratik gecikmelerin önüne geçileceğini ifade etti.
