{"version":"1.0","provider_name":"Kuzeyin Sesi","provider_url":"https:\/\/kuzeyinsesi.org","author_name":"Kuzeyin Sesi","author_url":"https:\/\/kuzeyinsesi.org\/index.php\/author\/guven\/","title":"Rusya, Goethe Enstit\u00fcs\u00fcn\u00fcn \u015fubelerini kapatacak - Kuzeyin Sesi","type":"rich","width":600,"height":338,"html":"<blockquote class=\"wp-embedded-content\" data-secret=\"jFW29qfh8F\"><a href=\"https:\/\/kuzeyinsesi.org\/index.php\/2026\/09\/03\/rusya-goethe-enstitusunun-subelerini-kapatacak\/\">Rusya, Goethe Enstit\u00fcs\u00fcn\u00fcn \u015fubelerini kapatacak<\/a><\/blockquote><iframe sandbox=\"allow-scripts\" security=\"restricted\" src=\"https:\/\/kuzeyinsesi.org\/index.php\/2026\/09\/03\/rusya-goethe-enstitusunun-subelerini-kapatacak\/embed\/#?secret=jFW29qfh8F\" width=\"600\" height=\"338\" title=\"&#8220;Rusya, Goethe Enstit\u00fcs\u00fcn\u00fcn \u015fubelerini kapatacak&#8221; &#8212; Kuzeyin Sesi\" data-secret=\"jFW29qfh8F\" frameborder=\"0\" marginwidth=\"0\" marginheight=\"0\" scrolling=\"no\" class=\"wp-embedded-content\"><\/iframe><script>\n\/*! This file is auto-generated *\/\n!function(d,l){\"use strict\";l.querySelector&&d.addEventListener&&\"undefined\"!=typeof URL&&(d.wp=d.wp||{},d.wp.receiveEmbedMessage||(d.wp.receiveEmbedMessage=function(e){var t=e.data;if((t||t.secret||t.message||t.value)&&!\/[^a-zA-Z0-9]\/.test(t.secret)){for(var s,r,n,a=l.querySelectorAll('iframe[data-secret=\"'+t.secret+'\"]'),o=l.querySelectorAll('blockquote[data-secret=\"'+t.secret+'\"]'),c=new RegExp(\"^https?:$\",\"i\"),i=0;i<o.length;i++)o[i].style.display=\"none\";for(i=0;i<a.length;i++)s=a[i],e.source===s.contentWindow&&(s.removeAttribute(\"style\"),\"height\"===t.message?(1e3<(r=parseInt(t.value,10))?r=1e3:~~r<200&&(r=200),s.height=r):\"link\"===t.message&&(r=new URL(s.getAttribute(\"src\")),n=new URL(t.value),c.test(n.protocol))&&n.host===r.host&&l.activeElement===s&&(d.top.location.href=t.value))}},d.addEventListener(\"message\",d.wp.receiveEmbedMessage,!1),l.addEventListener(\"DOMContentLoaded\",function(){for(var e,t,s=l.querySelectorAll(\"iframe.wp-embedded-content\"),r=0;r<s.length;r++)(t=(e=s[r]).getAttribute(\"data-secret\"))||(t=Math.random().toString(36).substring(2,12),e.src+=\"#?secret=\"+t,e.setAttribute(\"data-secret\",t)),e.contentWindow.postMessage({message:\"ready\",secret:t},\"*\")},!1)))}(window,document);\n\/\/# sourceURL=https:\/\/kuzeyinsesi.org\/wp-includes\/js\/wp-embed.min.js\n<\/script>\n","thumbnail_url":"https:\/\/trthaberstatic.cdn.wp.trt.com.tr\/resimler\/2486000\/goethe-enstitusu-in-moscow-reu-2486802.jpg","thumbnail_width":600,"thumbnail_height":338,"description":"&#13; Bakan Lavrov, Vladivostok kentinde d\u00fczenlenen 11. Do\u011fu Ekonomi Forumu kapsam\u0131nda \u00f6\u011frencilere konferans verdi. &#13; Lavrov, Avrupa\u2019n\u0131n Rusya\u2019y\u0131 d\u00fc\u015fman g\u00f6rd\u00fc\u011f\u00fcn\u00fc belirterek, &#8220;Duvarlar in\u015fa etmiyoruz. Kendimizi Avrupa&#8217;dan izole etmek istemiyoruz. Avrupa kendisini bizden uzakla\u015ft\u0131rd\u0131. Avrupa d\u00fcr\u00fcst\u00e7e i\u015fbirli\u011fi yapmaya haz\u0131r de\u011fil. Bunu yapmay\u0131 bilmiyor. Avrupa hi\u00e7bir zaman kendi kaynaklar\u0131yla ve kendi zekas\u0131yla ya\u015famad\u0131. Her zaman ba\u015fkalar\u0131ndan ge\u00e7indi.&#8221; [&hellip;]"}

Rusya, Goethe Enstitüsünün şubelerini kapatacak - Kuzeyin Sesi

<blockquote class="wp-embedded-content" data-secret="jFW29qfh8F"><a href="https://kuzeyinsesi.org/index.php/2026/09/03/rusya-goethe-enstitusunun-subelerini-kapatacak/">Rusya, Goethe Enstitüsünün şubelerini kapatacak</a></blockquote><iframe sandbox="allow-scripts" security="restricted" src="https://kuzeyinsesi.org/index.php/2026/09/03/rusya-goethe-enstitusunun-subelerini-kapatacak/embed/#?secret=jFW29qfh8F" width="600" height="338" title="&#8220;Rusya, Goethe Enstitüsünün şubelerini kapatacak&#8221; &#8212; Kuzeyin Sesi" data-secret="jFW29qfh8F" frameborder="0" marginwidth="0" marginheight="0" scrolling="no" class="wp-embedded-content"></iframe><script>
/*! This file is auto-generated */
!function(d,l){"use strict";l.querySelector&&d.addEventListener&&"undefined"!=typeof URL&&(d.wp=d.wp||{},d.wp.receiveEmbedMessage||(d.wp.receiveEmbedMessage=function(e){var t=e.data;if((t||t.secret||t.message||t.value)&&!/[^a-zA-Z0-9]/.test(t.secret)){for(var s,r,n,a=l.querySelectorAll('iframe[data-secret="'+t.secret+'"]'),o=l.querySelectorAll('blockquote[data-secret="'+t.secret+'"]'),c=new RegExp("^https?:$","i"),i=0;i<o.length;i++)o[i].style.display="none";for(i=0;i<a.length;i++)s=a[i],e.source===s.contentWindow&&(s.removeAttribute("style"),"height"===t.message?(1e3<(r=parseInt(t.value,10))?r=1e3:~~r<200&&(r=200),s.height=r):"link"===t.message&&(r=new URL(s.getAttribute("src")),n=new URL(t.value),c.test(n.protocol))&&n.host===r.host&&l.activeElement===s&&(d.top.location.href=t.value))}},d.addEventListener("message",d.wp.receiveEmbedMessage,!1),l.addEventListener("DOMContentLoaded",function(){for(var e,t,s=l.querySelectorAll("iframe.wp-embedded-content"),r=0;r<s.length;r++)(t=(e=s[r]).getAttribute("data-secret"))||(t=Math.random().toString(36).substring(2,12),e.src+="#?secret="+t,e.setAttribute("data-secret",t)),e.contentWindow.postMessage({message:"ready",secret:t},"*")},!1)))}(window,document);
//# sourceURL=https://kuzeyinsesi.org/wp-includes/js/wp-embed.min.js
</script>

&#13; Bakan Lavrov, Vladivostok kentinde düzenlenen 11. Doğu Ekonomi Forumu kapsamında öğrencilere konferans verdi. &#13; Lavrov, Avrupa’nın Rusya’yı düşman gördüğünü belirterek, &#8220;Duvarlar inşa etmiyoruz. Kendimizi Avrupa&#8217;dan izole etmek istemiyoruz. Avrupa kendisini bizden uzaklaştırdı. Avrupa dürüstçe işbirliği yapmaya hazır değil. Bunu yapmayı bilmiyor. Avrupa hiçbir zaman kendi kaynaklarıyla ve kendi zekasıyla yaşamadı. Her zaman başkalarından geçindi.&#8221; [&hellip;]
