{"version":"1.0","provider_name":"Kuzeyin Sesi","provider_url":"https:\/\/kuzeyinsesi.org","author_name":"Kuzeyin Sesi","author_url":"https:\/\/kuzeyinsesi.org\/index.php\/author\/guven\/","title":"Beyaz Saray: Trump, Kim&#039;le ko\u015fulsuz g\u00f6r\u00fc\u015fmeye a\u00e7\u0131k - Kuzeyin Sesi","type":"rich","width":600,"height":338,"html":"<blockquote class=\"wp-embedded-content\" data-secret=\"KDN8IU2RQi\"><a href=\"https:\/\/kuzeyinsesi.org\/index.php\/2026\/09\/02\/beyaz-saray-trump-kimle-kosulsuz-gorusmeye-acik\/\">Beyaz Saray: Trump, Kim&#039;le ko\u015fulsuz g\u00f6r\u00fc\u015fmeye a\u00e7\u0131k<\/a><\/blockquote><iframe sandbox=\"allow-scripts\" security=\"restricted\" src=\"https:\/\/kuzeyinsesi.org\/index.php\/2026\/09\/02\/beyaz-saray-trump-kimle-kosulsuz-gorusmeye-acik\/embed\/#?secret=KDN8IU2RQi\" width=\"600\" height=\"338\" title=\"&#8220;Beyaz Saray: Trump, Kim&#039;le ko\u015fulsuz g\u00f6r\u00fc\u015fmeye a\u00e7\u0131k&#8221; &#8212; Kuzeyin Sesi\" data-secret=\"KDN8IU2RQi\" frameborder=\"0\" marginwidth=\"0\" marginheight=\"0\" scrolling=\"no\" class=\"wp-embedded-content\"><\/iframe><script>\n\/*! This file is auto-generated *\/\n!function(d,l){\"use strict\";l.querySelector&&d.addEventListener&&\"undefined\"!=typeof URL&&(d.wp=d.wp||{},d.wp.receiveEmbedMessage||(d.wp.receiveEmbedMessage=function(e){var t=e.data;if((t||t.secret||t.message||t.value)&&!\/[^a-zA-Z0-9]\/.test(t.secret)){for(var s,r,n,a=l.querySelectorAll('iframe[data-secret=\"'+t.secret+'\"]'),o=l.querySelectorAll('blockquote[data-secret=\"'+t.secret+'\"]'),c=new RegExp(\"^https?:$\",\"i\"),i=0;i<o.length;i++)o[i].style.display=\"none\";for(i=0;i<a.length;i++)s=a[i],e.source===s.contentWindow&&(s.removeAttribute(\"style\"),\"height\"===t.message?(1e3<(r=parseInt(t.value,10))?r=1e3:~~r<200&&(r=200),s.height=r):\"link\"===t.message&&(r=new URL(s.getAttribute(\"src\")),n=new URL(t.value),c.test(n.protocol))&&n.host===r.host&&l.activeElement===s&&(d.top.location.href=t.value))}},d.addEventListener(\"message\",d.wp.receiveEmbedMessage,!1),l.addEventListener(\"DOMContentLoaded\",function(){for(var e,t,s=l.querySelectorAll(\"iframe.wp-embedded-content\"),r=0;r<s.length;r++)(t=(e=s[r]).getAttribute(\"data-secret\"))||(t=Math.random().toString(36).substring(2,12),e.src+=\"#?secret=\"+t,e.setAttribute(\"data-secret\",t)),e.contentWindow.postMessage({message:\"ready\",secret:t},\"*\")},!1)))}(window,document);\n\/\/# sourceURL=https:\/\/kuzeyinsesi.org\/wp-includes\/js\/wp-embed.min.js\n<\/script>\n","thumbnail_url":"https:\/\/trthaberstatic.cdn.wp.trt.com.tr\/resimler\/2258000\/2259029.jpg","thumbnail_width":600,"thumbnail_height":338,"description":"&#13; Beyaz Saray&#8217;dan bir yetkili, Yonhap ajans\u0131n\u0131n liderler d\u00fczeyinde olas\u0131 bir ABD-Kuzey Kore zirvesine haz\u0131rl\u0131k yap\u0131l\u0131p yap\u0131lmad\u0131\u011f\u0131na ili\u015fkin sorusunu yan\u0131tlad\u0131. &#13; Trump&#8217;\u0131n ilk ba\u015fkanl\u0131k d\u00f6neminde Kuzey Kore lideri Kim Jong-un ile Kore Yar\u0131madas\u0131&#8217;nda &#8220;istikrar\u0131 sa\u011flayan&#8221; \u00fc\u00e7 zirve ger\u00e7ekle\u015ftirdi\u011fini hat\u0131rlatan yetkili, &#8220;ABD&#8217;nin Kuzey Kore politikas\u0131 de\u011fi\u015fmemi\u015ftir. Ba\u015fkan Trump, Kim ile \u00f6n ko\u015fulsuz olarak g\u00f6r\u00fc\u015fmeye a\u00e7\u0131kt\u0131r.&#8221; ifadesini [&hellip;]"}

Beyaz Saray: Trump, Kim&#039;le koşulsuz görüşmeye açık - Kuzeyin Sesi

<blockquote class="wp-embedded-content" data-secret="KDN8IU2RQi"><a href="https://kuzeyinsesi.org/index.php/2026/09/02/beyaz-saray-trump-kimle-kosulsuz-gorusmeye-acik/">Beyaz Saray: Trump, Kim&#039;le koşulsuz görüşmeye açık</a></blockquote><iframe sandbox="allow-scripts" security="restricted" src="https://kuzeyinsesi.org/index.php/2026/09/02/beyaz-saray-trump-kimle-kosulsuz-gorusmeye-acik/embed/#?secret=KDN8IU2RQi" width="600" height="338" title="&#8220;Beyaz Saray: Trump, Kim&#039;le koşulsuz görüşmeye açık&#8221; &#8212; Kuzeyin Sesi" data-secret="KDN8IU2RQi" frameborder="0" marginwidth="0" marginheight="0" scrolling="no" class="wp-embedded-content"></iframe><script>
/*! This file is auto-generated */
!function(d,l){"use strict";l.querySelector&&d.addEventListener&&"undefined"!=typeof URL&&(d.wp=d.wp||{},d.wp.receiveEmbedMessage||(d.wp.receiveEmbedMessage=function(e){var t=e.data;if((t||t.secret||t.message||t.value)&&!/[^a-zA-Z0-9]/.test(t.secret)){for(var s,r,n,a=l.querySelectorAll('iframe[data-secret="'+t.secret+'"]'),o=l.querySelectorAll('blockquote[data-secret="'+t.secret+'"]'),c=new RegExp("^https?:$","i"),i=0;i<o.length;i++)o[i].style.display="none";for(i=0;i<a.length;i++)s=a[i],e.source===s.contentWindow&&(s.removeAttribute("style"),"height"===t.message?(1e3<(r=parseInt(t.value,10))?r=1e3:~~r<200&&(r=200),s.height=r):"link"===t.message&&(r=new URL(s.getAttribute("src")),n=new URL(t.value),c.test(n.protocol))&&n.host===r.host&&l.activeElement===s&&(d.top.location.href=t.value))}},d.addEventListener("message",d.wp.receiveEmbedMessage,!1),l.addEventListener("DOMContentLoaded",function(){for(var e,t,s=l.querySelectorAll("iframe.wp-embedded-content"),r=0;r<s.length;r++)(t=(e=s[r]).getAttribute("data-secret"))||(t=Math.random().toString(36).substring(2,12),e.src+="#?secret="+t,e.setAttribute("data-secret",t)),e.contentWindow.postMessage({message:"ready",secret:t},"*")},!1)))}(window,document);
//# sourceURL=https://kuzeyinsesi.org/wp-includes/js/wp-embed.min.js
</script>

&#13; Beyaz Saray&#8217;dan bir yetkili, Yonhap ajansının liderler düzeyinde olası bir ABD-Kuzey Kore zirvesine hazırlık yapılıp yapılmadığına ilişkin sorusunu yanıtladı. &#13; Trump&#8217;ın ilk başkanlık döneminde Kuzey Kore lideri Kim Jong-un ile Kore Yarımadası&#8217;nda &#8220;istikrarı sağlayan&#8221; üç zirve gerçekleştirdiğini hatırlatan yetkili, &#8220;ABD&#8217;nin Kuzey Kore politikası değişmemiştir. Başkan Trump, Kim ile ön koşulsuz olarak görüşmeye açıktır.&#8221; ifadesini [&hellip;]
