{"version":"1.0","provider_name":"Kuzeyin Sesi","provider_url":"https:\/\/kuzeyinsesi.org","author_name":"Kuzeyin Sesi","author_url":"https:\/\/kuzeyinsesi.org\/index.php\/author\/guven\/","title":"Lefko\u015fa\u2019da ani \u00f6l\u00fcm: 48 ya\u015f\u0131ndaki ya\u015fam\u0131n\u0131 yitirdi - Kuzeyin Sesi","type":"rich","width":600,"height":338,"html":"<blockquote class=\"wp-embedded-content\" data-secret=\"iyqSyVt6yo\"><a href=\"https:\/\/kuzeyinsesi.org\/index.php\/2026\/05\/02\/lefkosada-ani-olum-48-yasindaki-yasamini-yitirdi\/\">Lefko\u015fa\u2019da ani \u00f6l\u00fcm: 48 ya\u015f\u0131ndaki ya\u015fam\u0131n\u0131 yitirdi<\/a><\/blockquote><iframe sandbox=\"allow-scripts\" security=\"restricted\" src=\"https:\/\/kuzeyinsesi.org\/index.php\/2026\/05\/02\/lefkosada-ani-olum-48-yasindaki-yasamini-yitirdi\/embed\/#?secret=iyqSyVt6yo\" width=\"600\" height=\"338\" title=\"&#8220;Lefko\u015fa\u2019da ani \u00f6l\u00fcm: 48 ya\u015f\u0131ndaki ya\u015fam\u0131n\u0131 yitirdi&#8221; &#8212; Kuzeyin Sesi\" data-secret=\"iyqSyVt6yo\" frameborder=\"0\" marginwidth=\"0\" marginheight=\"0\" scrolling=\"no\" class=\"wp-embedded-content\"><\/iframe><script type=\"text\/javascript\">\n\/* <![CDATA[ *\/\n\/*! This file is auto-generated *\/\n!function(d,l){\"use strict\";l.querySelector&&d.addEventListener&&\"undefined\"!=typeof URL&&(d.wp=d.wp||{},d.wp.receiveEmbedMessage||(d.wp.receiveEmbedMessage=function(e){var t=e.data;if((t||t.secret||t.message||t.value)&&!\/[^a-zA-Z0-9]\/.test(t.secret)){for(var s,r,n,a=l.querySelectorAll('iframe[data-secret=\"'+t.secret+'\"]'),o=l.querySelectorAll('blockquote[data-secret=\"'+t.secret+'\"]'),c=new RegExp(\"^https?:$\",\"i\"),i=0;i<o.length;i++)o[i].style.display=\"none\";for(i=0;i<a.length;i++)s=a[i],e.source===s.contentWindow&&(s.removeAttribute(\"style\"),\"height\"===t.message?(1e3<(r=parseInt(t.value,10))?r=1e3:~~r<200&&(r=200),s.height=r):\"link\"===t.message&&(r=new URL(s.getAttribute(\"src\")),n=new URL(t.value),c.test(n.protocol))&&n.host===r.host&&l.activeElement===s&&(d.top.location.href=t.value))}},d.addEventListener(\"message\",d.wp.receiveEmbedMessage,!1),l.addEventListener(\"DOMContentLoaded\",function(){for(var e,t,s=l.querySelectorAll(\"iframe.wp-embedded-content\"),r=0;r<s.length;r++)(t=(e=s[r]).getAttribute(\"data-secret\"))||(t=Math.random().toString(36).substring(2,12),e.src+=\"#?secret=\"+t,e.setAttribute(\"data-secret\",t)),e.contentWindow.postMessage({message:\"ready\",secret:t},\"*\")},!1)))}(window,document);\n\/\/# sourceURL=https:\/\/kuzeyinsesi.org\/wp-includes\/js\/wp-embed.min.js\n\/* ]]> *\/\n<\/script>\n","thumbnail_url":"https:\/\/kuzeyinsesi.org\/wp-content\/uploads\/2026\/04\/ambulans.jpeg","thumbnail_width":600,"thumbnail_height":337,"description":"Lefko\u015fa\u2019da sakin Yusuf Keskin (E-48), d\u00fcn saat 11.00 s\u0131ralar\u0131nda kalmakta oldu\u011fu ikametgah i\u00e7erisinde aniden rahats\u0131zlanarak ya\u015fam\u0131n\u0131 yitirdi. Ad\u0131 edilenin cans\u0131z bedeni \u00fczerinde g\u00f6revli doktor taraf\u0131ndan yap\u0131lan fiziki muayenede darp veya cebir izine rastlanmad\u0131. Keskin\u2019in \u00f6l\u00fcm sebebinin yap\u0131lacak otopsi sonucunda tespit edilece\u011fi belirtilirken, soru\u015fturman\u0131n devam etti\u011fi bildirildi."}

Lefkoşa’da ani ölüm: 48 yaşındaki yaşamını yitirdi - Kuzeyin Sesi

<blockquote class="wp-embedded-content" data-secret="iyqSyVt6yo"><a href="https://kuzeyinsesi.org/index.php/2026/05/02/lefkosada-ani-olum-48-yasindaki-yasamini-yitirdi/">Lefkoşa’da ani ölüm: 48 yaşındaki yaşamını yitirdi</a></blockquote><iframe sandbox="allow-scripts" security="restricted" src="https://kuzeyinsesi.org/index.php/2026/05/02/lefkosada-ani-olum-48-yasindaki-yasamini-yitirdi/embed/#?secret=iyqSyVt6yo" width="600" height="338" title="&#8220;Lefkoşa’da ani ölüm: 48 yaşındaki yaşamını yitirdi&#8221; &#8212; Kuzeyin Sesi" data-secret="iyqSyVt6yo" frameborder="0" marginwidth="0" marginheight="0" scrolling="no" class="wp-embedded-content"></iframe><script type="text/javascript">
/* <![CDATA[ */
/*! This file is auto-generated */
!function(d,l){"use strict";l.querySelector&&d.addEventListener&&"undefined"!=typeof URL&&(d.wp=d.wp||{},d.wp.receiveEmbedMessage||(d.wp.receiveEmbedMessage=function(e){var t=e.data;if((t||t.secret||t.message||t.value)&&!/[^a-zA-Z0-9]/.test(t.secret)){for(var s,r,n,a=l.querySelectorAll('iframe[data-secret="'+t.secret+'"]'),o=l.querySelectorAll('blockquote[data-secret="'+t.secret+'"]'),c=new RegExp("^https?:$","i"),i=0;i<o.length;i++)o[i].style.display="none";for(i=0;i<a.length;i++)s=a[i],e.source===s.contentWindow&&(s.removeAttribute("style"),"height"===t.message?(1e3<(r=parseInt(t.value,10))?r=1e3:~~r<200&&(r=200),s.height=r):"link"===t.message&&(r=new URL(s.getAttribute("src")),n=new URL(t.value),c.test(n.protocol))&&n.host===r.host&&l.activeElement===s&&(d.top.location.href=t.value))}},d.addEventListener("message",d.wp.receiveEmbedMessage,!1),l.addEventListener("DOMContentLoaded",function(){for(var e,t,s=l.querySelectorAll("iframe.wp-embedded-content"),r=0;r<s.length;r++)(t=(e=s[r]).getAttribute("data-secret"))||(t=Math.random().toString(36).substring(2,12),e.src+="#?secret="+t,e.setAttribute("data-secret",t)),e.contentWindow.postMessage({message:"ready",secret:t},"*")},!1)))}(window,document);
//# sourceURL=https://kuzeyinsesi.org/wp-includes/js/wp-embed.min.js
/* ]]> */
</script>

Lefkoşa’da sakin Yusuf Keskin (E-48), dün saat 11.00 sıralarında kalmakta olduğu ikametgah içerisinde aniden rahatsızlanarak yaşamını yitirdi. Adı edilenin cansız bedeni üzerinde görevli doktor tarafından yapılan fiziki muayenede darp veya cebir izine rastlanmadı. Keskin’in ölüm sebebinin yapılacak otopsi sonucunda tespit edileceği belirtilirken, soruşturmanın devam ettiği bildirildi.
