{"version":"1.0","provider_name":"Kuzeyin Sesi","provider_url":"https:\/\/kuzeyinsesi.org","author_name":"Kuzeyin Sesi","author_url":"https:\/\/kuzeyinsesi.org\/index.php\/author\/guven\/","title":"\u00dcnl\u00fc y\u00f6netmenin Oscar \u00f6d\u00fcl\u00fc u\u00e7akta kayboldu - Kuzeyin Sesi","type":"rich","width":600,"height":338,"html":"<blockquote class=\"wp-embedded-content\" data-secret=\"qcF43g33aW\"><a href=\"https:\/\/kuzeyinsesi.org\/index.php\/2026\/05\/01\/unlu-yonetmenin-oscar-odulu-ucakta-kayboldu\/\">\u00dcnl\u00fc y\u00f6netmenin Oscar \u00f6d\u00fcl\u00fc u\u00e7akta kayboldu<\/a><\/blockquote><iframe sandbox=\"allow-scripts\" security=\"restricted\" src=\"https:\/\/kuzeyinsesi.org\/index.php\/2026\/05\/01\/unlu-yonetmenin-oscar-odulu-ucakta-kayboldu\/embed\/#?secret=qcF43g33aW\" width=\"600\" height=\"338\" title=\"&#8220;\u00dcnl\u00fc y\u00f6netmenin Oscar \u00f6d\u00fcl\u00fc u\u00e7akta kayboldu&#8221; &#8212; Kuzeyin Sesi\" data-secret=\"qcF43g33aW\" frameborder=\"0\" marginwidth=\"0\" marginheight=\"0\" scrolling=\"no\" class=\"wp-embedded-content\"><\/iframe><script type=\"text\/javascript\">\n\/* <![CDATA[ *\/\n\/*! This file is auto-generated *\/\n!function(d,l){\"use strict\";l.querySelector&&d.addEventListener&&\"undefined\"!=typeof URL&&(d.wp=d.wp||{},d.wp.receiveEmbedMessage||(d.wp.receiveEmbedMessage=function(e){var t=e.data;if((t||t.secret||t.message||t.value)&&!\/[^a-zA-Z0-9]\/.test(t.secret)){for(var s,r,n,a=l.querySelectorAll('iframe[data-secret=\"'+t.secret+'\"]'),o=l.querySelectorAll('blockquote[data-secret=\"'+t.secret+'\"]'),c=new RegExp(\"^https?:$\",\"i\"),i=0;i<o.length;i++)o[i].style.display=\"none\";for(i=0;i<a.length;i++)s=a[i],e.source===s.contentWindow&&(s.removeAttribute(\"style\"),\"height\"===t.message?(1e3<(r=parseInt(t.value,10))?r=1e3:~~r<200&&(r=200),s.height=r):\"link\"===t.message&&(r=new URL(s.getAttribute(\"src\")),n=new URL(t.value),c.test(n.protocol))&&n.host===r.host&&l.activeElement===s&&(d.top.location.href=t.value))}},d.addEventListener(\"message\",d.wp.receiveEmbedMessage,!1),l.addEventListener(\"DOMContentLoaded\",function(){for(var e,t,s=l.querySelectorAll(\"iframe.wp-embedded-content\"),r=0;r<s.length;r++)(t=(e=s[r]).getAttribute(\"data-secret\"))||(t=Math.random().toString(36).substring(2,12),e.src+=\"#?secret=\"+t,e.setAttribute(\"data-secret\",t)),e.contentWindow.postMessage({message:\"ready\",secret:t},\"*\")},!1)))}(window,document);\n\/\/# sourceURL=https:\/\/kuzeyinsesi.org\/wp-includes\/js\/wp-embed.min.js\n\/* ]]> *\/\n<\/script>\n","thumbnail_url":"https:\/\/trthaberstatic.cdn.wp.trt.com.tr\/resimler\/1764000\/oscar-reu-1765760.jpg","thumbnail_width":600,"thumbnail_height":338,"description":"&#13; \u00c7ar\u015famba g\u00fcn\u00fc Almanya\u2019ya gitmek \u00fczere u\u00e7a\u011fa binmeye haz\u0131rlanan Talankin, el bagaj\u0131ndaki Oscar heykelci\u011finin &#8220;silah olarak kullan\u0131labilece\u011fi&#8221; gerek\u00e7esiyle kabine al\u0131nmas\u0131na izin verilmedi\u011fini belirtti. &#13; Kay\u0131tl\u0131 bagaj\u0131 bulunmayan y\u00f6netmene yard\u0131mc\u0131 olan Lufthansa personeli, \u00f6d\u00fcl\u00fc bir kutuya paketleyerek kargo b\u00f6l\u00fcm\u00fcne g\u00f6nderdi; ancak u\u00e7ak Almanya\u2019ya indi\u011finde heykelci\u011fin kayboldu\u011fu anla\u015f\u0131ld\u0131. &#13; Lufthansa&#8217;dan kay\u0131p ilan\u0131 &#13; Havayolu \u015firketi Lufthansa yapt\u0131\u011f\u0131 [&hellip;]"}

Ünlü yönetmenin Oscar ödülü uçakta kayboldu - Kuzeyin Sesi

<blockquote class="wp-embedded-content" data-secret="qcF43g33aW"><a href="https://kuzeyinsesi.org/index.php/2026/05/01/unlu-yonetmenin-oscar-odulu-ucakta-kayboldu/">Ünlü yönetmenin Oscar ödülü uçakta kayboldu</a></blockquote><iframe sandbox="allow-scripts" security="restricted" src="https://kuzeyinsesi.org/index.php/2026/05/01/unlu-yonetmenin-oscar-odulu-ucakta-kayboldu/embed/#?secret=qcF43g33aW" width="600" height="338" title="&#8220;Ünlü yönetmenin Oscar ödülü uçakta kayboldu&#8221; &#8212; Kuzeyin Sesi" data-secret="qcF43g33aW" frameborder="0" marginwidth="0" marginheight="0" scrolling="no" class="wp-embedded-content"></iframe><script type="text/javascript">
/* <![CDATA[ */
/*! This file is auto-generated */
!function(d,l){"use strict";l.querySelector&&d.addEventListener&&"undefined"!=typeof URL&&(d.wp=d.wp||{},d.wp.receiveEmbedMessage||(d.wp.receiveEmbedMessage=function(e){var t=e.data;if((t||t.secret||t.message||t.value)&&!/[^a-zA-Z0-9]/.test(t.secret)){for(var s,r,n,a=l.querySelectorAll('iframe[data-secret="'+t.secret+'"]'),o=l.querySelectorAll('blockquote[data-secret="'+t.secret+'"]'),c=new RegExp("^https?:$","i"),i=0;i<o.length;i++)o[i].style.display="none";for(i=0;i<a.length;i++)s=a[i],e.source===s.contentWindow&&(s.removeAttribute("style"),"height"===t.message?(1e3<(r=parseInt(t.value,10))?r=1e3:~~r<200&&(r=200),s.height=r):"link"===t.message&&(r=new URL(s.getAttribute("src")),n=new URL(t.value),c.test(n.protocol))&&n.host===r.host&&l.activeElement===s&&(d.top.location.href=t.value))}},d.addEventListener("message",d.wp.receiveEmbedMessage,!1),l.addEventListener("DOMContentLoaded",function(){for(var e,t,s=l.querySelectorAll("iframe.wp-embedded-content"),r=0;r<s.length;r++)(t=(e=s[r]).getAttribute("data-secret"))||(t=Math.random().toString(36).substring(2,12),e.src+="#?secret="+t,e.setAttribute("data-secret",t)),e.contentWindow.postMessage({message:"ready",secret:t},"*")},!1)))}(window,document);
//# sourceURL=https://kuzeyinsesi.org/wp-includes/js/wp-embed.min.js
/* ]]> */
</script>

&#13; Çarşamba günü Almanya’ya gitmek üzere uçağa binmeye hazırlanan Talankin, el bagajındaki Oscar heykelciğinin &#8220;silah olarak kullanılabileceği&#8221; gerekçesiyle kabine alınmasına izin verilmediğini belirtti. &#13; Kayıtlı bagajı bulunmayan yönetmene yardımcı olan Lufthansa personeli, ödülü bir kutuya paketleyerek kargo bölümüne gönderdi; ancak uçak Almanya’ya indiğinde heykelciğin kaybolduğu anlaşıldı. &#13; Lufthansa&#8217;dan kayıp ilanı &#13; Havayolu şirketi Lufthansa yaptığı [&hellip;]
