{"version":"1.0","provider_name":"Kuzeyin Sesi","provider_url":"https:\/\/kuzeyinsesi.org","author_name":"Kuzeyin Sesi","author_url":"https:\/\/kuzeyinsesi.org\/index.php\/author\/guven\/","title":"\u0130\u015f\u00e7i Bayram\u0131nda mangallar alevlendi - Kuzeyin Sesi","type":"rich","width":600,"height":338,"html":"<blockquote class=\"wp-embedded-content\" data-secret=\"VFmh8cnAvO\"><a href=\"https:\/\/kuzeyinsesi.org\/index.php\/2026\/05\/01\/isci-bayraminda-mangallar-alevlendi\/\">\u0130\u015f\u00e7i Bayram\u0131nda mangallar alevlendi<\/a><\/blockquote><iframe sandbox=\"allow-scripts\" security=\"restricted\" src=\"https:\/\/kuzeyinsesi.org\/index.php\/2026\/05\/01\/isci-bayraminda-mangallar-alevlendi\/embed\/#?secret=VFmh8cnAvO\" width=\"600\" height=\"338\" title=\"&#8220;\u0130\u015f\u00e7i Bayram\u0131nda mangallar alevlendi&#8221; &#8212; Kuzeyin Sesi\" data-secret=\"VFmh8cnAvO\" frameborder=\"0\" marginwidth=\"0\" marginheight=\"0\" scrolling=\"no\" class=\"wp-embedded-content\"><\/iframe><script type=\"text\/javascript\">\n\/* <![CDATA[ *\/\n\/*! This file is auto-generated *\/\n!function(d,l){\"use strict\";l.querySelector&&d.addEventListener&&\"undefined\"!=typeof URL&&(d.wp=d.wp||{},d.wp.receiveEmbedMessage||(d.wp.receiveEmbedMessage=function(e){var t=e.data;if((t||t.secret||t.message||t.value)&&!\/[^a-zA-Z0-9]\/.test(t.secret)){for(var s,r,n,a=l.querySelectorAll('iframe[data-secret=\"'+t.secret+'\"]'),o=l.querySelectorAll('blockquote[data-secret=\"'+t.secret+'\"]'),c=new RegExp(\"^https?:$\",\"i\"),i=0;i<o.length;i++)o[i].style.display=\"none\";for(i=0;i<a.length;i++)s=a[i],e.source===s.contentWindow&&(s.removeAttribute(\"style\"),\"height\"===t.message?(1e3<(r=parseInt(t.value,10))?r=1e3:~~r<200&&(r=200),s.height=r):\"link\"===t.message&&(r=new URL(s.getAttribute(\"src\")),n=new URL(t.value),c.test(n.protocol))&&n.host===r.host&&l.activeElement===s&&(d.top.location.href=t.value))}},d.addEventListener(\"message\",d.wp.receiveEmbedMessage,!1),l.addEventListener(\"DOMContentLoaded\",function(){for(var e,t,s=l.querySelectorAll(\"iframe.wp-embedded-content\"),r=0;r<s.length;r++)(t=(e=s[r]).getAttribute(\"data-secret\"))||(t=Math.random().toString(36).substring(2,12),e.src+=\"#?secret=\"+t,e.setAttribute(\"data-secret\",t)),e.contentWindow.postMessage({message:\"ready\",secret:t},\"*\")},!1)))}(window,document);\n\/\/# sourceURL=https:\/\/kuzeyinsesi.org\/wp-includes\/js\/wp-embed.min.js\n\/* ]]> *\/\n<\/script>\n","thumbnail_url":"https:\/\/kuzeyinsesi.org\/wp-content\/uploads\/2026\/05\/WhatsApp-Image-2026-05-01-at-19.39.12-750x1000.jpeg","thumbnail_width":600,"thumbnail_height":800,"description":"Candan MERT &nbsp; &nbsp; 1 May\u0131s Emek ve Dayan\u0131\u015fma G\u00fcn\u00fc\u2019nde piknik alanlar\u0131 doldu ta\u015ft\u0131, i\u015f\u00e7iler de i\u015fverenler de g\u00fczel bir g\u00fcn ge\u00e7irmenin tad\u0131na vard\u0131. 1 May\u0131s Emek ve Dayan\u0131\u015fma G\u00fcn\u00fc\u2019nde, vatanda\u015flar mangal gelene\u011fini bozmad\u0131. K\u0131br\u0131sl\u0131lar i\u00e7in tatillerin vazge\u00e7ilmezi olan piknik alanlar\u0131, 1 May\u0131s\u2019ta da doldu ta\u015ft\u0131. Tatili ve havan\u0131n g\u00fczelli\u011fini f\u0131rsat bilen vatanda\u015flar, piknik alanlar\u0131na [&hellip;]"}

İşçi Bayramında mangallar alevlendi - Kuzeyin Sesi

<blockquote class="wp-embedded-content" data-secret="VFmh8cnAvO"><a href="https://kuzeyinsesi.org/index.php/2026/05/01/isci-bayraminda-mangallar-alevlendi/">İşçi Bayramında mangallar alevlendi</a></blockquote><iframe sandbox="allow-scripts" security="restricted" src="https://kuzeyinsesi.org/index.php/2026/05/01/isci-bayraminda-mangallar-alevlendi/embed/#?secret=VFmh8cnAvO" width="600" height="338" title="&#8220;İşçi Bayramında mangallar alevlendi&#8221; &#8212; Kuzeyin Sesi" data-secret="VFmh8cnAvO" frameborder="0" marginwidth="0" marginheight="0" scrolling="no" class="wp-embedded-content"></iframe><script type="text/javascript">
/* <![CDATA[ */
/*! This file is auto-generated */
!function(d,l){"use strict";l.querySelector&&d.addEventListener&&"undefined"!=typeof URL&&(d.wp=d.wp||{},d.wp.receiveEmbedMessage||(d.wp.receiveEmbedMessage=function(e){var t=e.data;if((t||t.secret||t.message||t.value)&&!/[^a-zA-Z0-9]/.test(t.secret)){for(var s,r,n,a=l.querySelectorAll('iframe[data-secret="'+t.secret+'"]'),o=l.querySelectorAll('blockquote[data-secret="'+t.secret+'"]'),c=new RegExp("^https?:$","i"),i=0;i<o.length;i++)o[i].style.display="none";for(i=0;i<a.length;i++)s=a[i],e.source===s.contentWindow&&(s.removeAttribute("style"),"height"===t.message?(1e3<(r=parseInt(t.value,10))?r=1e3:~~r<200&&(r=200),s.height=r):"link"===t.message&&(r=new URL(s.getAttribute("src")),n=new URL(t.value),c.test(n.protocol))&&n.host===r.host&&l.activeElement===s&&(d.top.location.href=t.value))}},d.addEventListener("message",d.wp.receiveEmbedMessage,!1),l.addEventListener("DOMContentLoaded",function(){for(var e,t,s=l.querySelectorAll("iframe.wp-embedded-content"),r=0;r<s.length;r++)(t=(e=s[r]).getAttribute("data-secret"))||(t=Math.random().toString(36).substring(2,12),e.src+="#?secret="+t,e.setAttribute("data-secret",t)),e.contentWindow.postMessage({message:"ready",secret:t},"*")},!1)))}(window,document);
//# sourceURL=https://kuzeyinsesi.org/wp-includes/js/wp-embed.min.js
/* ]]> */
</script>

Candan MERT &nbsp; &nbsp; 1 Mayıs Emek ve Dayanışma Günü’nde piknik alanları doldu taştı, işçiler de işverenler de güzel bir gün geçirmenin tadına vardı. 1 Mayıs Emek ve Dayanışma Günü’nde, vatandaşlar mangal geleneğini bozmadı. Kıbrıslılar için tatillerin vazgeçilmezi olan piknik alanları, 1 Mayıs’ta da doldu taştı. Tatili ve havanın güzelliğini fırsat bilen vatandaşlar, piknik alanlarına [&hellip;]
