{"version":"1.0","provider_name":"Kuzeyin Sesi","provider_url":"https:\/\/kuzeyinsesi.org","author_name":"Kuzeyin Sesi","author_url":"https:\/\/kuzeyinsesi.org\/index.php\/author\/guven\/","title":"ABD y\u00f6netimi \u0130ran sava\u015f\u0131n\u0131n sona erdi\u011fini savundu - Kuzeyin Sesi","type":"rich","width":600,"height":338,"html":"<blockquote class=\"wp-embedded-content\" data-secret=\"LH1s7ZDUS2\"><a href=\"https:\/\/kuzeyinsesi.org\/index.php\/2026\/05\/01\/abd-yonetimi-iran-savasinin-sona-erdigini-savundu\/\">ABD y\u00f6netimi \u0130ran sava\u015f\u0131n\u0131n sona erdi\u011fini savundu<\/a><\/blockquote><iframe sandbox=\"allow-scripts\" security=\"restricted\" src=\"https:\/\/kuzeyinsesi.org\/index.php\/2026\/05\/01\/abd-yonetimi-iran-savasinin-sona-erdigini-savundu\/embed\/#?secret=LH1s7ZDUS2\" width=\"600\" height=\"338\" title=\"&#8220;ABD y\u00f6netimi \u0130ran sava\u015f\u0131n\u0131n sona erdi\u011fini savundu&#8221; &#8212; Kuzeyin Sesi\" data-secret=\"LH1s7ZDUS2\" frameborder=\"0\" marginwidth=\"0\" marginheight=\"0\" scrolling=\"no\" class=\"wp-embedded-content\"><\/iframe><script type=\"text\/javascript\">\n\/* <![CDATA[ *\/\n\/*! This file is auto-generated *\/\n!function(d,l){\"use strict\";l.querySelector&&d.addEventListener&&\"undefined\"!=typeof URL&&(d.wp=d.wp||{},d.wp.receiveEmbedMessage||(d.wp.receiveEmbedMessage=function(e){var t=e.data;if((t||t.secret||t.message||t.value)&&!\/[^a-zA-Z0-9]\/.test(t.secret)){for(var s,r,n,a=l.querySelectorAll('iframe[data-secret=\"'+t.secret+'\"]'),o=l.querySelectorAll('blockquote[data-secret=\"'+t.secret+'\"]'),c=new RegExp(\"^https?:$\",\"i\"),i=0;i<o.length;i++)o[i].style.display=\"none\";for(i=0;i<a.length;i++)s=a[i],e.source===s.contentWindow&&(s.removeAttribute(\"style\"),\"height\"===t.message?(1e3<(r=parseInt(t.value,10))?r=1e3:~~r<200&&(r=200),s.height=r):\"link\"===t.message&&(r=new URL(s.getAttribute(\"src\")),n=new URL(t.value),c.test(n.protocol))&&n.host===r.host&&l.activeElement===s&&(d.top.location.href=t.value))}},d.addEventListener(\"message\",d.wp.receiveEmbedMessage,!1),l.addEventListener(\"DOMContentLoaded\",function(){for(var e,t,s=l.querySelectorAll(\"iframe.wp-embedded-content\"),r=0;r<s.length;r++)(t=(e=s[r]).getAttribute(\"data-secret\"))||(t=Math.random().toString(36).substring(2,12),e.src+=\"#?secret=\"+t,e.setAttribute(\"data-secret\",t)),e.contentWindow.postMessage({message:\"ready\",secret:t},\"*\")},!1)))}(window,document);\n\/\/# sourceURL=https:\/\/kuzeyinsesi.org\/wp-includes\/js\/wp-embed.min.js\n\/* ]]> *\/\n<\/script>\n","thumbnail_url":"https:\/\/trthaberstatic.cdn.wp.trt.com.tr\/resimler\/2450000\/trump-abd-iran-israil-2451782.jpg","thumbnail_width":600,"thumbnail_height":338,"description":"&#13; \u00dcst d\u00fczey bir y\u00f6netim yetkilisi, \u015fubat ay\u0131nda ba\u015flayan \u00e7at\u0131\u015fmalar\u0131n art\u0131k &#8220;sonland\u0131\u011f\u0131n\u0131&#8221; ifade etti. &#13; Yetkili, 7 Nisan&#8217;da var\u0131lan ve s\u00fcresi uzat\u0131lan ate\u015fkes hat\u0131rlat\u0131larak, o tarihten bu yana ABD Silahl\u0131 Kuvvetleri ile \u0130ran aras\u0131nda herhangi bir kar\u015f\u0131l\u0131kl\u0131 ate\u015f a\u00e7\u0131lmad\u0131\u011f\u0131n\u0131 belirtti. &#13; Sava\u015f Yetkileri Yasas\u0131 tart\u0131\u015fmas\u0131 &#13; Y\u00f6netimin bu gerek\u00e7esi, 1973 tarihli Sava\u015f Yetkileri Yasas\u0131&#8217;n\u0131 baypas [&hellip;]"}

ABD yönetimi İran savaşının sona erdiğini savundu - Kuzeyin Sesi

<blockquote class="wp-embedded-content" data-secret="LH1s7ZDUS2"><a href="https://kuzeyinsesi.org/index.php/2026/05/01/abd-yonetimi-iran-savasinin-sona-erdigini-savundu/">ABD yönetimi İran savaşının sona erdiğini savundu</a></blockquote><iframe sandbox="allow-scripts" security="restricted" src="https://kuzeyinsesi.org/index.php/2026/05/01/abd-yonetimi-iran-savasinin-sona-erdigini-savundu/embed/#?secret=LH1s7ZDUS2" width="600" height="338" title="&#8220;ABD yönetimi İran savaşının sona erdiğini savundu&#8221; &#8212; Kuzeyin Sesi" data-secret="LH1s7ZDUS2" frameborder="0" marginwidth="0" marginheight="0" scrolling="no" class="wp-embedded-content"></iframe><script type="text/javascript">
/* <![CDATA[ */
/*! This file is auto-generated */
!function(d,l){"use strict";l.querySelector&&d.addEventListener&&"undefined"!=typeof URL&&(d.wp=d.wp||{},d.wp.receiveEmbedMessage||(d.wp.receiveEmbedMessage=function(e){var t=e.data;if((t||t.secret||t.message||t.value)&&!/[^a-zA-Z0-9]/.test(t.secret)){for(var s,r,n,a=l.querySelectorAll('iframe[data-secret="'+t.secret+'"]'),o=l.querySelectorAll('blockquote[data-secret="'+t.secret+'"]'),c=new RegExp("^https?:$","i"),i=0;i<o.length;i++)o[i].style.display="none";for(i=0;i<a.length;i++)s=a[i],e.source===s.contentWindow&&(s.removeAttribute("style"),"height"===t.message?(1e3<(r=parseInt(t.value,10))?r=1e3:~~r<200&&(r=200),s.height=r):"link"===t.message&&(r=new URL(s.getAttribute("src")),n=new URL(t.value),c.test(n.protocol))&&n.host===r.host&&l.activeElement===s&&(d.top.location.href=t.value))}},d.addEventListener("message",d.wp.receiveEmbedMessage,!1),l.addEventListener("DOMContentLoaded",function(){for(var e,t,s=l.querySelectorAll("iframe.wp-embedded-content"),r=0;r<s.length;r++)(t=(e=s[r]).getAttribute("data-secret"))||(t=Math.random().toString(36).substring(2,12),e.src+="#?secret="+t,e.setAttribute("data-secret",t)),e.contentWindow.postMessage({message:"ready",secret:t},"*")},!1)))}(window,document);
//# sourceURL=https://kuzeyinsesi.org/wp-includes/js/wp-embed.min.js
/* ]]> */
</script>

&#13; Üst düzey bir yönetim yetkilisi, şubat ayında başlayan çatışmaların artık &#8220;sonlandığını&#8221; ifade etti. &#13; Yetkili, 7 Nisan&#8217;da varılan ve süresi uzatılan ateşkes hatırlatılarak, o tarihten bu yana ABD Silahlı Kuvvetleri ile İran arasında herhangi bir karşılıklı ateş açılmadığını belirtti. &#13; Savaş Yetkileri Yasası tartışması &#13; Yönetimin bu gerekçesi, 1973 tarihli Savaş Yetkileri Yasası&#8217;nı baypas [&hellip;]
