{"version":"1.0","provider_name":"Kuzeyin Sesi","provider_url":"https:\/\/kuzeyinsesi.org","author_name":"Kuzeyin Sesi","author_url":"https:\/\/kuzeyinsesi.org\/index.php\/author\/guven\/","title":"Fenerbah\u00e7e&#039;de Tedesco d\u00f6nemi sona erdi - Kuzeyin Sesi","type":"rich","width":600,"height":338,"html":"<blockquote class=\"wp-embedded-content\" data-secret=\"s97uBsYvaE\"><a href=\"https:\/\/kuzeyinsesi.org\/index.php\/2026\/04\/27\/fenerbahcede-tedesco-donemi-sona-erdi\/\">Fenerbah\u00e7e&#039;de Tedesco d\u00f6nemi sona erdi<\/a><\/blockquote><iframe sandbox=\"allow-scripts\" security=\"restricted\" src=\"https:\/\/kuzeyinsesi.org\/index.php\/2026\/04\/27\/fenerbahcede-tedesco-donemi-sona-erdi\/embed\/#?secret=s97uBsYvaE\" width=\"600\" height=\"338\" title=\"&#8220;Fenerbah\u00e7e&#039;de Tedesco d\u00f6nemi sona erdi&#8221; &#8212; Kuzeyin Sesi\" data-secret=\"s97uBsYvaE\" frameborder=\"0\" marginwidth=\"0\" marginheight=\"0\" scrolling=\"no\" class=\"wp-embedded-content\"><\/iframe><script type=\"text\/javascript\">\n\/* <![CDATA[ *\/\n\/*! This file is auto-generated *\/\n!function(d,l){\"use strict\";l.querySelector&&d.addEventListener&&\"undefined\"!=typeof URL&&(d.wp=d.wp||{},d.wp.receiveEmbedMessage||(d.wp.receiveEmbedMessage=function(e){var t=e.data;if((t||t.secret||t.message||t.value)&&!\/[^a-zA-Z0-9]\/.test(t.secret)){for(var s,r,n,a=l.querySelectorAll('iframe[data-secret=\"'+t.secret+'\"]'),o=l.querySelectorAll('blockquote[data-secret=\"'+t.secret+'\"]'),c=new RegExp(\"^https?:$\",\"i\"),i=0;i<o.length;i++)o[i].style.display=\"none\";for(i=0;i<a.length;i++)s=a[i],e.source===s.contentWindow&&(s.removeAttribute(\"style\"),\"height\"===t.message?(1e3<(r=parseInt(t.value,10))?r=1e3:~~r<200&&(r=200),s.height=r):\"link\"===t.message&&(r=new URL(s.getAttribute(\"src\")),n=new URL(t.value),c.test(n.protocol))&&n.host===r.host&&l.activeElement===s&&(d.top.location.href=t.value))}},d.addEventListener(\"message\",d.wp.receiveEmbedMessage,!1),l.addEventListener(\"DOMContentLoaded\",function(){for(var e,t,s=l.querySelectorAll(\"iframe.wp-embedded-content\"),r=0;r<s.length;r++)(t=(e=s[r]).getAttribute(\"data-secret\"))||(t=Math.random().toString(36).substring(2,12),e.src+=\"#?secret=\"+t,e.setAttribute(\"data-secret\",t)),e.contentWindow.postMessage({message:\"ready\",secret:t},\"*\")},!1)))}(window,document);\n\/\/# sourceURL=https:\/\/kuzeyinsesi.org\/wp-includes\/js\/wp-embed.min.js\n\/* ]]> *\/\n<\/script>\n","thumbnail_url":"https:\/\/trthaberstatic.cdn.wp.trt.com.tr\/resimler\/2456000\/tedescoaa-2456920.jpg","thumbnail_width":600,"thumbnail_height":338,"description":"&#13; Kul\u00fcpten yap\u0131lan a\u00e7\u0131klamada, Trendyol S\u00fcper Lig&#8217;in 31. haftas\u0131nda Galatasaray&#8217;a 3-0 yenilerek zirve yar\u0131\u015f\u0131na veda eden sar\u0131-lacivertlilerde teknik direkt\u00f6r Tedesco ve sportif direkt\u00f6r \u00d6zek ile yollar\u0131n ayr\u0131ld\u0131\u011f\u0131, kalan 3 haftada tak\u0131m\u0131n ba\u015f\u0131nda yard\u0131mc\u0131 antren\u00f6r Zeki Murat G\u00f6le&#8217;nin yer alaca\u011f\u0131 belirtildi. &#13; A\u00e7\u0131klamada, \u015fu ifadelere yer verildi: &#13; &#8220;Y\u00f6netim kurulumuzun yapm\u0131\u015f oldu\u011fu toplant\u0131da al\u0131nan kararlar do\u011frultusunda [&hellip;]"}

Fenerbahçe&#039;de Tedesco dönemi sona erdi - Kuzeyin Sesi

<blockquote class="wp-embedded-content" data-secret="s97uBsYvaE"><a href="https://kuzeyinsesi.org/index.php/2026/04/27/fenerbahcede-tedesco-donemi-sona-erdi/">Fenerbahçe&#039;de Tedesco dönemi sona erdi</a></blockquote><iframe sandbox="allow-scripts" security="restricted" src="https://kuzeyinsesi.org/index.php/2026/04/27/fenerbahcede-tedesco-donemi-sona-erdi/embed/#?secret=s97uBsYvaE" width="600" height="338" title="&#8220;Fenerbahçe&#039;de Tedesco dönemi sona erdi&#8221; &#8212; Kuzeyin Sesi" data-secret="s97uBsYvaE" frameborder="0" marginwidth="0" marginheight="0" scrolling="no" class="wp-embedded-content"></iframe><script type="text/javascript">
/* <![CDATA[ */
/*! This file is auto-generated */
!function(d,l){"use strict";l.querySelector&&d.addEventListener&&"undefined"!=typeof URL&&(d.wp=d.wp||{},d.wp.receiveEmbedMessage||(d.wp.receiveEmbedMessage=function(e){var t=e.data;if((t||t.secret||t.message||t.value)&&!/[^a-zA-Z0-9]/.test(t.secret)){for(var s,r,n,a=l.querySelectorAll('iframe[data-secret="'+t.secret+'"]'),o=l.querySelectorAll('blockquote[data-secret="'+t.secret+'"]'),c=new RegExp("^https?:$","i"),i=0;i<o.length;i++)o[i].style.display="none";for(i=0;i<a.length;i++)s=a[i],e.source===s.contentWindow&&(s.removeAttribute("style"),"height"===t.message?(1e3<(r=parseInt(t.value,10))?r=1e3:~~r<200&&(r=200),s.height=r):"link"===t.message&&(r=new URL(s.getAttribute("src")),n=new URL(t.value),c.test(n.protocol))&&n.host===r.host&&l.activeElement===s&&(d.top.location.href=t.value))}},d.addEventListener("message",d.wp.receiveEmbedMessage,!1),l.addEventListener("DOMContentLoaded",function(){for(var e,t,s=l.querySelectorAll("iframe.wp-embedded-content"),r=0;r<s.length;r++)(t=(e=s[r]).getAttribute("data-secret"))||(t=Math.random().toString(36).substring(2,12),e.src+="#?secret="+t,e.setAttribute("data-secret",t)),e.contentWindow.postMessage({message:"ready",secret:t},"*")},!1)))}(window,document);
//# sourceURL=https://kuzeyinsesi.org/wp-includes/js/wp-embed.min.js
/* ]]> */
</script>

&#13; Kulüpten yapılan açıklamada, Trendyol Süper Lig&#8217;in 31. haftasında Galatasaray&#8217;a 3-0 yenilerek zirve yarışına veda eden sarı-lacivertlilerde teknik direktör Tedesco ve sportif direktör Özek ile yolların ayrıldığı, kalan 3 haftada takımın başında yardımcı antrenör Zeki Murat Göle&#8217;nin yer alacağı belirtildi. &#13; Açıklamada, şu ifadelere yer verildi: &#13; &#8220;Yönetim kurulumuzun yapmış olduğu toplantıda alınan kararlar doğrultusunda [&hellip;]
