{"version":"1.0","provider_name":"Kuzeyin Sesi","provider_url":"https:\/\/kuzeyinsesi.org","author_name":"Kuzeyin Sesi","author_url":"https:\/\/kuzeyinsesi.org\/index.php\/author\/guven\/","title":"Filistin&#039;de g\u00f6zler yerel se\u00e7im sonu\u00e7lar\u0131nda - Kuzeyin Sesi","type":"rich","width":600,"height":338,"html":"<blockquote class=\"wp-embedded-content\" data-secret=\"8ma6U42TtU\"><a href=\"https:\/\/kuzeyinsesi.org\/index.php\/2026\/04\/26\/filistinde-gozler-yerel-secim-sonuclarinda\/\">Filistin&#039;de g\u00f6zler yerel se\u00e7im sonu\u00e7lar\u0131nda<\/a><\/blockquote><iframe sandbox=\"allow-scripts\" security=\"restricted\" src=\"https:\/\/kuzeyinsesi.org\/index.php\/2026\/04\/26\/filistinde-gozler-yerel-secim-sonuclarinda\/embed\/#?secret=8ma6U42TtU\" width=\"600\" height=\"338\" title=\"&#8220;Filistin&#039;de g\u00f6zler yerel se\u00e7im sonu\u00e7lar\u0131nda&#8221; &#8212; Kuzeyin Sesi\" data-secret=\"8ma6U42TtU\" frameborder=\"0\" marginwidth=\"0\" marginheight=\"0\" scrolling=\"no\" class=\"wp-embedded-content\"><\/iframe><script type=\"text\/javascript\">\n\/* <![CDATA[ *\/\n\/*! This file is auto-generated *\/\n!function(d,l){\"use strict\";l.querySelector&&d.addEventListener&&\"undefined\"!=typeof URL&&(d.wp=d.wp||{},d.wp.receiveEmbedMessage||(d.wp.receiveEmbedMessage=function(e){var t=e.data;if((t||t.secret||t.message||t.value)&&!\/[^a-zA-Z0-9]\/.test(t.secret)){for(var s,r,n,a=l.querySelectorAll('iframe[data-secret=\"'+t.secret+'\"]'),o=l.querySelectorAll('blockquote[data-secret=\"'+t.secret+'\"]'),c=new RegExp(\"^https?:$\",\"i\"),i=0;i<o.length;i++)o[i].style.display=\"none\";for(i=0;i<a.length;i++)s=a[i],e.source===s.contentWindow&&(s.removeAttribute(\"style\"),\"height\"===t.message?(1e3<(r=parseInt(t.value,10))?r=1e3:~~r<200&&(r=200),s.height=r):\"link\"===t.message&&(r=new URL(s.getAttribute(\"src\")),n=new URL(t.value),c.test(n.protocol))&&n.host===r.host&&l.activeElement===s&&(d.top.location.href=t.value))}},d.addEventListener(\"message\",d.wp.receiveEmbedMessage,!1),l.addEventListener(\"DOMContentLoaded\",function(){for(var e,t,s=l.querySelectorAll(\"iframe.wp-embedded-content\"),r=0;r<s.length;r++)(t=(e=s[r]).getAttribute(\"data-secret\"))||(t=Math.random().toString(36).substring(2,12),e.src+=\"#?secret=\"+t,e.setAttribute(\"data-secret\",t)),e.contentWindow.postMessage({message:\"ready\",secret:t},\"*\")},!1)))}(window,document);\n\/\/# sourceURL=https:\/\/kuzeyinsesi.org\/wp-includes\/js\/wp-embed.min.js\n\/* ]]> *\/\n<\/script>\n","thumbnail_url":"https:\/\/trthaberstatic.cdn.wp.trt.com.tr\/resimler\/2456000\/filistin-secim-aa-2456387.jpg","thumbnail_width":600,"thumbnail_height":338,"description":"&#13; Merkez Se\u00e7im Kurulu, sand\u0131klar\u0131n kapanmas\u0131n\u0131n ard\u0131ndan say\u0131m i\u015flemlerinin &#8220;hassasiyet ve \u015feffafl\u0131kla&#8221; y\u00fcr\u00fct\u00fcld\u00fc\u011f\u00fcn\u00fc aktard\u0131. &#13; Bat\u0131 \u015eeria&#8217;da 512 bin 510 ki\u015finin sand\u0131k ba\u015f\u0131na gitti\u011fi ve kat\u0131l\u0131m oran\u0131n\u0131n y\u00fczde 53,44 oldu\u011fu, Gazze&#8217;nin Deyr el-Belah kentinde ise 19 bin 962 ki\u015finin oy kulland\u0131\u011f\u0131 ve kat\u0131l\u0131m oran\u0131n\u0131n y\u00fczde 25&#8217;te kald\u0131\u011f\u0131 \u00f6\u011frenildi. &#13; Sonu\u00e7lar yar\u0131n a\u00e7\u0131klanacak. &#13; &#8220;Demokratik s\u00fcreci [&hellip;]"}

Filistin&#039;de gözler yerel seçim sonuçlarında - Kuzeyin Sesi

<blockquote class="wp-embedded-content" data-secret="8ma6U42TtU"><a href="https://kuzeyinsesi.org/index.php/2026/04/26/filistinde-gozler-yerel-secim-sonuclarinda/">Filistin&#039;de gözler yerel seçim sonuçlarında</a></blockquote><iframe sandbox="allow-scripts" security="restricted" src="https://kuzeyinsesi.org/index.php/2026/04/26/filistinde-gozler-yerel-secim-sonuclarinda/embed/#?secret=8ma6U42TtU" width="600" height="338" title="&#8220;Filistin&#039;de gözler yerel seçim sonuçlarında&#8221; &#8212; Kuzeyin Sesi" data-secret="8ma6U42TtU" frameborder="0" marginwidth="0" marginheight="0" scrolling="no" class="wp-embedded-content"></iframe><script type="text/javascript">
/* <![CDATA[ */
/*! This file is auto-generated */
!function(d,l){"use strict";l.querySelector&&d.addEventListener&&"undefined"!=typeof URL&&(d.wp=d.wp||{},d.wp.receiveEmbedMessage||(d.wp.receiveEmbedMessage=function(e){var t=e.data;if((t||t.secret||t.message||t.value)&&!/[^a-zA-Z0-9]/.test(t.secret)){for(var s,r,n,a=l.querySelectorAll('iframe[data-secret="'+t.secret+'"]'),o=l.querySelectorAll('blockquote[data-secret="'+t.secret+'"]'),c=new RegExp("^https?:$","i"),i=0;i<o.length;i++)o[i].style.display="none";for(i=0;i<a.length;i++)s=a[i],e.source===s.contentWindow&&(s.removeAttribute("style"),"height"===t.message?(1e3<(r=parseInt(t.value,10))?r=1e3:~~r<200&&(r=200),s.height=r):"link"===t.message&&(r=new URL(s.getAttribute("src")),n=new URL(t.value),c.test(n.protocol))&&n.host===r.host&&l.activeElement===s&&(d.top.location.href=t.value))}},d.addEventListener("message",d.wp.receiveEmbedMessage,!1),l.addEventListener("DOMContentLoaded",function(){for(var e,t,s=l.querySelectorAll("iframe.wp-embedded-content"),r=0;r<s.length;r++)(t=(e=s[r]).getAttribute("data-secret"))||(t=Math.random().toString(36).substring(2,12),e.src+="#?secret="+t,e.setAttribute("data-secret",t)),e.contentWindow.postMessage({message:"ready",secret:t},"*")},!1)))}(window,document);
//# sourceURL=https://kuzeyinsesi.org/wp-includes/js/wp-embed.min.js
/* ]]> */
</script>

&#13; Merkez Seçim Kurulu, sandıkların kapanmasının ardından sayım işlemlerinin &#8220;hassasiyet ve şeffaflıkla&#8221; yürütüldüğünü aktardı. &#13; Batı Şeria&#8217;da 512 bin 510 kişinin sandık başına gittiği ve katılım oranının yüzde 53,44 olduğu, Gazze&#8217;nin Deyr el-Belah kentinde ise 19 bin 962 kişinin oy kullandığı ve katılım oranının yüzde 25&#8217;te kaldığı öğrenildi. &#13; Sonuçlar yarın açıklanacak. &#13; &#8220;Demokratik süreci [&hellip;]
