{"version":"1.0","provider_name":"Kuzeyin Sesi","provider_url":"https:\/\/kuzeyinsesi.org","author_name":"Kuzeyin Sesi","author_url":"https:\/\/kuzeyinsesi.org\/index.php\/author\/guven\/","title":"Papa\u2019dan Orta Do\u011fu\u2019da ate\u015fkes ve diyalog \u00e7a\u011fr\u0131s\u0131 - Kuzeyin Sesi","type":"rich","width":600,"height":338,"html":"<blockquote class=\"wp-embedded-content\" data-secret=\"PGLrffD6gC\"><a href=\"https:\/\/kuzeyinsesi.org\/index.php\/2026\/03\/15\/papadan-orta-doguda-ateskes-ve-diyalog-cagrisi\/\">Papa\u2019dan Orta Do\u011fu\u2019da ate\u015fkes ve diyalog \u00e7a\u011fr\u0131s\u0131<\/a><\/blockquote><iframe sandbox=\"allow-scripts\" security=\"restricted\" src=\"https:\/\/kuzeyinsesi.org\/index.php\/2026\/03\/15\/papadan-orta-doguda-ateskes-ve-diyalog-cagrisi\/embed\/#?secret=PGLrffD6gC\" width=\"600\" height=\"338\" title=\"&#8220;Papa\u2019dan Orta Do\u011fu\u2019da ate\u015fkes ve diyalog \u00e7a\u011fr\u0131s\u0131&#8221; &#8212; Kuzeyin Sesi\" data-secret=\"PGLrffD6gC\" frameborder=\"0\" marginwidth=\"0\" marginheight=\"0\" scrolling=\"no\" class=\"wp-embedded-content\"><\/iframe><script type=\"text\/javascript\">\n\/* <![CDATA[ *\/\n\/*! This file is auto-generated *\/\n!function(d,l){\"use strict\";l.querySelector&&d.addEventListener&&\"undefined\"!=typeof URL&&(d.wp=d.wp||{},d.wp.receiveEmbedMessage||(d.wp.receiveEmbedMessage=function(e){var t=e.data;if((t||t.secret||t.message||t.value)&&!\/[^a-zA-Z0-9]\/.test(t.secret)){for(var s,r,n,a=l.querySelectorAll('iframe[data-secret=\"'+t.secret+'\"]'),o=l.querySelectorAll('blockquote[data-secret=\"'+t.secret+'\"]'),c=new RegExp(\"^https?:$\",\"i\"),i=0;i<o.length;i++)o[i].style.display=\"none\";for(i=0;i<a.length;i++)s=a[i],e.source===s.contentWindow&&(s.removeAttribute(\"style\"),\"height\"===t.message?(1e3<(r=parseInt(t.value,10))?r=1e3:~~r<200&&(r=200),s.height=r):\"link\"===t.message&&(r=new URL(s.getAttribute(\"src\")),n=new URL(t.value),c.test(n.protocol))&&n.host===r.host&&l.activeElement===s&&(d.top.location.href=t.value))}},d.addEventListener(\"message\",d.wp.receiveEmbedMessage,!1),l.addEventListener(\"DOMContentLoaded\",function(){for(var e,t,s=l.querySelectorAll(\"iframe.wp-embedded-content\"),r=0;r<s.length;r++)(t=(e=s[r]).getAttribute(\"data-secret\"))||(t=Math.random().toString(36).substring(2,12),e.src+=\"#?secret=\"+t,e.setAttribute(\"data-secret\",t)),e.contentWindow.postMessage({message:\"ready\",secret:t},\"*\")},!1)))}(window,document);\n\/\/# sourceURL=https:\/\/kuzeyinsesi.org\/wp-includes\/js\/wp-embed.min.js\n\/* ]]> *\/\n<\/script>\n","thumbnail_url":"https:\/\/kuzeyinsesi.org\/wp-content\/uploads\/2026\/03\/1773580902928AA-20260305-40739038-40739018-ABDISRAIL_SALDIRILARI_ALTINDAKI_TAHRANDA_YIKIM_GIDEREK_AG-750x500.jpeg","thumbnail_width":600,"thumbnail_height":400,"description":"Vatikan&#8217;\u0131n \u00fcnl\u00fc Aziz Petrus Meydan\u0131&#8217;na bakan ofisinin penceresinden geleneksel pazar duas\u0131n\u0131 yapan Papa, buradaki konu\u015fmas\u0131nda, ABD ve \u0130srail&#8217;in 28 \u015eubat&#8217;ta \u0130ran&#8217;a ba\u015flatt\u0131\u011f\u0131 sald\u0131r\u0131lar ve \u0130ran&#8217;\u0131n da misillemeleriyle devam eden, ayn\u0131 zamanda \u0130srail&#8217;in L\u00fcbnan&#8217;a sald\u0131r\u0131lar\u0131yla geni\u015fleyen Orta Do\u011fu&#8217;daki krize ili\u015fkin de\u011ferlendirmelerde bulundu. &#8220;\u0130ki haftad\u0131r Orta Do\u011fu halklar\u0131, sava\u015f\u0131n korkun\u00e7 \u015fiddetine maruz kal\u0131yor. Binlerce masum insan \u00f6ld\u00fcr\u00fcld\u00fc [&hellip;]"}

Papa’dan Orta Doğu’da ateşkes ve diyalog çağrısı - Kuzeyin Sesi

<blockquote class="wp-embedded-content" data-secret="PGLrffD6gC"><a href="https://kuzeyinsesi.org/index.php/2026/03/15/papadan-orta-doguda-ateskes-ve-diyalog-cagrisi/">Papa’dan Orta Doğu’da ateşkes ve diyalog çağrısı</a></blockquote><iframe sandbox="allow-scripts" security="restricted" src="https://kuzeyinsesi.org/index.php/2026/03/15/papadan-orta-doguda-ateskes-ve-diyalog-cagrisi/embed/#?secret=PGLrffD6gC" width="600" height="338" title="&#8220;Papa’dan Orta Doğu’da ateşkes ve diyalog çağrısı&#8221; &#8212; Kuzeyin Sesi" data-secret="PGLrffD6gC" frameborder="0" marginwidth="0" marginheight="0" scrolling="no" class="wp-embedded-content"></iframe><script type="text/javascript">
/* <![CDATA[ */
/*! This file is auto-generated */
!function(d,l){"use strict";l.querySelector&&d.addEventListener&&"undefined"!=typeof URL&&(d.wp=d.wp||{},d.wp.receiveEmbedMessage||(d.wp.receiveEmbedMessage=function(e){var t=e.data;if((t||t.secret||t.message||t.value)&&!/[^a-zA-Z0-9]/.test(t.secret)){for(var s,r,n,a=l.querySelectorAll('iframe[data-secret="'+t.secret+'"]'),o=l.querySelectorAll('blockquote[data-secret="'+t.secret+'"]'),c=new RegExp("^https?:$","i"),i=0;i<o.length;i++)o[i].style.display="none";for(i=0;i<a.length;i++)s=a[i],e.source===s.contentWindow&&(s.removeAttribute("style"),"height"===t.message?(1e3<(r=parseInt(t.value,10))?r=1e3:~~r<200&&(r=200),s.height=r):"link"===t.message&&(r=new URL(s.getAttribute("src")),n=new URL(t.value),c.test(n.protocol))&&n.host===r.host&&l.activeElement===s&&(d.top.location.href=t.value))}},d.addEventListener("message",d.wp.receiveEmbedMessage,!1),l.addEventListener("DOMContentLoaded",function(){for(var e,t,s=l.querySelectorAll("iframe.wp-embedded-content"),r=0;r<s.length;r++)(t=(e=s[r]).getAttribute("data-secret"))||(t=Math.random().toString(36).substring(2,12),e.src+="#?secret="+t,e.setAttribute("data-secret",t)),e.contentWindow.postMessage({message:"ready",secret:t},"*")},!1)))}(window,document);
//# sourceURL=https://kuzeyinsesi.org/wp-includes/js/wp-embed.min.js
/* ]]> */
</script>

Vatikan&#8217;ın ünlü Aziz Petrus Meydanı&#8217;na bakan ofisinin penceresinden geleneksel pazar duasını yapan Papa, buradaki konuşmasında, ABD ve İsrail&#8217;in 28 Şubat&#8217;ta İran&#8217;a başlattığı saldırılar ve İran&#8217;ın da misillemeleriyle devam eden, aynı zamanda İsrail&#8217;in Lübnan&#8217;a saldırılarıyla genişleyen Orta Doğu&#8217;daki krize ilişkin değerlendirmelerde bulundu. &#8220;İki haftadır Orta Doğu halkları, savaşın korkunç şiddetine maruz kalıyor. Binlerce masum insan öldürüldü [&hellip;]
