{"version":"1.0","provider_name":"Kuzeyin Sesi","provider_url":"https:\/\/kuzeyinsesi.org","author_name":"Kuzeyin Sesi","author_url":"https:\/\/kuzeyinsesi.org\/index.php\/author\/guven\/","title":"Devlet ciddiyeti ve \u015feffafl\u0131ktan taviz vermeyiz - Kuzeyin Sesi","type":"rich","width":600,"height":338,"html":"<blockquote class=\"wp-embedded-content\" data-secret=\"EVsuxd6hLM\"><a href=\"https:\/\/kuzeyinsesi.org\/index.php\/2026\/02\/27\/devlet-ciddiyeti-ve-seffafliktan-taviz-vermeyiz\/\">Devlet ciddiyeti ve \u015feffafl\u0131ktan taviz vermeyiz<\/a><\/blockquote><iframe sandbox=\"allow-scripts\" security=\"restricted\" src=\"https:\/\/kuzeyinsesi.org\/index.php\/2026\/02\/27\/devlet-ciddiyeti-ve-seffafliktan-taviz-vermeyiz\/embed\/#?secret=EVsuxd6hLM\" width=\"600\" height=\"338\" title=\"&#8220;Devlet ciddiyeti ve \u015feffafl\u0131ktan taviz vermeyiz&#8221; &#8212; Kuzeyin Sesi\" data-secret=\"EVsuxd6hLM\" frameborder=\"0\" marginwidth=\"0\" marginheight=\"0\" scrolling=\"no\" class=\"wp-embedded-content\"><\/iframe><script type=\"text\/javascript\">\n\/* <![CDATA[ *\/\n\/*! This file is auto-generated *\/\n!function(d,l){\"use strict\";l.querySelector&&d.addEventListener&&\"undefined\"!=typeof URL&&(d.wp=d.wp||{},d.wp.receiveEmbedMessage||(d.wp.receiveEmbedMessage=function(e){var t=e.data;if((t||t.secret||t.message||t.value)&&!\/[^a-zA-Z0-9]\/.test(t.secret)){for(var s,r,n,a=l.querySelectorAll('iframe[data-secret=\"'+t.secret+'\"]'),o=l.querySelectorAll('blockquote[data-secret=\"'+t.secret+'\"]'),c=new RegExp(\"^https?:$\",\"i\"),i=0;i<o.length;i++)o[i].style.display=\"none\";for(i=0;i<a.length;i++)s=a[i],e.source===s.contentWindow&&(s.removeAttribute(\"style\"),\"height\"===t.message?(1e3<(r=parseInt(t.value,10))?r=1e3:~~r<200&&(r=200),s.height=r):\"link\"===t.message&&(r=new URL(s.getAttribute(\"src\")),n=new URL(t.value),c.test(n.protocol))&&n.host===r.host&&l.activeElement===s&&(d.top.location.href=t.value))}},d.addEventListener(\"message\",d.wp.receiveEmbedMessage,!1),l.addEventListener(\"DOMContentLoaded\",function(){for(var e,t,s=l.querySelectorAll(\"iframe.wp-embedded-content\"),r=0;r<s.length;r++)(t=(e=s[r]).getAttribute(\"data-secret\"))||(t=Math.random().toString(36).substring(2,12),e.src+=\"#?secret=\"+t,e.setAttribute(\"data-secret\",t)),e.contentWindow.postMessage({message:\"ready\",secret:t},\"*\")},!1)))}(window,document);\n\/\/# sourceURL=https:\/\/kuzeyinsesi.org\/wp-includes\/js\/wp-embed.min.js\n\/* ]]> *\/\n<\/script>\n","thumbnail_url":"https:\/\/kuzeyinsesi.org\/wp-content\/uploads\/2026\/02\/Kirmizi-Modern-Haber-Merkezi-Youtube-Kucuk-Resim-10-750x422.png","thumbnail_width":600,"thumbnail_height":338,"description":"Protokol i\u00e7eri\u011finin imza \u00f6ncesinde ve sonras\u0131nda Demokrat Parti ile payla\u015f\u0131lmad\u0131\u011f\u0131n\u0131 savunan Akp\u0131nar, s\u00fcrece dair esasl\u0131 bilgiyi d\u00fczenlemenin Meclis g\u00fcndemine getirilece\u011fi g\u00fcn edindi\u011fini kaydetti. Uluslararas\u0131 boyutu ve ekonomik sonu\u00e7lar\u0131 olabilecek bir d\u00fczenlemenin bu \u015fekilde Meclis\u2019e ta\u015f\u0131nmas\u0131n\u0131n parlamenter ciddiyetle ba\u011fda\u015fmad\u0131\u011f\u0131n\u0131 vurgulad\u0131. Parti i\u00e7i ileti\u015fim eksikli\u011fine de dikkat \u00e7eken Akp\u0131nar, bu durumun kabul edilemez oldu\u011funu belirtti. Protokol\u00fcn onayland\u0131\u011f\u0131 [&hellip;]"}

Devlet ciddiyeti ve şeffaflıktan taviz vermeyiz - Kuzeyin Sesi

<blockquote class="wp-embedded-content" data-secret="EVsuxd6hLM"><a href="https://kuzeyinsesi.org/index.php/2026/02/27/devlet-ciddiyeti-ve-seffafliktan-taviz-vermeyiz/">Devlet ciddiyeti ve şeffaflıktan taviz vermeyiz</a></blockquote><iframe sandbox="allow-scripts" security="restricted" src="https://kuzeyinsesi.org/index.php/2026/02/27/devlet-ciddiyeti-ve-seffafliktan-taviz-vermeyiz/embed/#?secret=EVsuxd6hLM" width="600" height="338" title="&#8220;Devlet ciddiyeti ve şeffaflıktan taviz vermeyiz&#8221; &#8212; Kuzeyin Sesi" data-secret="EVsuxd6hLM" frameborder="0" marginwidth="0" marginheight="0" scrolling="no" class="wp-embedded-content"></iframe><script type="text/javascript">
/* <![CDATA[ */
/*! This file is auto-generated */
!function(d,l){"use strict";l.querySelector&&d.addEventListener&&"undefined"!=typeof URL&&(d.wp=d.wp||{},d.wp.receiveEmbedMessage||(d.wp.receiveEmbedMessage=function(e){var t=e.data;if((t||t.secret||t.message||t.value)&&!/[^a-zA-Z0-9]/.test(t.secret)){for(var s,r,n,a=l.querySelectorAll('iframe[data-secret="'+t.secret+'"]'),o=l.querySelectorAll('blockquote[data-secret="'+t.secret+'"]'),c=new RegExp("^https?:$","i"),i=0;i<o.length;i++)o[i].style.display="none";for(i=0;i<a.length;i++)s=a[i],e.source===s.contentWindow&&(s.removeAttribute("style"),"height"===t.message?(1e3<(r=parseInt(t.value,10))?r=1e3:~~r<200&&(r=200),s.height=r):"link"===t.message&&(r=new URL(s.getAttribute("src")),n=new URL(t.value),c.test(n.protocol))&&n.host===r.host&&l.activeElement===s&&(d.top.location.href=t.value))}},d.addEventListener("message",d.wp.receiveEmbedMessage,!1),l.addEventListener("DOMContentLoaded",function(){for(var e,t,s=l.querySelectorAll("iframe.wp-embedded-content"),r=0;r<s.length;r++)(t=(e=s[r]).getAttribute("data-secret"))||(t=Math.random().toString(36).substring(2,12),e.src+="#?secret="+t,e.setAttribute("data-secret",t)),e.contentWindow.postMessage({message:"ready",secret:t},"*")},!1)))}(window,document);
//# sourceURL=https://kuzeyinsesi.org/wp-includes/js/wp-embed.min.js
/* ]]> */
</script>

Protokol içeriğinin imza öncesinde ve sonrasında Demokrat Parti ile paylaşılmadığını savunan Akpınar, sürece dair esaslı bilgiyi düzenlemenin Meclis gündemine getirileceği gün edindiğini kaydetti. Uluslararası boyutu ve ekonomik sonuçları olabilecek bir düzenlemenin bu şekilde Meclis’e taşınmasının parlamenter ciddiyetle bağdaşmadığını vurguladı. Parti içi iletişim eksikliğine de dikkat çeken Akpınar, bu durumun kabul edilemez olduğunu belirtti. Protokolün onaylandığı [&hellip;]
