{"version":"1.0","provider_name":"Kuzeyin Sesi","provider_url":"https:\/\/kuzeyinsesi.org","author_name":"Kuzeyin Sesi","author_url":"https:\/\/kuzeyinsesi.org\/index.php\/author\/guven\/","title":"Galatasaray Monaco&#039;dan ma\u011flup d\u00f6nd\u00fc - Kuzeyin Sesi","type":"rich","width":600,"height":338,"html":"<blockquote class=\"wp-embedded-content\" data-secret=\"WRRQk1pt3l\"><a href=\"https:\/\/kuzeyinsesi.org\/index.php\/2025\/12\/10\/galatasaray-monacodan-maglup-dondu\/\">Galatasaray Monaco&#039;dan ma\u011flup d\u00f6nd\u00fc<\/a><\/blockquote><iframe sandbox=\"allow-scripts\" security=\"restricted\" src=\"https:\/\/kuzeyinsesi.org\/index.php\/2025\/12\/10\/galatasaray-monacodan-maglup-dondu\/embed\/#?secret=WRRQk1pt3l\" width=\"600\" height=\"338\" title=\"&#8220;Galatasaray Monaco&#039;dan ma\u011flup d\u00f6nd\u00fc&#8221; &#8212; Kuzeyin Sesi\" data-secret=\"WRRQk1pt3l\" frameborder=\"0\" marginwidth=\"0\" marginheight=\"0\" scrolling=\"no\" class=\"wp-embedded-content\"><\/iframe><script type=\"text\/javascript\">\n\/* <![CDATA[ *\/\n\/*! This file is auto-generated *\/\n!function(d,l){\"use strict\";l.querySelector&&d.addEventListener&&\"undefined\"!=typeof URL&&(d.wp=d.wp||{},d.wp.receiveEmbedMessage||(d.wp.receiveEmbedMessage=function(e){var t=e.data;if((t||t.secret||t.message||t.value)&&!\/[^a-zA-Z0-9]\/.test(t.secret)){for(var s,r,n,a=l.querySelectorAll('iframe[data-secret=\"'+t.secret+'\"]'),o=l.querySelectorAll('blockquote[data-secret=\"'+t.secret+'\"]'),c=new RegExp(\"^https?:$\",\"i\"),i=0;i<o.length;i++)o[i].style.display=\"none\";for(i=0;i<a.length;i++)s=a[i],e.source===s.contentWindow&&(s.removeAttribute(\"style\"),\"height\"===t.message?(1e3<(r=parseInt(t.value,10))?r=1e3:~~r<200&&(r=200),s.height=r):\"link\"===t.message&&(r=new URL(s.getAttribute(\"src\")),n=new URL(t.value),c.test(n.protocol))&&n.host===r.host&&l.activeElement===s&&(d.top.location.href=t.value))}},d.addEventListener(\"message\",d.wp.receiveEmbedMessage,!1),l.addEventListener(\"DOMContentLoaded\",function(){for(var e,t,s=l.querySelectorAll(\"iframe.wp-embedded-content\"),r=0;r<s.length;r++)(t=(e=s[r]).getAttribute(\"data-secret\"))||(t=Math.random().toString(36).substring(2,12),e.src+=\"#?secret=\"+t,e.setAttribute(\"data-secret\",t)),e.contentWindow.postMessage({message:\"ready\",secret:t},\"*\")},!1)))}(window,document);\n\/\/# sourceURL=https:\/\/kuzeyinsesi.org\/wp-includes\/js\/wp-embed.min.js\n\/* ]]> *\/\n<\/script>\n","thumbnail_url":"https:\/\/www.trthaber.com\/dosyalar\/images\/aa_picture_20251209_39936625.jpg","thumbnail_width":600,"thumbnail_height":338,"description":"&#13; Temsilcimiz Galatasaray, UEFA \u015eampiyonlar Ligi&#8217;nin alt\u0131nc\u0131 haftas\u0131nda Fransa Ligi ekibi Monaco&#8217;ya konuk oldu. &#13; Fransa s\u0131n\u0131rlar\u0131ndaki \u00f6zerk Monako Prensli\u011fi&#8217;ndeki II. Louis Stad\u0131&#8217;nda yap\u0131lan m\u00fcsabaka, TS\u0130 23.00&#8217;te ba\u015flad\u0131. Kar\u015f\u0131la\u015fmada Hollanda Futbol Federasyonundan hakem Danny Makkelie d\u00fcd\u00fck \u00e7ald\u0131. Makkelie&#8217;nin yard\u0131mc\u0131l\u0131klar\u0131n\u0131 Hessel Steegstra ile Jan de Vries \u00fcstlendi. &#13; Ma\u00e7ta ilk yar\u0131da gol sesi \u00e7\u0131kmazken ikinci yar\u0131n\u0131n [&hellip;]"}

Galatasaray Monaco&#039;dan mağlup döndü - Kuzeyin Sesi

<blockquote class="wp-embedded-content" data-secret="WRRQk1pt3l"><a href="https://kuzeyinsesi.org/index.php/2025/12/10/galatasaray-monacodan-maglup-dondu/">Galatasaray Monaco&#039;dan mağlup döndü</a></blockquote><iframe sandbox="allow-scripts" security="restricted" src="https://kuzeyinsesi.org/index.php/2025/12/10/galatasaray-monacodan-maglup-dondu/embed/#?secret=WRRQk1pt3l" width="600" height="338" title="&#8220;Galatasaray Monaco&#039;dan mağlup döndü&#8221; &#8212; Kuzeyin Sesi" data-secret="WRRQk1pt3l" frameborder="0" marginwidth="0" marginheight="0" scrolling="no" class="wp-embedded-content"></iframe><script type="text/javascript">
/* <![CDATA[ */
/*! This file is auto-generated */
!function(d,l){"use strict";l.querySelector&&d.addEventListener&&"undefined"!=typeof URL&&(d.wp=d.wp||{},d.wp.receiveEmbedMessage||(d.wp.receiveEmbedMessage=function(e){var t=e.data;if((t||t.secret||t.message||t.value)&&!/[^a-zA-Z0-9]/.test(t.secret)){for(var s,r,n,a=l.querySelectorAll('iframe[data-secret="'+t.secret+'"]'),o=l.querySelectorAll('blockquote[data-secret="'+t.secret+'"]'),c=new RegExp("^https?:$","i"),i=0;i<o.length;i++)o[i].style.display="none";for(i=0;i<a.length;i++)s=a[i],e.source===s.contentWindow&&(s.removeAttribute("style"),"height"===t.message?(1e3<(r=parseInt(t.value,10))?r=1e3:~~r<200&&(r=200),s.height=r):"link"===t.message&&(r=new URL(s.getAttribute("src")),n=new URL(t.value),c.test(n.protocol))&&n.host===r.host&&l.activeElement===s&&(d.top.location.href=t.value))}},d.addEventListener("message",d.wp.receiveEmbedMessage,!1),l.addEventListener("DOMContentLoaded",function(){for(var e,t,s=l.querySelectorAll("iframe.wp-embedded-content"),r=0;r<s.length;r++)(t=(e=s[r]).getAttribute("data-secret"))||(t=Math.random().toString(36).substring(2,12),e.src+="#?secret="+t,e.setAttribute("data-secret",t)),e.contentWindow.postMessage({message:"ready",secret:t},"*")},!1)))}(window,document);
//# sourceURL=https://kuzeyinsesi.org/wp-includes/js/wp-embed.min.js
/* ]]> */
</script>

&#13; Temsilcimiz Galatasaray, UEFA Şampiyonlar Ligi&#8217;nin altıncı haftasında Fransa Ligi ekibi Monaco&#8217;ya konuk oldu. &#13; Fransa sınırlarındaki özerk Monako Prensliği&#8217;ndeki II. Louis Stadı&#8217;nda yapılan müsabaka, TSİ 23.00&#8217;te başladı. Karşılaşmada Hollanda Futbol Federasyonundan hakem Danny Makkelie düdük çaldı. Makkelie&#8217;nin yardımcılıklarını Hessel Steegstra ile Jan de Vries üstlendi. &#13; Maçta ilk yarıda gol sesi çıkmazken ikinci yarının [&hellip;]
