{"version":"1.0","provider_name":"Kuzeyin Sesi","provider_url":"https:\/\/kuzeyinsesi.org","author_name":"Kuzeyin Sesi","author_url":"https:\/\/kuzeyinsesi.org\/index.php\/author\/guven\/","title":"18. Avtepe Medo\u015f Lalesi Festivali 5 Nisan\u2019a ertelendi - Kuzeyin Sesi","type":"rich","width":600,"height":338,"html":"<blockquote class=\"wp-embedded-content\" data-secret=\"ZfR9fV9Nqn\"><a href=\"https:\/\/kuzeyinsesi.org\/index.php\/2025\/03\/19\/18-avtepe-medos-lalesi-festivali-5-nisana-ertelendi\/\">18. Avtepe Medo\u015f Lalesi Festivali 5 Nisan\u2019a ertelendi<\/a><\/blockquote><iframe sandbox=\"allow-scripts\" security=\"restricted\" src=\"https:\/\/kuzeyinsesi.org\/index.php\/2025\/03\/19\/18-avtepe-medos-lalesi-festivali-5-nisana-ertelendi\/embed\/#?secret=ZfR9fV9Nqn\" width=\"600\" height=\"338\" title=\"&#8220;18. Avtepe Medo\u015f Lalesi Festivali 5 Nisan\u2019a ertelendi&#8221; &#8212; Kuzeyin Sesi\" data-secret=\"ZfR9fV9Nqn\" frameborder=\"0\" marginwidth=\"0\" marginheight=\"0\" scrolling=\"no\" class=\"wp-embedded-content\"><\/iframe><script type=\"text\/javascript\">\n\/* <![CDATA[ *\/\n\/*! This file is auto-generated *\/\n!function(d,l){\"use strict\";l.querySelector&&d.addEventListener&&\"undefined\"!=typeof URL&&(d.wp=d.wp||{},d.wp.receiveEmbedMessage||(d.wp.receiveEmbedMessage=function(e){var t=e.data;if((t||t.secret||t.message||t.value)&&!\/[^a-zA-Z0-9]\/.test(t.secret)){for(var s,r,n,a=l.querySelectorAll('iframe[data-secret=\"'+t.secret+'\"]'),o=l.querySelectorAll('blockquote[data-secret=\"'+t.secret+'\"]'),c=new RegExp(\"^https?:$\",\"i\"),i=0;i<o.length;i++)o[i].style.display=\"none\";for(i=0;i<a.length;i++)s=a[i],e.source===s.contentWindow&&(s.removeAttribute(\"style\"),\"height\"===t.message?(1e3<(r=parseInt(t.value,10))?r=1e3:~~r<200&&(r=200),s.height=r):\"link\"===t.message&&(r=new URL(s.getAttribute(\"src\")),n=new URL(t.value),c.test(n.protocol))&&n.host===r.host&&l.activeElement===s&&(d.top.location.href=t.value))}},d.addEventListener(\"message\",d.wp.receiveEmbedMessage,!1),l.addEventListener(\"DOMContentLoaded\",function(){for(var e,t,s=l.querySelectorAll(\"iframe.wp-embedded-content\"),r=0;r<s.length;r++)(t=(e=s[r]).getAttribute(\"data-secret\"))||(t=Math.random().toString(36).substring(2,12),e.src+=\"#?secret=\"+t,e.setAttribute(\"data-secret\",t)),e.contentWindow.postMessage({message:\"ready\",secret:t},\"*\")},!1)))}(window,document);\n\/\/# sourceURL=https:\/\/kuzeyinsesi.org\/wp-includes\/js\/wp-embed.min.js\n\/* ]]> *\/\n<\/script>\n","thumbnail_url":"https:\/\/brtk.net\/wp-content\/uploads\/2025\/03\/19\/1742396391722avtepe-festival-3-.jpg?ver=43060015585b9a11329ff78d57a0e5d5","thumbnail_width":600,"thumbnail_height":330,"description":"Erenk\u00f6y-Karpaz Belediyesi ile Avtepe Muhtarl\u0131\u011f\u0131 taraf\u0131ndan organize edilen 18. Avtepe Medo\u015f Lalesi Festivali, 5 Nisan Cumartesi g\u00fcn\u00fcne ertelendi. Erenk\u00f6y-Karpaz Belediyesi yapt\u0131\u011f\u0131 a\u00e7\u0131klamada, 23 Mart Pazar g\u00fcn\u00fc yap\u0131lmas\u0131 planlanan Festival\u2019in, ya\u015fanan \u00f6l\u00fcml\u00fc trafik kazas\u0131ndan dolay\u0131 5 Nisan Cumartesi g\u00fcn\u00fcne ertelendi\u011fini duyurdu. A\u00e7\u0131klamada, Erenk\u00f6y \u2013Karpaz Belediyesi ve Avtepe Muhtarl\u0131\u011f\u0131, kazada vefat eden gencin ailesi ve sevenlerine ba\u015fsa\u011fl\u0131\u011f\u0131 [&hellip;]"}

18. Avtepe Medoş Lalesi Festivali 5 Nisan’a ertelendi - Kuzeyin Sesi

<blockquote class="wp-embedded-content" data-secret="ZfR9fV9Nqn"><a href="https://kuzeyinsesi.org/index.php/2025/03/19/18-avtepe-medos-lalesi-festivali-5-nisana-ertelendi/">18. Avtepe Medoş Lalesi Festivali 5 Nisan’a ertelendi</a></blockquote><iframe sandbox="allow-scripts" security="restricted" src="https://kuzeyinsesi.org/index.php/2025/03/19/18-avtepe-medos-lalesi-festivali-5-nisana-ertelendi/embed/#?secret=ZfR9fV9Nqn" width="600" height="338" title="&#8220;18. Avtepe Medoş Lalesi Festivali 5 Nisan’a ertelendi&#8221; &#8212; Kuzeyin Sesi" data-secret="ZfR9fV9Nqn" frameborder="0" marginwidth="0" marginheight="0" scrolling="no" class="wp-embedded-content"></iframe><script type="text/javascript">
/* <![CDATA[ */
/*! This file is auto-generated */
!function(d,l){"use strict";l.querySelector&&d.addEventListener&&"undefined"!=typeof URL&&(d.wp=d.wp||{},d.wp.receiveEmbedMessage||(d.wp.receiveEmbedMessage=function(e){var t=e.data;if((t||t.secret||t.message||t.value)&&!/[^a-zA-Z0-9]/.test(t.secret)){for(var s,r,n,a=l.querySelectorAll('iframe[data-secret="'+t.secret+'"]'),o=l.querySelectorAll('blockquote[data-secret="'+t.secret+'"]'),c=new RegExp("^https?:$","i"),i=0;i<o.length;i++)o[i].style.display="none";for(i=0;i<a.length;i++)s=a[i],e.source===s.contentWindow&&(s.removeAttribute("style"),"height"===t.message?(1e3<(r=parseInt(t.value,10))?r=1e3:~~r<200&&(r=200),s.height=r):"link"===t.message&&(r=new URL(s.getAttribute("src")),n=new URL(t.value),c.test(n.protocol))&&n.host===r.host&&l.activeElement===s&&(d.top.location.href=t.value))}},d.addEventListener("message",d.wp.receiveEmbedMessage,!1),l.addEventListener("DOMContentLoaded",function(){for(var e,t,s=l.querySelectorAll("iframe.wp-embedded-content"),r=0;r<s.length;r++)(t=(e=s[r]).getAttribute("data-secret"))||(t=Math.random().toString(36).substring(2,12),e.src+="#?secret="+t,e.setAttribute("data-secret",t)),e.contentWindow.postMessage({message:"ready",secret:t},"*")},!1)))}(window,document);
//# sourceURL=https://kuzeyinsesi.org/wp-includes/js/wp-embed.min.js
/* ]]> */
</script>

Erenköy-Karpaz Belediyesi ile Avtepe Muhtarlığı tarafından organize edilen 18. Avtepe Medoş Lalesi Festivali, 5 Nisan Cumartesi gününe ertelendi. Erenköy-Karpaz Belediyesi yaptığı açıklamada, 23 Mart Pazar günü yapılması planlanan Festival’in, yaşanan ölümlü trafik kazasından dolayı 5 Nisan Cumartesi gününe ertelendiğini duyurdu. Açıklamada, Erenköy –Karpaz Belediyesi ve Avtepe Muhtarlığı, kazada vefat eden gencin ailesi ve sevenlerine başsağlığı [&hellip;]
