{"version":"1.0","provider_name":"Kuzeyin Sesi","provider_url":"https:\/\/kuzeyinsesi.org","author_name":"Kuzeyin Sesi","author_url":"https:\/\/kuzeyinsesi.org\/index.php\/author\/guven\/","title":"\u201cCinnet Mevsimi\u201d TUFAD\u2019da g\u00f6sterildi - Kuzeyin Sesi","type":"rich","width":600,"height":338,"html":"<blockquote class=\"wp-embedded-content\" data-secret=\"TFjiSUDuY9\"><a href=\"https:\/\/kuzeyinsesi.org\/index.php\/2025\/03\/07\/cinnet-mevsimi-tufadda-gosterildi\/\">\u201cCinnet Mevsimi\u201d TUFAD\u2019da g\u00f6sterildi<\/a><\/blockquote><iframe sandbox=\"allow-scripts\" security=\"restricted\" src=\"https:\/\/kuzeyinsesi.org\/index.php\/2025\/03\/07\/cinnet-mevsimi-tufadda-gosterildi\/embed\/#?secret=TFjiSUDuY9\" width=\"600\" height=\"338\" title=\"&#8220;\u201cCinnet Mevsimi\u201d TUFAD\u2019da g\u00f6sterildi&#8221; &#8212; Kuzeyin Sesi\" data-secret=\"TFjiSUDuY9\" frameborder=\"0\" marginwidth=\"0\" marginheight=\"0\" scrolling=\"no\" class=\"wp-embedded-content\"><\/iframe><script type=\"text\/javascript\">\n\/* <![CDATA[ *\/\n\/*! This file is auto-generated *\/\n!function(d,l){\"use strict\";l.querySelector&&d.addEventListener&&\"undefined\"!=typeof URL&&(d.wp=d.wp||{},d.wp.receiveEmbedMessage||(d.wp.receiveEmbedMessage=function(e){var t=e.data;if((t||t.secret||t.message||t.value)&&!\/[^a-zA-Z0-9]\/.test(t.secret)){for(var s,r,n,a=l.querySelectorAll('iframe[data-secret=\"'+t.secret+'\"]'),o=l.querySelectorAll('blockquote[data-secret=\"'+t.secret+'\"]'),c=new RegExp(\"^https?:$\",\"i\"),i=0;i<o.length;i++)o[i].style.display=\"none\";for(i=0;i<a.length;i++)s=a[i],e.source===s.contentWindow&&(s.removeAttribute(\"style\"),\"height\"===t.message?(1e3<(r=parseInt(t.value,10))?r=1e3:~~r<200&&(r=200),s.height=r):\"link\"===t.message&&(r=new URL(s.getAttribute(\"src\")),n=new URL(t.value),c.test(n.protocol))&&n.host===r.host&&l.activeElement===s&&(d.top.location.href=t.value))}},d.addEventListener(\"message\",d.wp.receiveEmbedMessage,!1),l.addEventListener(\"DOMContentLoaded\",function(){for(var e,t,s=l.querySelectorAll(\"iframe.wp-embedded-content\"),r=0;r<s.length;r++)(t=(e=s[r]).getAttribute(\"data-secret\"))||(t=Math.random().toString(36).substring(2,12),e.src+=\"#?secret=\"+t,e.setAttribute(\"data-secret\",t)),e.contentWindow.postMessage({message:\"ready\",secret:t},\"*\")},!1)))}(window,document);\n\/\/# sourceURL=https:\/\/kuzeyinsesi.org\/wp-includes\/js\/wp-embed.min.js\n\/* ]]> *\/\n<\/script>\n","thumbnail_url":"https:\/\/brtk.net\/wp-content\/uploads\/2025\/03\/07\/1741345629908CINNET-MEVSIMI-1.jpg?ver=0b3d7dd6454c264b1905312ea669f179","thumbnail_width":600,"thumbnail_height":400,"description":"2015 y\u0131l\u0131nda uyu\u015fturucu tacirlerinin kurban\u0131 olan ve gen\u00e7 ya\u015fta hayat\u0131n\u0131 kaybeden Arda Erkan\u2019\u0131n an\u0131s\u0131na \u00e7ekilen belgesel, Turizm ve Folklor Ara\u015ft\u0131rmalar\u0131 Derne\u011fi\u2019nin ev sahipli\u011finde g\u00f6sterildi. Elvan Levent\u2019in y\u00f6netmenli\u011finde ve TUFAD\u2019\u0131n katk\u0131lar\u0131yla, Arda Erkan\u2019\u0131n anne ve babas\u0131 taraf\u0131ndan haz\u0131rlanan belgeselin g\u00f6sterimine Ba\u015fbakanl\u0131k Uyu\u015fturucuyla M\u00fccadele Ba\u015fkan\u0131 Teyfide Tecel Treme\u015feli de kat\u0131ld\u0131. Etkinlikte TUFAD \u00fcyeleri yan\u0131nda di\u011fer baz\u0131 vatanda\u015flar [&hellip;]"}

“Cinnet Mevsimi” TUFAD’da gösterildi - Kuzeyin Sesi

<blockquote class="wp-embedded-content" data-secret="TFjiSUDuY9"><a href="https://kuzeyinsesi.org/index.php/2025/03/07/cinnet-mevsimi-tufadda-gosterildi/">“Cinnet Mevsimi” TUFAD’da gösterildi</a></blockquote><iframe sandbox="allow-scripts" security="restricted" src="https://kuzeyinsesi.org/index.php/2025/03/07/cinnet-mevsimi-tufadda-gosterildi/embed/#?secret=TFjiSUDuY9" width="600" height="338" title="&#8220;“Cinnet Mevsimi” TUFAD’da gösterildi&#8221; &#8212; Kuzeyin Sesi" data-secret="TFjiSUDuY9" frameborder="0" marginwidth="0" marginheight="0" scrolling="no" class="wp-embedded-content"></iframe><script type="text/javascript">
/* <![CDATA[ */
/*! This file is auto-generated */
!function(d,l){"use strict";l.querySelector&&d.addEventListener&&"undefined"!=typeof URL&&(d.wp=d.wp||{},d.wp.receiveEmbedMessage||(d.wp.receiveEmbedMessage=function(e){var t=e.data;if((t||t.secret||t.message||t.value)&&!/[^a-zA-Z0-9]/.test(t.secret)){for(var s,r,n,a=l.querySelectorAll('iframe[data-secret="'+t.secret+'"]'),o=l.querySelectorAll('blockquote[data-secret="'+t.secret+'"]'),c=new RegExp("^https?:$","i"),i=0;i<o.length;i++)o[i].style.display="none";for(i=0;i<a.length;i++)s=a[i],e.source===s.contentWindow&&(s.removeAttribute("style"),"height"===t.message?(1e3<(r=parseInt(t.value,10))?r=1e3:~~r<200&&(r=200),s.height=r):"link"===t.message&&(r=new URL(s.getAttribute("src")),n=new URL(t.value),c.test(n.protocol))&&n.host===r.host&&l.activeElement===s&&(d.top.location.href=t.value))}},d.addEventListener("message",d.wp.receiveEmbedMessage,!1),l.addEventListener("DOMContentLoaded",function(){for(var e,t,s=l.querySelectorAll("iframe.wp-embedded-content"),r=0;r<s.length;r++)(t=(e=s[r]).getAttribute("data-secret"))||(t=Math.random().toString(36).substring(2,12),e.src+="#?secret="+t,e.setAttribute("data-secret",t)),e.contentWindow.postMessage({message:"ready",secret:t},"*")},!1)))}(window,document);
//# sourceURL=https://kuzeyinsesi.org/wp-includes/js/wp-embed.min.js
/* ]]> */
</script>

2015 yılında uyuşturucu tacirlerinin kurbanı olan ve genç yaşta hayatını kaybeden Arda Erkan’ın anısına çekilen belgesel, Turizm ve Folklor Araştırmaları Derneği’nin ev sahipliğinde gösterildi. Elvan Levent’in yönetmenliğinde ve TUFAD’ın katkılarıyla, Arda Erkan’ın anne ve babası tarafından hazırlanan belgeselin gösterimine Başbakanlık Uyuşturucuyla Mücadele Başkanı Teyfide Tecel Tremeşeli de katıldı. Etkinlikte TUFAD üyeleri yanında diğer bazı vatandaşlar [&hellip;]
