{"version":"1.0","provider_name":"Kuzeyin Sesi","provider_url":"https:\/\/kuzeyinsesi.org","author_name":"Kuzeyin Sesi","author_url":"https:\/\/kuzeyinsesi.org\/index.php\/author\/guven\/","title":"Oyuncu Sezai Altekin vefat etti - Kuzeyin Sesi","type":"rich","width":600,"height":338,"html":"<blockquote class=\"wp-embedded-content\" data-secret=\"0iwCuP4cxW\"><a href=\"https:\/\/kuzeyinsesi.org\/index.php\/2025\/02\/01\/oyuncu-sezai-altekin-vefat-etti\/\">Oyuncu Sezai Altekin vefat etti<\/a><\/blockquote><iframe sandbox=\"allow-scripts\" security=\"restricted\" src=\"https:\/\/kuzeyinsesi.org\/index.php\/2025\/02\/01\/oyuncu-sezai-altekin-vefat-etti\/embed\/#?secret=0iwCuP4cxW\" width=\"600\" height=\"338\" title=\"&#8220;Oyuncu Sezai Altekin vefat etti&#8221; &#8212; Kuzeyin Sesi\" data-secret=\"0iwCuP4cxW\" frameborder=\"0\" marginwidth=\"0\" marginheight=\"0\" scrolling=\"no\" class=\"wp-embedded-content\"><\/iframe><script type=\"text\/javascript\">\n\/* <![CDATA[ *\/\n\/*! This file is auto-generated *\/\n!function(d,l){\"use strict\";l.querySelector&&d.addEventListener&&\"undefined\"!=typeof URL&&(d.wp=d.wp||{},d.wp.receiveEmbedMessage||(d.wp.receiveEmbedMessage=function(e){var t=e.data;if((t||t.secret||t.message||t.value)&&!\/[^a-zA-Z0-9]\/.test(t.secret)){for(var s,r,n,a=l.querySelectorAll('iframe[data-secret=\"'+t.secret+'\"]'),o=l.querySelectorAll('blockquote[data-secret=\"'+t.secret+'\"]'),c=new RegExp(\"^https?:$\",\"i\"),i=0;i<o.length;i++)o[i].style.display=\"none\";for(i=0;i<a.length;i++)s=a[i],e.source===s.contentWindow&&(s.removeAttribute(\"style\"),\"height\"===t.message?(1e3<(r=parseInt(t.value,10))?r=1e3:~~r<200&&(r=200),s.height=r):\"link\"===t.message&&(r=new URL(s.getAttribute(\"src\")),n=new URL(t.value),c.test(n.protocol))&&n.host===r.host&&l.activeElement===s&&(d.top.location.href=t.value))}},d.addEventListener(\"message\",d.wp.receiveEmbedMessage,!1),l.addEventListener(\"DOMContentLoaded\",function(){for(var e,t,s=l.querySelectorAll(\"iframe.wp-embedded-content\"),r=0;r<s.length;r++)(t=(e=s[r]).getAttribute(\"data-secret\"))||(t=Math.random().toString(36).substring(2,12),e.src+=\"#?secret=\"+t,e.setAttribute(\"data-secret\",t)),e.contentWindow.postMessage({message:\"ready\",secret:t},\"*\")},!1)))}(window,document);\n\/\/# sourceURL=https:\/\/kuzeyinsesi.org\/wp-includes\/js\/wp-embed.min.js\n\/* ]]> *\/\n<\/script>\n","thumbnail_url":"https:\/\/brtk.net\/wp-content\/uploads\/2025\/02\/01\/1738319382457Sezai-alptekin.jpg?ver=77e8ac3215d52f1e90e55ef6ec8c28fd","thumbnail_width":600,"thumbnail_height":338,"description":"Tiyatro oyunculu\u011funun yan\u0131 s\u0131ra televizyon, sinema ve seslendirme \u00e7al\u0131\u015fmalar\u0131na imza atan sanat\u00e7\u0131 Sezai Altekin, 79 ya\u015f\u0131nda hayat\u0131n\u0131 kaybetti. Mu\u011fla\u2019n\u0131n Bodrum il\u00e7esinde ya\u015fam\u0131n\u0131 s\u00fcrd\u00fcren Altekin, Bodrum G\u00fcndo\u011fan\u2019da son yolculu\u011funa u\u011furlanacak. Oyuncu, yap\u0131mc\u0131 ve y\u00f6netmen Nedim Saban, sosyal medya hesab\u0131nda yapt\u0131\u011f\u0131 payla\u015f\u0131mda, Altekin\u2019in vefat\u0131ndan dolay\u0131 duydu\u011fu \u00fcz\u00fcnt\u00fcye i\u015faret ederek, \u201cNe kadar \u00fczg\u00fcn\u00fcm. Sezai Altekin, daha ge\u00e7en g\u00fcn [&hellip;]"}

Tiyatro oyunculuğunun yanı sıra televizyon, sinema ve seslendirme çalışmalarına imza atan sanatçı Sezai Altekin, 79 yaşında hayatını kaybetti. Muğla’nın Bodrum ilçesinde yaşamını sürdüren Altekin, Bodrum Gündoğan’da son yolculuğuna uğurlanacak. Oyuncu, yapımcı ve yönetmen Nedim Saban, sosyal medya hesabında yaptığı paylaşımda, Altekin’in vefatından dolayı duyduğu üzüntüye işaret ederek, “Ne kadar üzgünüm. Sezai Altekin, daha geçen gün [&hellip;]
