{"version":"1.0","provider_name":"Kuzeyin Sesi","provider_url":"https:\/\/kuzeyinsesi.org","author_name":"Kuzeyin Sesi","author_url":"https:\/\/kuzeyinsesi.org\/index.php\/author\/guven\/","title":"Denkta\u015f ve K\u00fc\u00e7\u00fck Ercan Havaliman\u0131\u2019nda an\u0131l\u0131yor - Kuzeyin Sesi","type":"rich","width":600,"height":338,"html":"<blockquote class=\"wp-embedded-content\" data-secret=\"vGlcbwHM3N\"><a href=\"https:\/\/kuzeyinsesi.org\/index.php\/2025\/01\/13\/denktas-ve-kucuk-ercan-havalimaninda-aniliyor\/\">Denkta\u015f ve K\u00fc\u00e7\u00fck Ercan Havaliman\u0131\u2019nda an\u0131l\u0131yor<\/a><\/blockquote><iframe sandbox=\"allow-scripts\" security=\"restricted\" src=\"https:\/\/kuzeyinsesi.org\/index.php\/2025\/01\/13\/denktas-ve-kucuk-ercan-havalimaninda-aniliyor\/embed\/#?secret=vGlcbwHM3N\" width=\"600\" height=\"338\" title=\"&#8220;Denkta\u015f ve K\u00fc\u00e7\u00fck Ercan Havaliman\u0131\u2019nda an\u0131l\u0131yor&#8221; &#8212; Kuzeyin Sesi\" data-secret=\"vGlcbwHM3N\" frameborder=\"0\" marginwidth=\"0\" marginheight=\"0\" scrolling=\"no\" class=\"wp-embedded-content\"><\/iframe><script type=\"text\/javascript\">\n\/* <![CDATA[ *\/\n\/*! This file is auto-generated *\/\n!function(d,l){\"use strict\";l.querySelector&&d.addEventListener&&\"undefined\"!=typeof URL&&(d.wp=d.wp||{},d.wp.receiveEmbedMessage||(d.wp.receiveEmbedMessage=function(e){var t=e.data;if((t||t.secret||t.message||t.value)&&!\/[^a-zA-Z0-9]\/.test(t.secret)){for(var s,r,n,a=l.querySelectorAll('iframe[data-secret=\"'+t.secret+'\"]'),o=l.querySelectorAll('blockquote[data-secret=\"'+t.secret+'\"]'),c=new RegExp(\"^https?:$\",\"i\"),i=0;i<o.length;i++)o[i].style.display=\"none\";for(i=0;i<a.length;i++)s=a[i],e.source===s.contentWindow&&(s.removeAttribute(\"style\"),\"height\"===t.message?(1e3<(r=parseInt(t.value,10))?r=1e3:~~r<200&&(r=200),s.height=r):\"link\"===t.message&&(r=new URL(s.getAttribute(\"src\")),n=new URL(t.value),c.test(n.protocol))&&n.host===r.host&&l.activeElement===s&&(d.top.location.href=t.value))}},d.addEventListener(\"message\",d.wp.receiveEmbedMessage,!1),l.addEventListener(\"DOMContentLoaded\",function(){for(var e,t,s=l.querySelectorAll(\"iframe.wp-embedded-content\"),r=0;r<s.length;r++)(t=(e=s[r]).getAttribute(\"data-secret\"))||(t=Math.random().toString(36).substring(2,12),e.src+=\"#?secret=\"+t,e.setAttribute(\"data-secret\",t)),e.contentWindow.postMessage({message:\"ready\",secret:t},\"*\")},!1)))}(window,document);\n\/\/# sourceURL=https:\/\/kuzeyinsesi.org\/wp-includes\/js\/wp-embed.min.js\n\/* ]]> *\/\n<\/script>\n","thumbnail_url":"https:\/\/brtk.net\/wp-content\/uploads\/2025\/01\/13\/6l.jpg?ver=b5a0542ce6dc8749a7b6769b5a8dd561","thumbnail_width":600,"thumbnail_height":450,"description":"KKTC\u2019nin kurucu Cumhurba\u015fkan\u0131 Rauf Raif Denkta\u015f ve \u00d6zg\u00fcrl\u00fck M\u00fccadelesi lideri Dr. Faz\u0131l K\u00fc\u00e7\u00fck Ercan Havaliman\u0131\u2019nda da an\u0131l\u0131yor. T&amp;T Havaliman\u0131 \u0130\u015fletmecili\u011fi\u2019nden yap\u0131lan a\u00e7\u0131klamaya g\u00f6re, giden yolcu b\u00f6l\u00fcm\u00fcne iki liderin foto\u011fraflar\u0131n\u0131n yer ald\u0131\u011f\u0131 \u0131\u015f\u0131kl\u0131 panonun yan\u0131 s\u0131ra \u00f6n taraf\u0131na da yolcular\u0131n an\u0131 foto\u011fraf\u0131 \u00e7ektirmeleri i\u00e7in iki liderin 3 boyutlu maketleri yerle\u015ftirildi. Yolcular ve havaliman\u0131na gelen misafirlere iki [&hellip;]"}

Denktaş ve Küçük Ercan Havalimanı’nda anılıyor - Kuzeyin Sesi

<blockquote class="wp-embedded-content" data-secret="vGlcbwHM3N"><a href="https://kuzeyinsesi.org/index.php/2025/01/13/denktas-ve-kucuk-ercan-havalimaninda-aniliyor/">Denktaş ve Küçük Ercan Havalimanı’nda anılıyor</a></blockquote><iframe sandbox="allow-scripts" security="restricted" src="https://kuzeyinsesi.org/index.php/2025/01/13/denktas-ve-kucuk-ercan-havalimaninda-aniliyor/embed/#?secret=vGlcbwHM3N" width="600" height="338" title="&#8220;Denktaş ve Küçük Ercan Havalimanı’nda anılıyor&#8221; &#8212; Kuzeyin Sesi" data-secret="vGlcbwHM3N" frameborder="0" marginwidth="0" marginheight="0" scrolling="no" class="wp-embedded-content"></iframe><script type="text/javascript">
/* <![CDATA[ */
/*! This file is auto-generated */
!function(d,l){"use strict";l.querySelector&&d.addEventListener&&"undefined"!=typeof URL&&(d.wp=d.wp||{},d.wp.receiveEmbedMessage||(d.wp.receiveEmbedMessage=function(e){var t=e.data;if((t||t.secret||t.message||t.value)&&!/[^a-zA-Z0-9]/.test(t.secret)){for(var s,r,n,a=l.querySelectorAll('iframe[data-secret="'+t.secret+'"]'),o=l.querySelectorAll('blockquote[data-secret="'+t.secret+'"]'),c=new RegExp("^https?:$","i"),i=0;i<o.length;i++)o[i].style.display="none";for(i=0;i<a.length;i++)s=a[i],e.source===s.contentWindow&&(s.removeAttribute("style"),"height"===t.message?(1e3<(r=parseInt(t.value,10))?r=1e3:~~r<200&&(r=200),s.height=r):"link"===t.message&&(r=new URL(s.getAttribute("src")),n=new URL(t.value),c.test(n.protocol))&&n.host===r.host&&l.activeElement===s&&(d.top.location.href=t.value))}},d.addEventListener("message",d.wp.receiveEmbedMessage,!1),l.addEventListener("DOMContentLoaded",function(){for(var e,t,s=l.querySelectorAll("iframe.wp-embedded-content"),r=0;r<s.length;r++)(t=(e=s[r]).getAttribute("data-secret"))||(t=Math.random().toString(36).substring(2,12),e.src+="#?secret="+t,e.setAttribute("data-secret",t)),e.contentWindow.postMessage({message:"ready",secret:t},"*")},!1)))}(window,document);
//# sourceURL=https://kuzeyinsesi.org/wp-includes/js/wp-embed.min.js
/* ]]> */
</script>

KKTC’nin kurucu Cumhurbaşkanı Rauf Raif Denktaş ve Özgürlük Mücadelesi lideri Dr. Fazıl Küçük Ercan Havalimanı’nda da anılıyor. T&amp;T Havalimanı İşletmeciliği’nden yapılan açıklamaya göre, giden yolcu bölümüne iki liderin fotoğraflarının yer aldığı ışıklı panonun yanı sıra ön tarafına da yolcuların anı fotoğrafı çektirmeleri için iki liderin 3 boyutlu maketleri yerleştirildi. Yolcular ve havalimanına gelen misafirlere iki [&hellip;]
