{"version":"1.0","provider_name":"Kuzeyin Sesi","provider_url":"https:\/\/kuzeyinsesi.org","author_name":"Kuzeyin Sesi","author_url":"https:\/\/kuzeyinsesi.org\/index.php\/author\/guven\/","title":"Cevdet Y\u0131lmaz: Kanl\u0131 Noel\u2019i unutmad\u0131k, unutturmayaca\u011f\u0131z - Kuzeyin Sesi","type":"rich","width":600,"height":338,"html":"<blockquote class=\"wp-embedded-content\" data-secret=\"4yXJjNCx7e\"><a href=\"https:\/\/kuzeyinsesi.org\/index.php\/2024\/12\/21\/cevdet-yilmaz-kanli-noeli-unutmadik-unutturmayacagiz\/\">Cevdet Y\u0131lmaz: Kanl\u0131 Noel\u2019i unutmad\u0131k, unutturmayaca\u011f\u0131z<\/a><\/blockquote><iframe sandbox=\"allow-scripts\" security=\"restricted\" src=\"https:\/\/kuzeyinsesi.org\/index.php\/2024\/12\/21\/cevdet-yilmaz-kanli-noeli-unutmadik-unutturmayacagiz\/embed\/#?secret=4yXJjNCx7e\" width=\"600\" height=\"338\" title=\"&#8220;Cevdet Y\u0131lmaz: Kanl\u0131 Noel\u2019i unutmad\u0131k, unutturmayaca\u011f\u0131z&#8221; &#8212; Kuzeyin Sesi\" data-secret=\"4yXJjNCx7e\" frameborder=\"0\" marginwidth=\"0\" marginheight=\"0\" scrolling=\"no\" class=\"wp-embedded-content\"><\/iframe><script type=\"text\/javascript\">\n\/* <![CDATA[ *\/\n\/*! This file is auto-generated *\/\n!function(d,l){\"use strict\";l.querySelector&&d.addEventListener&&\"undefined\"!=typeof URL&&(d.wp=d.wp||{},d.wp.receiveEmbedMessage||(d.wp.receiveEmbedMessage=function(e){var t=e.data;if((t||t.secret||t.message||t.value)&&!\/[^a-zA-Z0-9]\/.test(t.secret)){for(var s,r,n,a=l.querySelectorAll('iframe[data-secret=\"'+t.secret+'\"]'),o=l.querySelectorAll('blockquote[data-secret=\"'+t.secret+'\"]'),c=new RegExp(\"^https?:$\",\"i\"),i=0;i<o.length;i++)o[i].style.display=\"none\";for(i=0;i<a.length;i++)s=a[i],e.source===s.contentWindow&&(s.removeAttribute(\"style\"),\"height\"===t.message?(1e3<(r=parseInt(t.value,10))?r=1e3:~~r<200&&(r=200),s.height=r):\"link\"===t.message&&(r=new URL(s.getAttribute(\"src\")),n=new URL(t.value),c.test(n.protocol))&&n.host===r.host&&l.activeElement===s&&(d.top.location.href=t.value))}},d.addEventListener(\"message\",d.wp.receiveEmbedMessage,!1),l.addEventListener(\"DOMContentLoaded\",function(){for(var e,t,s=l.querySelectorAll(\"iframe.wp-embedded-content\"),r=0;r<s.length;r++)(t=(e=s[r]).getAttribute(\"data-secret\"))||(t=Math.random().toString(36).substring(2,12),e.src+=\"#?secret=\"+t,e.setAttribute(\"data-secret\",t)),e.contentWindow.postMessage({message:\"ready\",secret:t},\"*\")},!1)))}(window,document);\n\/\/# sourceURL=https:\/\/kuzeyinsesi.org\/wp-includes\/js\/wp-embed.min.js\n\/* ]]> *\/\n<\/script>\n","thumbnail_url":"https:\/\/brtk.net\/wp-content\/uploads\/2024\/08\/30\/cevdet-yilmaz-mesaj1-scaled.jpg?ver=a6e59e87658e76bee7a832fdb09f352c","thumbnail_width":600,"thumbnail_height":401,"description":"\u00a0 T\u00fcrkiye Cumhurba\u015fkan\u0131 Yard\u0131mc\u0131s\u0131 Cevdet Y\u0131lmaz, 21-25 Aral\u0131k Milli M\u00fccadele ve \u015eehitler Haftas\u0131 dolay\u0131s\u0131yla sosyal medya hesab\u0131 \u00fczerinden bir mesaj yay\u0131mlad\u0131. Y\u0131lmaz, mesaj\u0131nda \u015funlar\u0131 s\u00f6yledi: \u201c61 y\u0131l \u00f6nce Rum ter\u00f6r \u00f6rg\u00fct\u00fc EOKA taraf\u0131ndan K\u0131br\u0131s T\u00fcrklerine y\u00f6nelik ba\u015flat\u0131lan \u201cKanl\u0131 Noel\u201d sald\u0131r\u0131lar\u0131, tarihe kara bir leke olarak kaz\u0131nm\u0131\u015ft\u0131r. Bu vah\u015fetin sorumlular\u0131, birlik ve beraberli\u011fimiz kar\u015f\u0131s\u0131nda ama\u00e7lar\u0131na ula\u015famam\u0131\u015ft\u0131r. [&hellip;]"}

Cevdet Yılmaz: Kanlı Noel’i unutmadık, unutturmayacağız - Kuzeyin Sesi

<blockquote class="wp-embedded-content" data-secret="4yXJjNCx7e"><a href="https://kuzeyinsesi.org/index.php/2024/12/21/cevdet-yilmaz-kanli-noeli-unutmadik-unutturmayacagiz/">Cevdet Yılmaz: Kanlı Noel’i unutmadık, unutturmayacağız</a></blockquote><iframe sandbox="allow-scripts" security="restricted" src="https://kuzeyinsesi.org/index.php/2024/12/21/cevdet-yilmaz-kanli-noeli-unutmadik-unutturmayacagiz/embed/#?secret=4yXJjNCx7e" width="600" height="338" title="&#8220;Cevdet Yılmaz: Kanlı Noel’i unutmadık, unutturmayacağız&#8221; &#8212; Kuzeyin Sesi" data-secret="4yXJjNCx7e" frameborder="0" marginwidth="0" marginheight="0" scrolling="no" class="wp-embedded-content"></iframe><script type="text/javascript">
/* <![CDATA[ */
/*! This file is auto-generated */
!function(d,l){"use strict";l.querySelector&&d.addEventListener&&"undefined"!=typeof URL&&(d.wp=d.wp||{},d.wp.receiveEmbedMessage||(d.wp.receiveEmbedMessage=function(e){var t=e.data;if((t||t.secret||t.message||t.value)&&!/[^a-zA-Z0-9]/.test(t.secret)){for(var s,r,n,a=l.querySelectorAll('iframe[data-secret="'+t.secret+'"]'),o=l.querySelectorAll('blockquote[data-secret="'+t.secret+'"]'),c=new RegExp("^https?:$","i"),i=0;i<o.length;i++)o[i].style.display="none";for(i=0;i<a.length;i++)s=a[i],e.source===s.contentWindow&&(s.removeAttribute("style"),"height"===t.message?(1e3<(r=parseInt(t.value,10))?r=1e3:~~r<200&&(r=200),s.height=r):"link"===t.message&&(r=new URL(s.getAttribute("src")),n=new URL(t.value),c.test(n.protocol))&&n.host===r.host&&l.activeElement===s&&(d.top.location.href=t.value))}},d.addEventListener("message",d.wp.receiveEmbedMessage,!1),l.addEventListener("DOMContentLoaded",function(){for(var e,t,s=l.querySelectorAll("iframe.wp-embedded-content"),r=0;r<s.length;r++)(t=(e=s[r]).getAttribute("data-secret"))||(t=Math.random().toString(36).substring(2,12),e.src+="#?secret="+t,e.setAttribute("data-secret",t)),e.contentWindow.postMessage({message:"ready",secret:t},"*")},!1)))}(window,document);
//# sourceURL=https://kuzeyinsesi.org/wp-includes/js/wp-embed.min.js
/* ]]> */
</script>

Türkiye Cumhurbaşkanı Yardımcısı Cevdet Yılmaz, 21-25 Aralık Milli Mücadele ve Şehitler Haftası dolayısıyla sosyal medya hesabı üzerinden bir mesaj yayımladı. Yılmaz, mesajında şunları söyledi: “61 yıl önce Rum terör örgütü EOKA tarafından Kıbrıs Türklerine yönelik başlatılan “Kanlı Noel” saldırıları, tarihe kara bir leke olarak kazınmıştır. Bu vahşetin sorumluları, birlik ve beraberliğimiz karşısında amaçlarına ulaşamamıştır. [&hellip;]
