{"version":"1.0","provider_name":"Kuzeyin Sesi","provider_url":"https:\/\/kuzeyinsesi.org","author_name":"Kuzeyin Sesi","author_url":"https:\/\/kuzeyinsesi.org\/index.php\/author\/guven\/","title":"Lefko\u015fa\u2019da \u201cM\u00fczi\u011fin Renkleri\u201d etkinli\u011fi - Kuzeyin Sesi","type":"rich","width":600,"height":338,"html":"<blockquote class=\"wp-embedded-content\" data-secret=\"DFWBtTL6H7\"><a href=\"https:\/\/kuzeyinsesi.org\/index.php\/2024\/12\/04\/lefkosada-muzigin-renkleri-etkinligi\/\">Lefko\u015fa\u2019da \u201cM\u00fczi\u011fin Renkleri\u201d etkinli\u011fi<\/a><\/blockquote><iframe sandbox=\"allow-scripts\" security=\"restricted\" src=\"https:\/\/kuzeyinsesi.org\/index.php\/2024\/12\/04\/lefkosada-muzigin-renkleri-etkinligi\/embed\/#?secret=DFWBtTL6H7\" width=\"600\" height=\"338\" title=\"&#8220;Lefko\u015fa\u2019da \u201cM\u00fczi\u011fin Renkleri\u201d etkinli\u011fi&#8221; &#8212; Kuzeyin Sesi\" data-secret=\"DFWBtTL6H7\" frameborder=\"0\" marginwidth=\"0\" marginheight=\"0\" scrolling=\"no\" class=\"wp-embedded-content\"><\/iframe><script type=\"text\/javascript\">\n\/* <![CDATA[ *\/\n\/*! This file is auto-generated *\/\n!function(d,l){\"use strict\";l.querySelector&&d.addEventListener&&\"undefined\"!=typeof URL&&(d.wp=d.wp||{},d.wp.receiveEmbedMessage||(d.wp.receiveEmbedMessage=function(e){var t=e.data;if((t||t.secret||t.message||t.value)&&!\/[^a-zA-Z0-9]\/.test(t.secret)){for(var s,r,n,a=l.querySelectorAll('iframe[data-secret=\"'+t.secret+'\"]'),o=l.querySelectorAll('blockquote[data-secret=\"'+t.secret+'\"]'),c=new RegExp(\"^https?:$\",\"i\"),i=0;i<o.length;i++)o[i].style.display=\"none\";for(i=0;i<a.length;i++)s=a[i],e.source===s.contentWindow&&(s.removeAttribute(\"style\"),\"height\"===t.message?(1e3<(r=parseInt(t.value,10))?r=1e3:~~r<200&&(r=200),s.height=r):\"link\"===t.message&&(r=new URL(s.getAttribute(\"src\")),n=new URL(t.value),c.test(n.protocol))&&n.host===r.host&&l.activeElement===s&&(d.top.location.href=t.value))}},d.addEventListener(\"message\",d.wp.receiveEmbedMessage,!1),l.addEventListener(\"DOMContentLoaded\",function(){for(var e,t,s=l.querySelectorAll(\"iframe.wp-embedded-content\"),r=0;r<s.length;r++)(t=(e=s[r]).getAttribute(\"data-secret\"))||(t=Math.random().toString(36).substring(2,12),e.src+=\"#?secret=\"+t,e.setAttribute(\"data-secret\",t)),e.contentWindow.postMessage({message:\"ready\",secret:t},\"*\")},!1)))}(window,document);\n\/\/# sourceURL=https:\/\/kuzeyinsesi.org\/wp-includes\/js\/wp-embed.min.js\n\/* ]]> *\/\n<\/script>\n","thumbnail_url":"https:\/\/brtk.net\/wp-content\/uploads\/2024\/12\/04\/89.jpg?ver=7bb40c76d85021f3e331a9d9a03541bf","thumbnail_width":600,"thumbnail_height":245,"description":"AB Bilgi Merkezi, Akdeniz Avrupa Sanat Derne\u011fi (EMAA) i\u015f birli\u011fiyle, D\u00fcnya Engelliler G\u00fcn\u00fc kapsam\u0131nda \u201cM\u00fczi\u011fin Renkleri\u201d isimli etkinlik d\u00fczenledi. Lefko\u015fa Bedesten\u2019de bu ak\u015fam\u00fcst\u00fc 18.00\u2019de ger\u00e7ekle\u015ftirilen etkinlik, g\u00f6rme engelli bireylerin renkleri m\u00fczik arac\u0131l\u0131\u011f\u0131yla ke\u015ffetmelerini ama\u00e7layan besteci H\u00fcseyin K\u0131rm\u0131z\u0131\u2019n\u0131n \u201cColor et Sonor\u201d adl\u0131 eserine odakland\u0131. Etkinlik, H\u00fcseyin K\u0131rm\u0131z\u0131\u2019n\u0131n eseri hakk\u0131nda ilham kaynaklar\u0131n\u0131 payla\u015ft\u0131\u011f\u0131 bir s\u00f6yle\u015fi ile ba\u015flad\u0131. [&hellip;]"}

Lefkoşa’da “Müziğin Renkleri” etkinliği - Kuzeyin Sesi

<blockquote class="wp-embedded-content" data-secret="DFWBtTL6H7"><a href="https://kuzeyinsesi.org/index.php/2024/12/04/lefkosada-muzigin-renkleri-etkinligi/">Lefkoşa’da “Müziğin Renkleri” etkinliği</a></blockquote><iframe sandbox="allow-scripts" security="restricted" src="https://kuzeyinsesi.org/index.php/2024/12/04/lefkosada-muzigin-renkleri-etkinligi/embed/#?secret=DFWBtTL6H7" width="600" height="338" title="&#8220;Lefkoşa’da “Müziğin Renkleri” etkinliği&#8221; &#8212; Kuzeyin Sesi" data-secret="DFWBtTL6H7" frameborder="0" marginwidth="0" marginheight="0" scrolling="no" class="wp-embedded-content"></iframe><script type="text/javascript">
/* <![CDATA[ */
/*! This file is auto-generated */
!function(d,l){"use strict";l.querySelector&&d.addEventListener&&"undefined"!=typeof URL&&(d.wp=d.wp||{},d.wp.receiveEmbedMessage||(d.wp.receiveEmbedMessage=function(e){var t=e.data;if((t||t.secret||t.message||t.value)&&!/[^a-zA-Z0-9]/.test(t.secret)){for(var s,r,n,a=l.querySelectorAll('iframe[data-secret="'+t.secret+'"]'),o=l.querySelectorAll('blockquote[data-secret="'+t.secret+'"]'),c=new RegExp("^https?:$","i"),i=0;i<o.length;i++)o[i].style.display="none";for(i=0;i<a.length;i++)s=a[i],e.source===s.contentWindow&&(s.removeAttribute("style"),"height"===t.message?(1e3<(r=parseInt(t.value,10))?r=1e3:~~r<200&&(r=200),s.height=r):"link"===t.message&&(r=new URL(s.getAttribute("src")),n=new URL(t.value),c.test(n.protocol))&&n.host===r.host&&l.activeElement===s&&(d.top.location.href=t.value))}},d.addEventListener("message",d.wp.receiveEmbedMessage,!1),l.addEventListener("DOMContentLoaded",function(){for(var e,t,s=l.querySelectorAll("iframe.wp-embedded-content"),r=0;r<s.length;r++)(t=(e=s[r]).getAttribute("data-secret"))||(t=Math.random().toString(36).substring(2,12),e.src+="#?secret="+t,e.setAttribute("data-secret",t)),e.contentWindow.postMessage({message:"ready",secret:t},"*")},!1)))}(window,document);
//# sourceURL=https://kuzeyinsesi.org/wp-includes/js/wp-embed.min.js
/* ]]> */
</script>

AB Bilgi Merkezi, Akdeniz Avrupa Sanat Derneği (EMAA) iş birliğiyle, Dünya Engelliler Günü kapsamında “Müziğin Renkleri” isimli etkinlik düzenledi. Lefkoşa Bedesten’de bu akşamüstü 18.00’de gerçekleştirilen etkinlik, görme engelli bireylerin renkleri müzik aracılığıyla keşfetmelerini amaçlayan besteci Hüseyin Kırmızı’nın “Color et Sonor” adlı eserine odaklandı. Etkinlik, Hüseyin Kırmızı’nın eseri hakkında ilham kaynaklarını paylaştığı bir söyleşi ile başladı. [&hellip;]
