{"version":"1.0","provider_name":"Kuzeyin Sesi","provider_url":"https:\/\/kuzeyinsesi.org","author_name":"Kuzeyin Sesi","author_url":"https:\/\/kuzeyinsesi.org\/index.php\/author\/guven\/","title":"Rize ve Malatya\u2019da deprem oldu - Kuzeyin Sesi","type":"rich","width":600,"height":338,"html":"<blockquote class=\"wp-embedded-content\" data-secret=\"bZDsY4aw74\"><a href=\"https:\/\/kuzeyinsesi.org\/index.php\/2024\/11\/15\/rize-ve-malatyada-deprem-oldu\/\">Rize ve Malatya\u2019da deprem oldu<\/a><\/blockquote><iframe sandbox=\"allow-scripts\" security=\"restricted\" src=\"https:\/\/kuzeyinsesi.org\/index.php\/2024\/11\/15\/rize-ve-malatyada-deprem-oldu\/embed\/#?secret=bZDsY4aw74\" width=\"600\" height=\"338\" title=\"&#8220;Rize ve Malatya\u2019da deprem oldu&#8221; &#8212; Kuzeyin Sesi\" data-secret=\"bZDsY4aw74\" frameborder=\"0\" marginwidth=\"0\" marginheight=\"0\" scrolling=\"no\" class=\"wp-embedded-content\"><\/iframe><script type=\"text\/javascript\">\n\/* <![CDATA[ *\/\n\/*! This file is auto-generated *\/\n!function(d,l){\"use strict\";l.querySelector&&d.addEventListener&&\"undefined\"!=typeof URL&&(d.wp=d.wp||{},d.wp.receiveEmbedMessage||(d.wp.receiveEmbedMessage=function(e){var t=e.data;if((t||t.secret||t.message||t.value)&&!\/[^a-zA-Z0-9]\/.test(t.secret)){for(var s,r,n,a=l.querySelectorAll('iframe[data-secret=\"'+t.secret+'\"]'),o=l.querySelectorAll('blockquote[data-secret=\"'+t.secret+'\"]'),c=new RegExp(\"^https?:$\",\"i\"),i=0;i<o.length;i++)o[i].style.display=\"none\";for(i=0;i<a.length;i++)s=a[i],e.source===s.contentWindow&&(s.removeAttribute(\"style\"),\"height\"===t.message?(1e3<(r=parseInt(t.value,10))?r=1e3:~~r<200&&(r=200),s.height=r):\"link\"===t.message&&(r=new URL(s.getAttribute(\"src\")),n=new URL(t.value),c.test(n.protocol))&&n.host===r.host&&l.activeElement===s&&(d.top.location.href=t.value))}},d.addEventListener(\"message\",d.wp.receiveEmbedMessage,!1),l.addEventListener(\"DOMContentLoaded\",function(){for(var e,t,s=l.querySelectorAll(\"iframe.wp-embedded-content\"),r=0;r<s.length;r++)(t=(e=s[r]).getAttribute(\"data-secret\"))||(t=Math.random().toString(36).substring(2,12),e.src+=\"#?secret=\"+t,e.setAttribute(\"data-secret\",t)),e.contentWindow.postMessage({message:\"ready\",secret:t},\"*\")},!1)))}(window,document);\n\/\/# sourceURL=https:\/\/kuzeyinsesi.org\/wp-includes\/js\/wp-embed.min.js\n\/* ]]> *\/\n<\/script>\n","thumbnail_url":"https:\/\/brtk.net\/wp-content\/uploads\/2024\/05\/21\/depremmmmmmmmmmmmmmmmmmm.jpg?ver=a655c21bde35aa282e434786bebe0f08","thumbnail_width":600,"thumbnail_height":338,"description":"Afet ve Acil Durum Y\u00f6netimi Ba\u015fkanl\u0131\u011f\u0131\u2019ndan (AFAD) yap\u0131lan a\u00e7\u0131klamaya g\u00f6re, Rize\u2019nin Hem\u015fin il\u00e7esinde 4,7 b\u00fcy\u00fckl\u00fc\u011f\u00fcnde deprem meydana geldi. Saat 12.02\u2019de (TS\u0130) ger\u00e7ekle\u015fen depremin derinli\u011fi 12,85 kilometre olarak kaydedildi. Malatya, 4,9\u2019la salland\u0131Malaya\u2019n\u0131n Do\u011fan\u015fehir il\u00e7esinde de saat 10.46\u2019da (TS\u0130) 4,9 b\u00fcy\u00fckl\u00fc\u011f\u00fcnde bir deprem meydana gelmi\u015fti. Derinli\u011fi 7 kilometre olarak \u00f6l\u00e7\u00fclen sars\u0131nt\u0131 \u00e7evre illerden de hissedilmi\u015fti. Depreme ili\u015fkin [&hellip;]"}

Afet ve Acil Durum Yönetimi Başkanlığı’ndan (AFAD) yapılan açıklamaya göre, Rize’nin Hemşin ilçesinde 4,7 büyüklüğünde deprem meydana geldi. Saat 12.02’de (TSİ) gerçekleşen depremin derinliği 12,85 kilometre olarak kaydedildi. Malatya, 4,9’la sallandıMalaya’nın Doğanşehir ilçesinde de saat 10.46’da (TSİ) 4,9 büyüklüğünde bir deprem meydana gelmişti. Derinliği 7 kilometre olarak ölçülen sarsıntı çevre illerden de hissedilmişti. Depreme ilişkin [&hellip;]
