{"version":"1.0","provider_name":"Kuzeyin Sesi","provider_url":"https:\/\/kuzeyinsesi.org","author_name":"Kuzeyin Sesi","author_url":"https:\/\/kuzeyinsesi.org\/index.php\/author\/guven\/","title":"Lefke Hurma Festivali yar\u0131n yap\u0131l\u0131yor - Kuzeyin Sesi","type":"rich","width":600,"height":338,"html":"<blockquote class=\"wp-embedded-content\" data-secret=\"fHb2n4kAXn\"><a href=\"https:\/\/kuzeyinsesi.org\/index.php\/2024\/11\/02\/lefke-hurma-festivali-yarin-yapiliyor\/\">Lefke Hurma Festivali yar\u0131n yap\u0131l\u0131yor<\/a><\/blockquote><iframe sandbox=\"allow-scripts\" security=\"restricted\" src=\"https:\/\/kuzeyinsesi.org\/index.php\/2024\/11\/02\/lefke-hurma-festivali-yarin-yapiliyor\/embed\/#?secret=fHb2n4kAXn\" width=\"600\" height=\"338\" title=\"&#8220;Lefke Hurma Festivali yar\u0131n yap\u0131l\u0131yor&#8221; &#8212; Kuzeyin Sesi\" data-secret=\"fHb2n4kAXn\" frameborder=\"0\" marginwidth=\"0\" marginheight=\"0\" scrolling=\"no\" class=\"wp-embedded-content\"><\/iframe><script type=\"text\/javascript\">\n\/* <![CDATA[ *\/\n\/*! This file is auto-generated *\/\n!function(d,l){\"use strict\";l.querySelector&&d.addEventListener&&\"undefined\"!=typeof URL&&(d.wp=d.wp||{},d.wp.receiveEmbedMessage||(d.wp.receiveEmbedMessage=function(e){var t=e.data;if((t||t.secret||t.message||t.value)&&!\/[^a-zA-Z0-9]\/.test(t.secret)){for(var s,r,n,a=l.querySelectorAll('iframe[data-secret=\"'+t.secret+'\"]'),o=l.querySelectorAll('blockquote[data-secret=\"'+t.secret+'\"]'),c=new RegExp(\"^https?:$\",\"i\"),i=0;i<o.length;i++)o[i].style.display=\"none\";for(i=0;i<a.length;i++)s=a[i],e.source===s.contentWindow&&(s.removeAttribute(\"style\"),\"height\"===t.message?(1e3<(r=parseInt(t.value,10))?r=1e3:~~r<200&&(r=200),s.height=r):\"link\"===t.message&&(r=new URL(s.getAttribute(\"src\")),n=new URL(t.value),c.test(n.protocol))&&n.host===r.host&&l.activeElement===s&&(d.top.location.href=t.value))}},d.addEventListener(\"message\",d.wp.receiveEmbedMessage,!1),l.addEventListener(\"DOMContentLoaded\",function(){for(var e,t,s=l.querySelectorAll(\"iframe.wp-embedded-content\"),r=0;r<s.length;r++)(t=(e=s[r]).getAttribute(\"data-secret\"))||(t=Math.random().toString(36).substring(2,12),e.src+=\"#?secret=\"+t,e.setAttribute(\"data-secret\",t)),e.contentWindow.postMessage({message:\"ready\",secret:t},\"*\")},!1)))}(window,document);\n\/\/# sourceURL=https:\/\/kuzeyinsesi.org\/wp-includes\/js\/wp-embed.min.js\n\/* ]]> *\/\n<\/script>\n","thumbnail_url":"https:\/\/brtk.net\/wp-content\/uploads\/2024\/11\/02\/lefke-hurma-festivali-yarin-5.jpg?ver=f91c0459752ec1dc35ababa328af488d","thumbnail_width":600,"thumbnail_height":450,"description":"Lefke Belediyesi ve Lefke Turizm Derne\u011fi i\u015f birli\u011finde d\u00fczenlenen \u201c15. Lefke Hurma Festivali\u201d yar\u0131n yap\u0131l\u0131yor. K\u0131br\u0131s\u2019\u0131n hurmas\u0131yla \u00fcnl\u00fc kenti Lefke\u2019deki Festival, Lefke \u00c7ar\u015f\u0131 merkezinde 09.30- 18.00 saatleri aras\u0131nda d\u00fczenlenecek. Festivalle ilgili a\u00e7\u0131klamada, festivalin \u201chalk\u0131n festivali\u201d oldu\u011fu vurgulanarak, a\u00e7\u0131l\u0131\u015f\u0131n\u0131n siyasiler taraf\u0131ndan de\u011fil halk taraf\u0131ndan yap\u0131ld\u0131\u011f\u0131, bu sene de, \u201cK\u0131br\u0131s K\u00fclt\u00fcr El\u00e7ileri\u201d taraf\u0131ndan a\u00e7\u0131laca\u011f\u0131 belirtildi. Kat\u0131l\u0131mc\u0131lar g\u00fcn [&hellip;]"}

Lefke Hurma Festivali yarın yapılıyor - Kuzeyin Sesi

<blockquote class="wp-embedded-content" data-secret="fHb2n4kAXn"><a href="https://kuzeyinsesi.org/index.php/2024/11/02/lefke-hurma-festivali-yarin-yapiliyor/">Lefke Hurma Festivali yarın yapılıyor</a></blockquote><iframe sandbox="allow-scripts" security="restricted" src="https://kuzeyinsesi.org/index.php/2024/11/02/lefke-hurma-festivali-yarin-yapiliyor/embed/#?secret=fHb2n4kAXn" width="600" height="338" title="&#8220;Lefke Hurma Festivali yarın yapılıyor&#8221; &#8212; Kuzeyin Sesi" data-secret="fHb2n4kAXn" frameborder="0" marginwidth="0" marginheight="0" scrolling="no" class="wp-embedded-content"></iframe><script type="text/javascript">
/* <![CDATA[ */
/*! This file is auto-generated */
!function(d,l){"use strict";l.querySelector&&d.addEventListener&&"undefined"!=typeof URL&&(d.wp=d.wp||{},d.wp.receiveEmbedMessage||(d.wp.receiveEmbedMessage=function(e){var t=e.data;if((t||t.secret||t.message||t.value)&&!/[^a-zA-Z0-9]/.test(t.secret)){for(var s,r,n,a=l.querySelectorAll('iframe[data-secret="'+t.secret+'"]'),o=l.querySelectorAll('blockquote[data-secret="'+t.secret+'"]'),c=new RegExp("^https?:$","i"),i=0;i<o.length;i++)o[i].style.display="none";for(i=0;i<a.length;i++)s=a[i],e.source===s.contentWindow&&(s.removeAttribute("style"),"height"===t.message?(1e3<(r=parseInt(t.value,10))?r=1e3:~~r<200&&(r=200),s.height=r):"link"===t.message&&(r=new URL(s.getAttribute("src")),n=new URL(t.value),c.test(n.protocol))&&n.host===r.host&&l.activeElement===s&&(d.top.location.href=t.value))}},d.addEventListener("message",d.wp.receiveEmbedMessage,!1),l.addEventListener("DOMContentLoaded",function(){for(var e,t,s=l.querySelectorAll("iframe.wp-embedded-content"),r=0;r<s.length;r++)(t=(e=s[r]).getAttribute("data-secret"))||(t=Math.random().toString(36).substring(2,12),e.src+="#?secret="+t,e.setAttribute("data-secret",t)),e.contentWindow.postMessage({message:"ready",secret:t},"*")},!1)))}(window,document);
//# sourceURL=https://kuzeyinsesi.org/wp-includes/js/wp-embed.min.js
/* ]]> */
</script>

Lefke Belediyesi ve Lefke Turizm Derneği iş birliğinde düzenlenen “15. Lefke Hurma Festivali” yarın yapılıyor. Kıbrıs’ın hurmasıyla ünlü kenti Lefke’deki Festival, Lefke Çarşı merkezinde 09.30- 18.00 saatleri arasında düzenlenecek. Festivalle ilgili açıklamada, festivalin “halkın festivali” olduğu vurgulanarak, açılışının siyasiler tarafından değil halk tarafından yapıldığı, bu sene de, “Kıbrıs Kültür Elçileri” tarafından açılacağı belirtildi. Katılımcılar gün [&hellip;]
