{"version":"1.0","provider_name":"Kuzeyin Sesi","provider_url":"https:\/\/kuzeyinsesi.org","author_name":"Kuzeyin Sesi","author_url":"https:\/\/kuzeyinsesi.org\/index.php\/author\/guven\/","title":"Ercan\u2019da \u201cGe\u00e7mi\u015fin \u0130zinde K\u0131z\u0131lay\u201d sergisi\u2026 - Kuzeyin Sesi","type":"rich","width":600,"height":338,"html":"<blockquote class=\"wp-embedded-content\" data-secret=\"lxKJaFb4UN\"><a href=\"https:\/\/kuzeyinsesi.org\/index.php\/2024\/10\/30\/ercanda-gecmisin-izinde-kizilay-sergisi\/\">Ercan\u2019da \u201cGe\u00e7mi\u015fin \u0130zinde K\u0131z\u0131lay\u201d sergisi\u2026<\/a><\/blockquote><iframe sandbox=\"allow-scripts\" security=\"restricted\" src=\"https:\/\/kuzeyinsesi.org\/index.php\/2024\/10\/30\/ercanda-gecmisin-izinde-kizilay-sergisi\/embed\/#?secret=lxKJaFb4UN\" width=\"600\" height=\"338\" title=\"&#8220;Ercan\u2019da \u201cGe\u00e7mi\u015fin \u0130zinde K\u0131z\u0131lay\u201d sergisi\u2026&#8221; &#8212; Kuzeyin Sesi\" data-secret=\"lxKJaFb4UN\" frameborder=\"0\" marginwidth=\"0\" marginheight=\"0\" scrolling=\"no\" class=\"wp-embedded-content\"><\/iframe><script type=\"text\/javascript\">\n\/* <![CDATA[ *\/\n\/*! This file is auto-generated *\/\n!function(d,l){\"use strict\";l.querySelector&&d.addEventListener&&\"undefined\"!=typeof URL&&(d.wp=d.wp||{},d.wp.receiveEmbedMessage||(d.wp.receiveEmbedMessage=function(e){var t=e.data;if((t||t.secret||t.message||t.value)&&!\/[^a-zA-Z0-9]\/.test(t.secret)){for(var s,r,n,a=l.querySelectorAll('iframe[data-secret=\"'+t.secret+'\"]'),o=l.querySelectorAll('blockquote[data-secret=\"'+t.secret+'\"]'),c=new RegExp(\"^https?:$\",\"i\"),i=0;i<o.length;i++)o[i].style.display=\"none\";for(i=0;i<a.length;i++)s=a[i],e.source===s.contentWindow&&(s.removeAttribute(\"style\"),\"height\"===t.message?(1e3<(r=parseInt(t.value,10))?r=1e3:~~r<200&&(r=200),s.height=r):\"link\"===t.message&&(r=new URL(s.getAttribute(\"src\")),n=new URL(t.value),c.test(n.protocol))&&n.host===r.host&&l.activeElement===s&&(d.top.location.href=t.value))}},d.addEventListener(\"message\",d.wp.receiveEmbedMessage,!1),l.addEventListener(\"DOMContentLoaded\",function(){for(var e,t,s=l.querySelectorAll(\"iframe.wp-embedded-content\"),r=0;r<s.length;r++)(t=(e=s[r]).getAttribute(\"data-secret\"))||(t=Math.random().toString(36).substring(2,12),e.src+=\"#?secret=\"+t,e.setAttribute(\"data-secret\",t)),e.contentWindow.postMessage({message:\"ready\",secret:t},\"*\")},!1)))}(window,document);\n\/\/# sourceURL=https:\/\/kuzeyinsesi.org\/wp-includes\/js\/wp-embed.min.js\n\/* ]]> *\/\n<\/script>\n","thumbnail_url":"https:\/\/brtk.net\/wp-content\/uploads\/2024\/10\/30\/ooooooooooooooooop.jpg?ver=c3b7be25c6017cfd1be76c778ad16f6b","thumbnail_width":600,"thumbnail_height":335,"description":"K\u0131br\u0131s T\u00fcrk K\u0131z\u0131lay\u2019\u0131, K\u0131z\u0131lay Haftas\u0131 dolay\u0131s\u0131yla, kurulu\u015funun 50. y\u0131l d\u00f6n\u00fcm\u00fc an\u0131s\u0131na Ercan Havaliman\u0131\u2019nda \u201cGe\u00e7mi\u015fin \u0130zinde K\u0131z\u0131lay\u201d resim sergisi a\u00e7t\u0131. Ercan Havaliman\u0131\u2019nda yer alan sergi 4 Kas\u0131m\u2019a kadar \u201cgiden yolcu\u201d b\u00f6l\u00fcm\u00fcnde pasaport sonras\u0131 yolcular taraf\u0131ndan gezilebilecek. K\u0131br\u0131s T\u00fcrk K\u0131z\u0131lay\u2019\u0131 taraf\u0131ndan yap\u0131lan a\u00e7\u0131klamaya g\u00f6re, T&amp;T Havaliman\u0131 \u0130\u015fletmecili\u011fi ile birlikte d\u00fczenlenen sergide Bar\u0131\u015f Harekat\u0131 \u00f6ncesinde adada T\u00fcrk K\u0131z\u0131lay [&hellip;]"}

Ercan’da “Geçmişin İzinde Kızılay” sergisi… - Kuzeyin Sesi

<blockquote class="wp-embedded-content" data-secret="lxKJaFb4UN"><a href="https://kuzeyinsesi.org/index.php/2024/10/30/ercanda-gecmisin-izinde-kizilay-sergisi/">Ercan’da “Geçmişin İzinde Kızılay” sergisi…</a></blockquote><iframe sandbox="allow-scripts" security="restricted" src="https://kuzeyinsesi.org/index.php/2024/10/30/ercanda-gecmisin-izinde-kizilay-sergisi/embed/#?secret=lxKJaFb4UN" width="600" height="338" title="&#8220;Ercan’da “Geçmişin İzinde Kızılay” sergisi…&#8221; &#8212; Kuzeyin Sesi" data-secret="lxKJaFb4UN" frameborder="0" marginwidth="0" marginheight="0" scrolling="no" class="wp-embedded-content"></iframe><script type="text/javascript">
/* <![CDATA[ */
/*! This file is auto-generated */
!function(d,l){"use strict";l.querySelector&&d.addEventListener&&"undefined"!=typeof URL&&(d.wp=d.wp||{},d.wp.receiveEmbedMessage||(d.wp.receiveEmbedMessage=function(e){var t=e.data;if((t||t.secret||t.message||t.value)&&!/[^a-zA-Z0-9]/.test(t.secret)){for(var s,r,n,a=l.querySelectorAll('iframe[data-secret="'+t.secret+'"]'),o=l.querySelectorAll('blockquote[data-secret="'+t.secret+'"]'),c=new RegExp("^https?:$","i"),i=0;i<o.length;i++)o[i].style.display="none";for(i=0;i<a.length;i++)s=a[i],e.source===s.contentWindow&&(s.removeAttribute("style"),"height"===t.message?(1e3<(r=parseInt(t.value,10))?r=1e3:~~r<200&&(r=200),s.height=r):"link"===t.message&&(r=new URL(s.getAttribute("src")),n=new URL(t.value),c.test(n.protocol))&&n.host===r.host&&l.activeElement===s&&(d.top.location.href=t.value))}},d.addEventListener("message",d.wp.receiveEmbedMessage,!1),l.addEventListener("DOMContentLoaded",function(){for(var e,t,s=l.querySelectorAll("iframe.wp-embedded-content"),r=0;r<s.length;r++)(t=(e=s[r]).getAttribute("data-secret"))||(t=Math.random().toString(36).substring(2,12),e.src+="#?secret="+t,e.setAttribute("data-secret",t)),e.contentWindow.postMessage({message:"ready",secret:t},"*")},!1)))}(window,document);
//# sourceURL=https://kuzeyinsesi.org/wp-includes/js/wp-embed.min.js
/* ]]> */
</script>

Kıbrıs Türk Kızılay’ı, Kızılay Haftası dolayısıyla, kuruluşunun 50. yıl dönümü anısına Ercan Havalimanı’nda “Geçmişin İzinde Kızılay” resim sergisi açtı. Ercan Havalimanı’nda yer alan sergi 4 Kasım’a kadar “giden yolcu” bölümünde pasaport sonrası yolcular tarafından gezilebilecek. Kıbrıs Türk Kızılay’ı tarafından yapılan açıklamaya göre, T&amp;T Havalimanı İşletmeciliği ile birlikte düzenlenen sergide Barış Harekatı öncesinde adada Türk Kızılay [&hellip;]
