{"version":"1.0","provider_name":"Kuzeyin Sesi","provider_url":"https:\/\/kuzeyinsesi.org","author_name":"Kuzeyin Sesi","author_url":"https:\/\/kuzeyinsesi.org\/index.php\/author\/guven\/","title":"Akdeniz\u2019de bu pazar Ecolive Hasat Festivali var - Kuzeyin Sesi","type":"rich","width":600,"height":338,"html":"<blockquote class=\"wp-embedded-content\" data-secret=\"noN4mMA2ZG\"><a href=\"https:\/\/kuzeyinsesi.org\/index.php\/2024\/10\/22\/akdenizde-bu-pazar-ecolive-hasat-festivali-var\/\">Akdeniz\u2019de bu pazar Ecolive Hasat Festivali var<\/a><\/blockquote><iframe sandbox=\"allow-scripts\" security=\"restricted\" src=\"https:\/\/kuzeyinsesi.org\/index.php\/2024\/10\/22\/akdenizde-bu-pazar-ecolive-hasat-festivali-var\/embed\/#?secret=noN4mMA2ZG\" width=\"600\" height=\"338\" title=\"&#8220;Akdeniz\u2019de bu pazar Ecolive Hasat Festivali var&#8221; &#8212; Kuzeyin Sesi\" data-secret=\"noN4mMA2ZG\" frameborder=\"0\" marginwidth=\"0\" marginheight=\"0\" scrolling=\"no\" class=\"wp-embedded-content\"><\/iframe><script type=\"text\/javascript\">\n\/* <![CDATA[ *\/\n\/*! This file is auto-generated *\/\n!function(d,l){\"use strict\";l.querySelector&&d.addEventListener&&\"undefined\"!=typeof URL&&(d.wp=d.wp||{},d.wp.receiveEmbedMessage||(d.wp.receiveEmbedMessage=function(e){var t=e.data;if((t||t.secret||t.message||t.value)&&!\/[^a-zA-Z0-9]\/.test(t.secret)){for(var s,r,n,a=l.querySelectorAll('iframe[data-secret=\"'+t.secret+'\"]'),o=l.querySelectorAll('blockquote[data-secret=\"'+t.secret+'\"]'),c=new RegExp(\"^https?:$\",\"i\"),i=0;i<o.length;i++)o[i].style.display=\"none\";for(i=0;i<a.length;i++)s=a[i],e.source===s.contentWindow&&(s.removeAttribute(\"style\"),\"height\"===t.message?(1e3<(r=parseInt(t.value,10))?r=1e3:~~r<200&&(r=200),s.height=r):\"link\"===t.message&&(r=new URL(s.getAttribute(\"src\")),n=new URL(t.value),c.test(n.protocol))&&n.host===r.host&&l.activeElement===s&&(d.top.location.href=t.value))}},d.addEventListener(\"message\",d.wp.receiveEmbedMessage,!1),l.addEventListener(\"DOMContentLoaded\",function(){for(var e,t,s=l.querySelectorAll(\"iframe.wp-embedded-content\"),r=0;r<s.length;r++)(t=(e=s[r]).getAttribute(\"data-secret\"))||(t=Math.random().toString(36).substring(2,12),e.src+=\"#?secret=\"+t,e.setAttribute(\"data-secret\",t)),e.contentWindow.postMessage({message:\"ready\",secret:t},\"*\")},!1)))}(window,document);\n\/\/# sourceURL=https:\/\/kuzeyinsesi.org\/wp-includes\/js\/wp-embed.min.js\n\/* ]]> *\/\n<\/script>\n","thumbnail_url":"https:\/\/brtk.net\/wp-content\/uploads\/2024\/10\/22\/hasat-festivali-1-.jpeg?ver=81d491c9fef43a243342b75a3d07d188","thumbnail_width":600,"thumbnail_height":486,"description":"Ecolive Hasat Festivali Pazar g\u00fcn\u00fc Akdeniz k\u00f6y\u00fcnde yap\u0131lacak. Verilen bilgiye g\u00f6re,\u00a0yerli \u00fcreticiyi destekleme, zeytin a\u011fac\u0131n\u0131n k\u00fclt\u00fcrel ve ekonomik de\u011ferine dikkat \u00e7ekme ve \u00e7evre dostu \u00fcretim tekniklerinin yayg\u0131nla\u015fmas\u0131na katk\u0131da bulunmay\u0131 hedefleyen ve bu y\u0131l 5\u2019incisi d\u00fczenlenecek Festival,\u00a027 Ekim Pazar sabah\u0131 saat 08.00\u2019de ba\u015flay\u0131p g\u00fcn bat\u0131m\u0131na kadar s\u00fcrecek. Akdeniz k\u00f6y\u00fcndeki zeytin a\u011fa\u00e7lar\u0131n\u0131n aras\u0131na kurulacak festival alan\u0131nda adan\u0131n [&hellip;]"}

Ecolive Hasat Festivali Pazar günü Akdeniz köyünde yapılacak. Verilen bilgiye göre, yerli üreticiyi destekleme, zeytin ağacının kültürel ve ekonomik değerine dikkat çekme ve çevre dostu üretim tekniklerinin yaygınlaşmasına katkıda bulunmayı hedefleyen ve bu yıl 5’incisi düzenlenecek Festival, 27 Ekim Pazar sabahı saat 08.00’de başlayıp gün batımına kadar sürecek. Akdeniz köyündeki zeytin ağaçlarının arasına kurulacak festival alanında adanın [&hellip;]
