{"version":"1.0","provider_name":"Kuzeyin Sesi","provider_url":"https:\/\/kuzeyinsesi.org","author_name":"Kuzeyin Sesi","author_url":"https:\/\/kuzeyinsesi.org\/index.php\/author\/guven\/","title":"Zeytinlik Zeytin Festivali bu gece sona eriyor - Kuzeyin Sesi","type":"rich","width":600,"height":338,"html":"<blockquote class=\"wp-embedded-content\" data-secret=\"FVeM8L0ZD9\"><a href=\"https:\/\/kuzeyinsesi.org\/index.php\/2024\/10\/06\/zeytinlik-zeytin-festivali-bu-gece-sona-eriyor\/\">Zeytinlik Zeytin Festivali bu gece sona eriyor<\/a><\/blockquote><iframe sandbox=\"allow-scripts\" security=\"restricted\" src=\"https:\/\/kuzeyinsesi.org\/index.php\/2024\/10\/06\/zeytinlik-zeytin-festivali-bu-gece-sona-eriyor\/embed\/#?secret=FVeM8L0ZD9\" width=\"600\" height=\"338\" title=\"&#8220;Zeytinlik Zeytin Festivali bu gece sona eriyor&#8221; &#8212; Kuzeyin Sesi\" data-secret=\"FVeM8L0ZD9\" frameborder=\"0\" marginwidth=\"0\" marginheight=\"0\" scrolling=\"no\" class=\"wp-embedded-content\"><\/iframe><script type=\"text\/javascript\">\n\/* <![CDATA[ *\/\n\/*! This file is auto-generated *\/\n!function(d,l){\"use strict\";l.querySelector&&d.addEventListener&&\"undefined\"!=typeof URL&&(d.wp=d.wp||{},d.wp.receiveEmbedMessage||(d.wp.receiveEmbedMessage=function(e){var t=e.data;if((t||t.secret||t.message||t.value)&&!\/[^a-zA-Z0-9]\/.test(t.secret)){for(var s,r,n,a=l.querySelectorAll('iframe[data-secret=\"'+t.secret+'\"]'),o=l.querySelectorAll('blockquote[data-secret=\"'+t.secret+'\"]'),c=new RegExp(\"^https?:$\",\"i\"),i=0;i<o.length;i++)o[i].style.display=\"none\";for(i=0;i<a.length;i++)s=a[i],e.source===s.contentWindow&&(s.removeAttribute(\"style\"),\"height\"===t.message?(1e3<(r=parseInt(t.value,10))?r=1e3:~~r<200&&(r=200),s.height=r):\"link\"===t.message&&(r=new URL(s.getAttribute(\"src\")),n=new URL(t.value),c.test(n.protocol))&&n.host===r.host&&l.activeElement===s&&(d.top.location.href=t.value))}},d.addEventListener(\"message\",d.wp.receiveEmbedMessage,!1),l.addEventListener(\"DOMContentLoaded\",function(){for(var e,t,s=l.querySelectorAll(\"iframe.wp-embedded-content\"),r=0;r<s.length;r++)(t=(e=s[r]).getAttribute(\"data-secret\"))||(t=Math.random().toString(36).substring(2,12),e.src+=\"#?secret=\"+t,e.setAttribute(\"data-secret\",t)),e.contentWindow.postMessage({message:\"ready\",secret:t},\"*\")},!1)))}(window,document);\n\/\/# sourceURL=https:\/\/kuzeyinsesi.org\/wp-includes\/js\/wp-embed.min.js\n\/* ]]> *\/\n<\/script>\n","thumbnail_url":"https:\/\/brtk.net\/wp-content\/uploads\/2024\/10\/06\/girne-festival1-scaled.jpg?ver=72ed07357d3a8f0e2a0108faafda9a79","thumbnail_width":600,"thumbnail_height":452,"description":"Girne Belediyesi 23\u2019\u00fcnc\u00fc Uluslararas\u0131 Zeytinlik Zeytin Festivali bu ak\u015fam sona eriyor. Girne Belediyesinden verilen bilgiye g\u00f6re, Festival kapsam\u0131nda d\u00fcn Kar\u015f\u0131yaka K\u00fclt\u00fcr Sanat Derne\u011fi Halk Danslar\u0131 Toplulu\u011fu (K\u00fc\u00e7\u00fckler Grubu), Dance Spot \u00c7ocuk Balesi, Girne Gen\u00e7lik Merkezi Derne\u011fi Halk Danslar\u0131 Toplulu\u011fu ve Orak K\u00fclt\u00fcr Sanat ve E\u011fitim Merkezi\u2019nin g\u00f6sterileri yer ald\u0131. Gecede Erce G\u00fcner ve Ahmet Evan [&hellip;]"}

Girne Belediyesi 23’üncü Uluslararası Zeytinlik Zeytin Festivali bu akşam sona eriyor. Girne Belediyesinden verilen bilgiye göre, Festival kapsamında dün Karşıyaka Kültür Sanat Derneği Halk Dansları Topluluğu (Küçükler Grubu), Dance Spot Çocuk Balesi, Girne Gençlik Merkezi Derneği Halk Dansları Topluluğu ve Orak Kültür Sanat ve Eğitim Merkezi’nin gösterileri yer aldı. Gecede Erce Güner ve Ahmet Evan [&hellip;]
