{"version":"1.0","provider_name":"Kuzeyin Sesi","provider_url":"https:\/\/kuzeyinsesi.org","author_name":"Kuzeyin Sesi","author_url":"https:\/\/kuzeyinsesi.org\/index.php\/author\/guven\/","title":"Adan\u0131r\u2019\u0131n yeni kitab\u0131 yay\u0131mland\u0131 - Kuzeyin Sesi","type":"rich","width":600,"height":338,"html":"<blockquote class=\"wp-embedded-content\" data-secret=\"ueCWvOX3ej\"><a href=\"https:\/\/kuzeyinsesi.org\/index.php\/2024\/10\/01\/adanirin-yeni-kitabi-yayimlandi\/\">Adan\u0131r\u2019\u0131n yeni kitab\u0131 yay\u0131mland\u0131<\/a><\/blockquote><iframe sandbox=\"allow-scripts\" security=\"restricted\" src=\"https:\/\/kuzeyinsesi.org\/index.php\/2024\/10\/01\/adanirin-yeni-kitabi-yayimlandi\/embed\/#?secret=ueCWvOX3ej\" width=\"600\" height=\"338\" title=\"&#8220;Adan\u0131r\u2019\u0131n yeni kitab\u0131 yay\u0131mland\u0131&#8221; &#8212; Kuzeyin Sesi\" data-secret=\"ueCWvOX3ej\" frameborder=\"0\" marginwidth=\"0\" marginheight=\"0\" scrolling=\"no\" class=\"wp-embedded-content\"><\/iframe><script type=\"text\/javascript\">\n\/* <![CDATA[ *\/\n\/*! This file is auto-generated *\/\n!function(d,l){\"use strict\";l.querySelector&&d.addEventListener&&\"undefined\"!=typeof URL&&(d.wp=d.wp||{},d.wp.receiveEmbedMessage||(d.wp.receiveEmbedMessage=function(e){var t=e.data;if((t||t.secret||t.message||t.value)&&!\/[^a-zA-Z0-9]\/.test(t.secret)){for(var s,r,n,a=l.querySelectorAll('iframe[data-secret=\"'+t.secret+'\"]'),o=l.querySelectorAll('blockquote[data-secret=\"'+t.secret+'\"]'),c=new RegExp(\"^https?:$\",\"i\"),i=0;i<o.length;i++)o[i].style.display=\"none\";for(i=0;i<a.length;i++)s=a[i],e.source===s.contentWindow&&(s.removeAttribute(\"style\"),\"height\"===t.message?(1e3<(r=parseInt(t.value,10))?r=1e3:~~r<200&&(r=200),s.height=r):\"link\"===t.message&&(r=new URL(s.getAttribute(\"src\")),n=new URL(t.value),c.test(n.protocol))&&n.host===r.host&&l.activeElement===s&&(d.top.location.href=t.value))}},d.addEventListener(\"message\",d.wp.receiveEmbedMessage,!1),l.addEventListener(\"DOMContentLoaded\",function(){for(var e,t,s=l.querySelectorAll(\"iframe.wp-embedded-content\"),r=0;r<s.length;r++)(t=(e=s[r]).getAttribute(\"data-secret\"))||(t=Math.random().toString(36).substring(2,12),e.src+=\"#?secret=\"+t,e.setAttribute(\"data-secret\",t)),e.contentWindow.postMessage({message:\"ready\",secret:t},\"*\")},!1)))}(window,document);\n\/\/# sourceURL=https:\/\/kuzeyinsesi.org\/wp-includes\/js\/wp-embed.min.js\n\/* ]]> *\/\n<\/script>\n","thumbnail_url":"https:\/\/brtk.net\/wp-content\/uploads\/2024\/10\/01\/eralp-adanir-foto.jpg?ver=6b987b78f6ab79c15d93b264b13fa13a","thumbnail_width":600,"thumbnail_height":409,"description":"Gazeteci, yazar, TV program yap\u0131mc\u0131s\u0131 Eralp Adan\u0131r\u2019\u0131n \u201cK\u0131br\u0131s T\u00fcrk Halkbiliminde 55 Y\u0131ll\u0131k Y\u00fcr\u00fcy\u00fc\u015f, Mahmut \u0130sl\u00e2mo\u011flu\u201d isimli kitab\u0131 yay\u0131mland\u0131. K\u0131br\u0131s T\u00fcrk Yazarlar Birli\u011fi taraf\u0131ndan yap\u0131lan a\u00e7\u0131klamaya g\u00f6re, Adan\u0131r, 25. yay\u0131n\u0131 olan kitapta, BRT-TV\u2019de yap\u0131m ve sunuculuklar\u0131n\u0131 \u00fcstlendi\u011fi \u201cKum Saati\u201d ile \u201cS\u00f6z ve Yaz\u0131\u201d programlar\u0131nda, \u0130sl\u00e2mo\u011flu ile ger\u00e7ekle\u015ftirdi\u011fi s\u00f6yle\u015filerden baz\u0131lar\u0131na yer verdi. Kitapta yer alan s\u00f6yle\u015fi ba\u015fl\u0131klar\u0131 [&hellip;]"}

Adanır’ın yeni kitabı yayımlandı - Kuzeyin Sesi

<blockquote class="wp-embedded-content" data-secret="ueCWvOX3ej"><a href="https://kuzeyinsesi.org/index.php/2024/10/01/adanirin-yeni-kitabi-yayimlandi/">Adanır’ın yeni kitabı yayımlandı</a></blockquote><iframe sandbox="allow-scripts" security="restricted" src="https://kuzeyinsesi.org/index.php/2024/10/01/adanirin-yeni-kitabi-yayimlandi/embed/#?secret=ueCWvOX3ej" width="600" height="338" title="&#8220;Adanır’ın yeni kitabı yayımlandı&#8221; &#8212; Kuzeyin Sesi" data-secret="ueCWvOX3ej" frameborder="0" marginwidth="0" marginheight="0" scrolling="no" class="wp-embedded-content"></iframe><script type="text/javascript">
/* <![CDATA[ */
/*! This file is auto-generated */
!function(d,l){"use strict";l.querySelector&&d.addEventListener&&"undefined"!=typeof URL&&(d.wp=d.wp||{},d.wp.receiveEmbedMessage||(d.wp.receiveEmbedMessage=function(e){var t=e.data;if((t||t.secret||t.message||t.value)&&!/[^a-zA-Z0-9]/.test(t.secret)){for(var s,r,n,a=l.querySelectorAll('iframe[data-secret="'+t.secret+'"]'),o=l.querySelectorAll('blockquote[data-secret="'+t.secret+'"]'),c=new RegExp("^https?:$","i"),i=0;i<o.length;i++)o[i].style.display="none";for(i=0;i<a.length;i++)s=a[i],e.source===s.contentWindow&&(s.removeAttribute("style"),"height"===t.message?(1e3<(r=parseInt(t.value,10))?r=1e3:~~r<200&&(r=200),s.height=r):"link"===t.message&&(r=new URL(s.getAttribute("src")),n=new URL(t.value),c.test(n.protocol))&&n.host===r.host&&l.activeElement===s&&(d.top.location.href=t.value))}},d.addEventListener("message",d.wp.receiveEmbedMessage,!1),l.addEventListener("DOMContentLoaded",function(){for(var e,t,s=l.querySelectorAll("iframe.wp-embedded-content"),r=0;r<s.length;r++)(t=(e=s[r]).getAttribute("data-secret"))||(t=Math.random().toString(36).substring(2,12),e.src+="#?secret="+t,e.setAttribute("data-secret",t)),e.contentWindow.postMessage({message:"ready",secret:t},"*")},!1)))}(window,document);
//# sourceURL=https://kuzeyinsesi.org/wp-includes/js/wp-embed.min.js
/* ]]> */
</script>

Gazeteci, yazar, TV program yapımcısı Eralp Adanır’ın “Kıbrıs Türk Halkbiliminde 55 Yıllık Yürüyüş, Mahmut İslâmoğlu” isimli kitabı yayımlandı. Kıbrıs Türk Yazarlar Birliği tarafından yapılan açıklamaya göre, Adanır, 25. yayını olan kitapta, BRT-TV’de yapım ve sunuculuklarını üstlendiği “Kum Saati” ile “Söz ve Yazı” programlarında, İslâmoğlu ile gerçekleştirdiği söyleşilerden bazılarına yer verdi. Kitapta yer alan söyleşi başlıkları [&hellip;]
