{"version":"1.0","provider_name":"Kuzeyin Sesi","provider_url":"https:\/\/kuzeyinsesi.org","author_name":"Kuzeyin Sesi","author_url":"https:\/\/kuzeyinsesi.org\/index.php\/author\/guven\/","title":"Girne Kordonboyu\u2019nda yar\u0131n ak\u015fam iki etkinlik var - Kuzeyin Sesi","type":"rich","width":600,"height":338,"html":"<blockquote class=\"wp-embedded-content\" data-secret=\"oIhGPWloXe\"><a href=\"https:\/\/kuzeyinsesi.org\/index.php\/2024\/09\/23\/girne-kordonboyunda-yarin-aksam-iki-etkinlik-var\/\">Girne Kordonboyu\u2019nda yar\u0131n ak\u015fam iki etkinlik var<\/a><\/blockquote><iframe sandbox=\"allow-scripts\" security=\"restricted\" src=\"https:\/\/kuzeyinsesi.org\/index.php\/2024\/09\/23\/girne-kordonboyunda-yarin-aksam-iki-etkinlik-var\/embed\/#?secret=oIhGPWloXe\" width=\"600\" height=\"338\" title=\"&#8220;Girne Kordonboyu\u2019nda yar\u0131n ak\u015fam iki etkinlik var&#8221; &#8212; Kuzeyin Sesi\" data-secret=\"oIhGPWloXe\" frameborder=\"0\" marginwidth=\"0\" marginheight=\"0\" scrolling=\"no\" class=\"wp-embedded-content\"><\/iframe><script type=\"text\/javascript\">\n\/* <![CDATA[ *\/\n\/*! This file is auto-generated *\/\n!function(d,l){\"use strict\";l.querySelector&&d.addEventListener&&\"undefined\"!=typeof URL&&(d.wp=d.wp||{},d.wp.receiveEmbedMessage||(d.wp.receiveEmbedMessage=function(e){var t=e.data;if((t||t.secret||t.message||t.value)&&!\/[^a-zA-Z0-9]\/.test(t.secret)){for(var s,r,n,a=l.querySelectorAll('iframe[data-secret=\"'+t.secret+'\"]'),o=l.querySelectorAll('blockquote[data-secret=\"'+t.secret+'\"]'),c=new RegExp(\"^https?:$\",\"i\"),i=0;i<o.length;i++)o[i].style.display=\"none\";for(i=0;i<a.length;i++)s=a[i],e.source===s.contentWindow&&(s.removeAttribute(\"style\"),\"height\"===t.message?(1e3<(r=parseInt(t.value,10))?r=1e3:~~r<200&&(r=200),s.height=r):\"link\"===t.message&&(r=new URL(s.getAttribute(\"src\")),n=new URL(t.value),c.test(n.protocol))&&n.host===r.host&&l.activeElement===s&&(d.top.location.href=t.value))}},d.addEventListener(\"message\",d.wp.receiveEmbedMessage,!1),l.addEventListener(\"DOMContentLoaded\",function(){for(var e,t,s=l.querySelectorAll(\"iframe.wp-embedded-content\"),r=0;r<s.length;r++)(t=(e=s[r]).getAttribute(\"data-secret\"))||(t=Math.random().toString(36).substring(2,12),e.src+=\"#?secret=\"+t,e.setAttribute(\"data-secret\",t)),e.contentWindow.postMessage({message:\"ready\",secret:t},\"*\")},!1)))}(window,document);\n\/\/# sourceURL=https:\/\/kuzeyinsesi.org\/wp-includes\/js\/wp-embed.min.js\n\/* ]]> *\/\n<\/script>\n","thumbnail_url":"https:\/\/brtk.net\/wp-content\/uploads\/2024\/09\/23\/girne-belediyesi-festival-1-1.jpg?ver=99acd8bd7e9bf1155c8656b854e9014d","thumbnail_width":600,"thumbnail_height":600,"description":"\u201cGirne Ark\u0131n Group Fest 24\u201d kapsam\u0131nda yar\u0131n ak\u015fam Kordonboyu\u2019nda iki etkinlik yap\u0131lacak. Girne Belediyesi\u2019nden yap\u0131lan a\u00e7\u0131klamaya g\u00f6re, saat 19.00\u2019da Kyrenia International Choir, saat 20.30\u2019da ise Serdar Kavaz ve orkestras\u0131 sahne alacak. Ankara Devlet Tiyatrosu Y\u00fczy\u0131ll\u0131k Destan \u201cAte\u015f\u201d oyununu \u00e7ar\u015famba ak\u015fam\u0131 saat 21.00\u2019de Girne Amfi Tiyatro\u2019da sahneleyecek. Per\u015fembe ak\u015fam\u0131 Latin m\u00fczi\u011finin efsanevi grubu \u201cGipsy Kings by [&hellip;]"}

Girne Kordonboyu’nda yarın akşam iki etkinlik var - Kuzeyin Sesi

<blockquote class="wp-embedded-content" data-secret="oIhGPWloXe"><a href="https://kuzeyinsesi.org/index.php/2024/09/23/girne-kordonboyunda-yarin-aksam-iki-etkinlik-var/">Girne Kordonboyu’nda yarın akşam iki etkinlik var</a></blockquote><iframe sandbox="allow-scripts" security="restricted" src="https://kuzeyinsesi.org/index.php/2024/09/23/girne-kordonboyunda-yarin-aksam-iki-etkinlik-var/embed/#?secret=oIhGPWloXe" width="600" height="338" title="&#8220;Girne Kordonboyu’nda yarın akşam iki etkinlik var&#8221; &#8212; Kuzeyin Sesi" data-secret="oIhGPWloXe" frameborder="0" marginwidth="0" marginheight="0" scrolling="no" class="wp-embedded-content"></iframe><script type="text/javascript">
/* <![CDATA[ */
/*! This file is auto-generated */
!function(d,l){"use strict";l.querySelector&&d.addEventListener&&"undefined"!=typeof URL&&(d.wp=d.wp||{},d.wp.receiveEmbedMessage||(d.wp.receiveEmbedMessage=function(e){var t=e.data;if((t||t.secret||t.message||t.value)&&!/[^a-zA-Z0-9]/.test(t.secret)){for(var s,r,n,a=l.querySelectorAll('iframe[data-secret="'+t.secret+'"]'),o=l.querySelectorAll('blockquote[data-secret="'+t.secret+'"]'),c=new RegExp("^https?:$","i"),i=0;i<o.length;i++)o[i].style.display="none";for(i=0;i<a.length;i++)s=a[i],e.source===s.contentWindow&&(s.removeAttribute("style"),"height"===t.message?(1e3<(r=parseInt(t.value,10))?r=1e3:~~r<200&&(r=200),s.height=r):"link"===t.message&&(r=new URL(s.getAttribute("src")),n=new URL(t.value),c.test(n.protocol))&&n.host===r.host&&l.activeElement===s&&(d.top.location.href=t.value))}},d.addEventListener("message",d.wp.receiveEmbedMessage,!1),l.addEventListener("DOMContentLoaded",function(){for(var e,t,s=l.querySelectorAll("iframe.wp-embedded-content"),r=0;r<s.length;r++)(t=(e=s[r]).getAttribute("data-secret"))||(t=Math.random().toString(36).substring(2,12),e.src+="#?secret="+t,e.setAttribute("data-secret",t)),e.contentWindow.postMessage({message:"ready",secret:t},"*")},!1)))}(window,document);
//# sourceURL=https://kuzeyinsesi.org/wp-includes/js/wp-embed.min.js
/* ]]> */
</script>

“Girne Arkın Group Fest 24” kapsamında yarın akşam Kordonboyu’nda iki etkinlik yapılacak. Girne Belediyesi’nden yapılan açıklamaya göre, saat 19.00’da Kyrenia International Choir, saat 20.30’da ise Serdar Kavaz ve orkestrası sahne alacak. Ankara Devlet Tiyatrosu Yüzyıllık Destan “Ateş” oyununu çarşamba akşamı saat 21.00’de Girne Amfi Tiyatro’da sahneleyecek. Perşembe akşamı Latin müziğinin efsanevi grubu “Gipsy Kings by [&hellip;]
