{"version":"1.0","provider_name":"Kuzeyin Sesi","provider_url":"https:\/\/kuzeyinsesi.org","author_name":"Kuzeyin Sesi","author_url":"https:\/\/kuzeyinsesi.org\/index.php\/author\/guven\/","title":"Erdo\u011fan: \u0130srail, b\u00f6lge bar\u0131\u015f\u0131n\u0131 tehdit ediyor - Kuzeyin Sesi","type":"rich","width":600,"height":338,"html":"<blockquote class=\"wp-embedded-content\" data-secret=\"1afVW8U9I4\"><a href=\"https:\/\/kuzeyinsesi.org\/index.php\/2024\/09\/23\/erdogan-israil-bolge-barisini-tehdit-ediyor\/\">Erdo\u011fan: \u0130srail, b\u00f6lge bar\u0131\u015f\u0131n\u0131 tehdit ediyor<\/a><\/blockquote><iframe sandbox=\"allow-scripts\" security=\"restricted\" src=\"https:\/\/kuzeyinsesi.org\/index.php\/2024\/09\/23\/erdogan-israil-bolge-barisini-tehdit-ediyor\/embed\/#?secret=1afVW8U9I4\" width=\"600\" height=\"338\" title=\"&#8220;Erdo\u011fan: \u0130srail, b\u00f6lge bar\u0131\u015f\u0131n\u0131 tehdit ediyor&#8221; &#8212; Kuzeyin Sesi\" data-secret=\"1afVW8U9I4\" frameborder=\"0\" marginwidth=\"0\" marginheight=\"0\" scrolling=\"no\" class=\"wp-embedded-content\"><\/iframe><script type=\"text\/javascript\">\n\/* <![CDATA[ *\/\n\/*! This file is auto-generated *\/\n!function(d,l){\"use strict\";l.querySelector&&d.addEventListener&&\"undefined\"!=typeof URL&&(d.wp=d.wp||{},d.wp.receiveEmbedMessage||(d.wp.receiveEmbedMessage=function(e){var t=e.data;if((t||t.secret||t.message||t.value)&&!\/[^a-zA-Z0-9]\/.test(t.secret)){for(var s,r,n,a=l.querySelectorAll('iframe[data-secret=\"'+t.secret+'\"]'),o=l.querySelectorAll('blockquote[data-secret=\"'+t.secret+'\"]'),c=new RegExp(\"^https?:$\",\"i\"),i=0;i<o.length;i++)o[i].style.display=\"none\";for(i=0;i<a.length;i++)s=a[i],e.source===s.contentWindow&&(s.removeAttribute(\"style\"),\"height\"===t.message?(1e3<(r=parseInt(t.value,10))?r=1e3:~~r<200&&(r=200),s.height=r):\"link\"===t.message&&(r=new URL(s.getAttribute(\"src\")),n=new URL(t.value),c.test(n.protocol))&&n.host===r.host&&l.activeElement===s&&(d.top.location.href=t.value))}},d.addEventListener(\"message\",d.wp.receiveEmbedMessage,!1),l.addEventListener(\"DOMContentLoaded\",function(){for(var e,t,s=l.querySelectorAll(\"iframe.wp-embedded-content\"),r=0;r<s.length;r++)(t=(e=s[r]).getAttribute(\"data-secret\"))||(t=Math.random().toString(36).substring(2,12),e.src+=\"#?secret=\"+t,e.setAttribute(\"data-secret\",t)),e.contentWindow.postMessage({message:\"ready\",secret:t},\"*\")},!1)))}(window,document);\n\/\/# sourceURL=https:\/\/kuzeyinsesi.org\/wp-includes\/js\/wp-embed.min.js\n\/* ]]> *\/\n<\/script>\n","thumbnail_url":"https:\/\/brtk.net\/wp-content\/uploads\/2024\/09\/23\/qorfkpfka.jpg?ver=c3bca0689dc92de291b23fe6f25e12e4","thumbnail_width":600,"thumbnail_height":338,"description":"TC Cumhurba\u015fkan\u0131 Recep Tayyip Erdo\u011fan, \u201cL\u00fcbnan\u2019a kar\u015f\u0131 ger\u00e7ekle\u015ftiren son sald\u0131r\u0131lar ve \u0130srail taraf\u0131ndan yap\u0131lan son a\u00e7\u0131klamalar, sava\u015f\u0131 b\u00f6lgeye yayma \u00e7abalar\u0131n\u0131n a\u00e7\u0131k tezah\u00fcr\u00fcd\u00fcr\u201d dedi. Erdo\u011fan, T\u00fcrk-Amerikan Ulusal Y\u00f6nlendirme Komitesi Yeme\u011fi\u2019nde konu\u015ftu. Erdo\u011fan\u2019\u0131n konu\u015fmas\u0131ndan \u00f6ne \u00e7\u0131kan ba\u015fl\u0131klar \u015f\u00f6yle: \u0130\u015f insanlar\u0131m\u0131z ve giri\u015fimcilerimizi y\u00fcrekten kutluyorum. Biz entegrasyona sonuna kadar var\u0131z, asimilasyona ise ayn\u0131 derecede kar\u015f\u0131y\u0131z. \u201cTer\u00f6rle m\u00fccadelemizi s\u00fcrd\u00fcr\u00fcyoruz\u201d [&hellip;]"}

Erdoğan: İsrail, bölge barışını tehdit ediyor - Kuzeyin Sesi

<blockquote class="wp-embedded-content" data-secret="1afVW8U9I4"><a href="https://kuzeyinsesi.org/index.php/2024/09/23/erdogan-israil-bolge-barisini-tehdit-ediyor/">Erdoğan: İsrail, bölge barışını tehdit ediyor</a></blockquote><iframe sandbox="allow-scripts" security="restricted" src="https://kuzeyinsesi.org/index.php/2024/09/23/erdogan-israil-bolge-barisini-tehdit-ediyor/embed/#?secret=1afVW8U9I4" width="600" height="338" title="&#8220;Erdoğan: İsrail, bölge barışını tehdit ediyor&#8221; &#8212; Kuzeyin Sesi" data-secret="1afVW8U9I4" frameborder="0" marginwidth="0" marginheight="0" scrolling="no" class="wp-embedded-content"></iframe><script type="text/javascript">
/* <![CDATA[ */
/*! This file is auto-generated */
!function(d,l){"use strict";l.querySelector&&d.addEventListener&&"undefined"!=typeof URL&&(d.wp=d.wp||{},d.wp.receiveEmbedMessage||(d.wp.receiveEmbedMessage=function(e){var t=e.data;if((t||t.secret||t.message||t.value)&&!/[^a-zA-Z0-9]/.test(t.secret)){for(var s,r,n,a=l.querySelectorAll('iframe[data-secret="'+t.secret+'"]'),o=l.querySelectorAll('blockquote[data-secret="'+t.secret+'"]'),c=new RegExp("^https?:$","i"),i=0;i<o.length;i++)o[i].style.display="none";for(i=0;i<a.length;i++)s=a[i],e.source===s.contentWindow&&(s.removeAttribute("style"),"height"===t.message?(1e3<(r=parseInt(t.value,10))?r=1e3:~~r<200&&(r=200),s.height=r):"link"===t.message&&(r=new URL(s.getAttribute("src")),n=new URL(t.value),c.test(n.protocol))&&n.host===r.host&&l.activeElement===s&&(d.top.location.href=t.value))}},d.addEventListener("message",d.wp.receiveEmbedMessage,!1),l.addEventListener("DOMContentLoaded",function(){for(var e,t,s=l.querySelectorAll("iframe.wp-embedded-content"),r=0;r<s.length;r++)(t=(e=s[r]).getAttribute("data-secret"))||(t=Math.random().toString(36).substring(2,12),e.src+="#?secret="+t,e.setAttribute("data-secret",t)),e.contentWindow.postMessage({message:"ready",secret:t},"*")},!1)))}(window,document);
//# sourceURL=https://kuzeyinsesi.org/wp-includes/js/wp-embed.min.js
/* ]]> */
</script>

TC Cumhurbaşkanı Recep Tayyip Erdoğan, “Lübnan’a karşı gerçekleştiren son saldırılar ve İsrail tarafından yapılan son açıklamalar, savaşı bölgeye yayma çabalarının açık tezahürüdür” dedi. Erdoğan, Türk-Amerikan Ulusal Yönlendirme Komitesi Yemeği’nde konuştu. Erdoğan’ın konuşmasından öne çıkan başlıklar şöyle: İş insanlarımız ve girişimcilerimizi yürekten kutluyorum. Biz entegrasyona sonuna kadar varız, asimilasyona ise aynı derecede karşıyız. “Terörle mücadelemizi sürdürüyoruz” [&hellip;]
