{"version":"1.0","provider_name":"Kuzeyin Sesi","provider_url":"https:\/\/kuzeyinsesi.org","author_name":"Kuzeyin Sesi","author_url":"https:\/\/kuzeyinsesi.org\/index.php\/author\/guven\/","title":"The Healers Kordonboyu\u2019nda sahne ald\u0131 - Kuzeyin Sesi","type":"rich","width":600,"height":338,"html":"<blockquote class=\"wp-embedded-content\" data-secret=\"zgXYK5PxdH\"><a href=\"https:\/\/kuzeyinsesi.org\/index.php\/2024\/09\/11\/the-healers-kordonboyunda-sahne-aldi\/\">The Healers Kordonboyu\u2019nda sahne ald\u0131<\/a><\/blockquote><iframe sandbox=\"allow-scripts\" security=\"restricted\" src=\"https:\/\/kuzeyinsesi.org\/index.php\/2024\/09\/11\/the-healers-kordonboyunda-sahne-aldi\/embed\/#?secret=zgXYK5PxdH\" width=\"600\" height=\"338\" title=\"&#8220;The Healers Kordonboyu\u2019nda sahne ald\u0131&#8221; &#8212; Kuzeyin Sesi\" data-secret=\"zgXYK5PxdH\" frameborder=\"0\" marginwidth=\"0\" marginheight=\"0\" scrolling=\"no\" class=\"wp-embedded-content\"><\/iframe><script type=\"text\/javascript\">\n\/* <![CDATA[ *\/\n\/*! This file is auto-generated *\/\n!function(d,l){\"use strict\";l.querySelector&&d.addEventListener&&\"undefined\"!=typeof URL&&(d.wp=d.wp||{},d.wp.receiveEmbedMessage||(d.wp.receiveEmbedMessage=function(e){var t=e.data;if((t||t.secret||t.message||t.value)&&!\/[^a-zA-Z0-9]\/.test(t.secret)){for(var s,r,n,a=l.querySelectorAll('iframe[data-secret=\"'+t.secret+'\"]'),o=l.querySelectorAll('blockquote[data-secret=\"'+t.secret+'\"]'),c=new RegExp(\"^https?:$\",\"i\"),i=0;i<o.length;i++)o[i].style.display=\"none\";for(i=0;i<a.length;i++)s=a[i],e.source===s.contentWindow&&(s.removeAttribute(\"style\"),\"height\"===t.message?(1e3<(r=parseInt(t.value,10))?r=1e3:~~r<200&&(r=200),s.height=r):\"link\"===t.message&&(r=new URL(s.getAttribute(\"src\")),n=new URL(t.value),c.test(n.protocol))&&n.host===r.host&&l.activeElement===s&&(d.top.location.href=t.value))}},d.addEventListener(\"message\",d.wp.receiveEmbedMessage,!1),l.addEventListener(\"DOMContentLoaded\",function(){for(var e,t,s=l.querySelectorAll(\"iframe.wp-embedded-content\"),r=0;r<s.length;r++)(t=(e=s[r]).getAttribute(\"data-secret\"))||(t=Math.random().toString(36).substring(2,12),e.src+=\"#?secret=\"+t,e.setAttribute(\"data-secret\",t)),e.contentWindow.postMessage({message:\"ready\",secret:t},\"*\")},!1)))}(window,document);\n\/\/# sourceURL=https:\/\/kuzeyinsesi.org\/wp-includes\/js\/wp-embed.min.js\n\/* ]]> *\/\n<\/script>\n","thumbnail_url":"https:\/\/brtk.net\/wp-content\/uploads\/2024\/09\/11\/5656-scaled.jpg?ver=5a0bff99a17f7ab9bbd83c4ceee35fac","thumbnail_width":600,"thumbnail_height":452,"description":"\u00a0 \u00a0 \u201cGirne Ark\u0131n Group Fest24\u201d kapsam\u0131nda d\u00fcn ak\u015fam\u00a0 \u201cThe Healers\u201d Liman Kordon Sahne\u2019de izleyici ile bulu\u015ftu. \u00a0 Girne Belediyesi\u2019nden yap\u0131lan yaz\u0131l\u0131 a\u00e7\u0131klamaya g\u00f6re, festival kapsam\u0131nda bu ak\u015fam Lefko\u015fa Belediye Tiyatrosu\u2019nun sahneye koydu\u011fu \u201cTart\u00fcf 24\u201d sahne alacak. Girne Amfi Tiyatro\u2019da yer alacak oyun saat 21.00\u2019de ba\u015flayacak. \u00a0 13 Eyl\u00fcl\u2019de Girne Amfi Tiyatro\u2019da \u201cVolkan Konak\u201d konseri [&hellip;]"}

The Healers Kordonboyu’nda sahne aldı - Kuzeyin Sesi

<blockquote class="wp-embedded-content" data-secret="zgXYK5PxdH"><a href="https://kuzeyinsesi.org/index.php/2024/09/11/the-healers-kordonboyunda-sahne-aldi/">The Healers Kordonboyu’nda sahne aldı</a></blockquote><iframe sandbox="allow-scripts" security="restricted" src="https://kuzeyinsesi.org/index.php/2024/09/11/the-healers-kordonboyunda-sahne-aldi/embed/#?secret=zgXYK5PxdH" width="600" height="338" title="&#8220;The Healers Kordonboyu’nda sahne aldı&#8221; &#8212; Kuzeyin Sesi" data-secret="zgXYK5PxdH" frameborder="0" marginwidth="0" marginheight="0" scrolling="no" class="wp-embedded-content"></iframe><script type="text/javascript">
/* <![CDATA[ */
/*! This file is auto-generated */
!function(d,l){"use strict";l.querySelector&&d.addEventListener&&"undefined"!=typeof URL&&(d.wp=d.wp||{},d.wp.receiveEmbedMessage||(d.wp.receiveEmbedMessage=function(e){var t=e.data;if((t||t.secret||t.message||t.value)&&!/[^a-zA-Z0-9]/.test(t.secret)){for(var s,r,n,a=l.querySelectorAll('iframe[data-secret="'+t.secret+'"]'),o=l.querySelectorAll('blockquote[data-secret="'+t.secret+'"]'),c=new RegExp("^https?:$","i"),i=0;i<o.length;i++)o[i].style.display="none";for(i=0;i<a.length;i++)s=a[i],e.source===s.contentWindow&&(s.removeAttribute("style"),"height"===t.message?(1e3<(r=parseInt(t.value,10))?r=1e3:~~r<200&&(r=200),s.height=r):"link"===t.message&&(r=new URL(s.getAttribute("src")),n=new URL(t.value),c.test(n.protocol))&&n.host===r.host&&l.activeElement===s&&(d.top.location.href=t.value))}},d.addEventListener("message",d.wp.receiveEmbedMessage,!1),l.addEventListener("DOMContentLoaded",function(){for(var e,t,s=l.querySelectorAll("iframe.wp-embedded-content"),r=0;r<s.length;r++)(t=(e=s[r]).getAttribute("data-secret"))||(t=Math.random().toString(36).substring(2,12),e.src+="#?secret="+t,e.setAttribute("data-secret",t)),e.contentWindow.postMessage({message:"ready",secret:t},"*")},!1)))}(window,document);
//# sourceURL=https://kuzeyinsesi.org/wp-includes/js/wp-embed.min.js
/* ]]> */
</script>

“Girne Arkın Group Fest24” kapsamında dün akşam  “The Healers” Liman Kordon Sahne’de izleyici ile buluştu.   Girne Belediyesi’nden yapılan yazılı açıklamaya göre, festival kapsamında bu akşam Lefkoşa Belediye Tiyatrosu’nun sahneye koyduğu “Tartüf 24” sahne alacak. Girne Amfi Tiyatro’da yer alacak oyun saat 21.00’de başlayacak.   13 Eylül’de Girne Amfi Tiyatro’da “Volkan Konak” konseri [&hellip;]
