{"version":"1.0","provider_name":"Kuzeyin Sesi","provider_url":"https:\/\/kuzeyinsesi.org","author_name":"Kuzeyin Sesi","author_url":"https:\/\/kuzeyinsesi.org\/index.php\/author\/guven\/","title":"I\u015f\u0131k Kitabevi 36\u2019nc\u0131 Kitap Fuar\u0131 29 A\u011fustos\u2019ta ba\u015fl\u0131yor - Kuzeyin Sesi","type":"rich","width":600,"height":338,"html":"<blockquote class=\"wp-embedded-content\" data-secret=\"iaX2FQetD2\"><a href=\"https:\/\/kuzeyinsesi.org\/index.php\/2024\/08\/22\/isik-kitabevi-36nci-kitap-fuari-29-agustosta-basliyor\/\">I\u015f\u0131k Kitabevi 36\u2019nc\u0131 Kitap Fuar\u0131 29 A\u011fustos\u2019ta ba\u015fl\u0131yor<\/a><\/blockquote><iframe sandbox=\"allow-scripts\" security=\"restricted\" src=\"https:\/\/kuzeyinsesi.org\/index.php\/2024\/08\/22\/isik-kitabevi-36nci-kitap-fuari-29-agustosta-basliyor\/embed\/#?secret=iaX2FQetD2\" width=\"600\" height=\"338\" title=\"&#8220;I\u015f\u0131k Kitabevi 36\u2019nc\u0131 Kitap Fuar\u0131 29 A\u011fustos\u2019ta ba\u015fl\u0131yor&#8221; &#8212; Kuzeyin Sesi\" data-secret=\"iaX2FQetD2\" frameborder=\"0\" marginwidth=\"0\" marginheight=\"0\" scrolling=\"no\" class=\"wp-embedded-content\"><\/iframe><script type=\"text\/javascript\">\n\/* <![CDATA[ *\/\n\/*! This file is auto-generated *\/\n!function(d,l){\"use strict\";l.querySelector&&d.addEventListener&&\"undefined\"!=typeof URL&&(d.wp=d.wp||{},d.wp.receiveEmbedMessage||(d.wp.receiveEmbedMessage=function(e){var t=e.data;if((t||t.secret||t.message||t.value)&&!\/[^a-zA-Z0-9]\/.test(t.secret)){for(var s,r,n,a=l.querySelectorAll('iframe[data-secret=\"'+t.secret+'\"]'),o=l.querySelectorAll('blockquote[data-secret=\"'+t.secret+'\"]'),c=new RegExp(\"^https?:$\",\"i\"),i=0;i<o.length;i++)o[i].style.display=\"none\";for(i=0;i<a.length;i++)s=a[i],e.source===s.contentWindow&&(s.removeAttribute(\"style\"),\"height\"===t.message?(1e3<(r=parseInt(t.value,10))?r=1e3:~~r<200&&(r=200),s.height=r):\"link\"===t.message&&(r=new URL(s.getAttribute(\"src\")),n=new URL(t.value),c.test(n.protocol))&&n.host===r.host&&l.activeElement===s&&(d.top.location.href=t.value))}},d.addEventListener(\"message\",d.wp.receiveEmbedMessage,!1),l.addEventListener(\"DOMContentLoaded\",function(){for(var e,t,s=l.querySelectorAll(\"iframe.wp-embedded-content\"),r=0;r<s.length;r++)(t=(e=s[r]).getAttribute(\"data-secret\"))||(t=Math.random().toString(36).substring(2,12),e.src+=\"#?secret=\"+t,e.setAttribute(\"data-secret\",t)),e.contentWindow.postMessage({message:\"ready\",secret:t},\"*\")},!1)))}(window,document);\n\/\/# sourceURL=https:\/\/kuzeyinsesi.org\/wp-includes\/js\/wp-embed.min.js\n\/* ]]> *\/\n<\/script>\n","thumbnail_url":"https:\/\/brtk.net\/wp-content\/uploads\/2024\/08\/22\/isik.webp?ver=e4282c1bb92d19f4f9d452040c11d522","thumbnail_width":600,"thumbnail_height":338,"description":"I\u015f\u0131k Kitabevi\u2019nin 36\u2019nc\u0131 Kitap Fuar\u0131, 29 A\u011fustos-6 Eyl\u00fcl tarihleri aras\u0131nda d\u00fczenleniyor. Bu sene \u201c\u00c7\u0131k\u0131\u015f\u201d temas\u0131yla yap\u0131lacak fuar, Gen\u00e7lik Merkezi\u2019nde (K\u0131z\u0131lba\u015f Kilisesi) 9 g\u00fcn s\u00fcrecek. Kitap Fuar\u0131 her g\u00fcn 09.00-13.00 ve 17.00-24.00 saatleri aras\u0131nda a\u00e7\u0131k olacak ve kitaplar y\u00fczde 10 indirimli sat\u0131lacak. Fuar kapsam\u0131nda d\u00fczenlenecek etkinlikler saat 20.30 itibar\u0131yla ba\u015flayacak. Etkinliklerin baz\u0131lar\u0131 I\u015f\u0131k Kitabevi\u2019nde yap\u0131lacak. I\u015f\u0131k [&hellip;]"}

Işık Kitabevi 36’ncı Kitap Fuarı 29 Ağustos’ta başlıyor - Kuzeyin Sesi

<blockquote class="wp-embedded-content" data-secret="iaX2FQetD2"><a href="https://kuzeyinsesi.org/index.php/2024/08/22/isik-kitabevi-36nci-kitap-fuari-29-agustosta-basliyor/">Işık Kitabevi 36’ncı Kitap Fuarı 29 Ağustos’ta başlıyor</a></blockquote><iframe sandbox="allow-scripts" security="restricted" src="https://kuzeyinsesi.org/index.php/2024/08/22/isik-kitabevi-36nci-kitap-fuari-29-agustosta-basliyor/embed/#?secret=iaX2FQetD2" width="600" height="338" title="&#8220;Işık Kitabevi 36’ncı Kitap Fuarı 29 Ağustos’ta başlıyor&#8221; &#8212; Kuzeyin Sesi" data-secret="iaX2FQetD2" frameborder="0" marginwidth="0" marginheight="0" scrolling="no" class="wp-embedded-content"></iframe><script type="text/javascript">
/* <![CDATA[ */
/*! This file is auto-generated */
!function(d,l){"use strict";l.querySelector&&d.addEventListener&&"undefined"!=typeof URL&&(d.wp=d.wp||{},d.wp.receiveEmbedMessage||(d.wp.receiveEmbedMessage=function(e){var t=e.data;if((t||t.secret||t.message||t.value)&&!/[^a-zA-Z0-9]/.test(t.secret)){for(var s,r,n,a=l.querySelectorAll('iframe[data-secret="'+t.secret+'"]'),o=l.querySelectorAll('blockquote[data-secret="'+t.secret+'"]'),c=new RegExp("^https?:$","i"),i=0;i<o.length;i++)o[i].style.display="none";for(i=0;i<a.length;i++)s=a[i],e.source===s.contentWindow&&(s.removeAttribute("style"),"height"===t.message?(1e3<(r=parseInt(t.value,10))?r=1e3:~~r<200&&(r=200),s.height=r):"link"===t.message&&(r=new URL(s.getAttribute("src")),n=new URL(t.value),c.test(n.protocol))&&n.host===r.host&&l.activeElement===s&&(d.top.location.href=t.value))}},d.addEventListener("message",d.wp.receiveEmbedMessage,!1),l.addEventListener("DOMContentLoaded",function(){for(var e,t,s=l.querySelectorAll("iframe.wp-embedded-content"),r=0;r<s.length;r++)(t=(e=s[r]).getAttribute("data-secret"))||(t=Math.random().toString(36).substring(2,12),e.src+="#?secret="+t,e.setAttribute("data-secret",t)),e.contentWindow.postMessage({message:"ready",secret:t},"*")},!1)))}(window,document);
//# sourceURL=https://kuzeyinsesi.org/wp-includes/js/wp-embed.min.js
/* ]]> */
</script>

Işık Kitabevi’nin 36’ncı Kitap Fuarı, 29 Ağustos-6 Eylül tarihleri arasında düzenleniyor. Bu sene “Çıkış” temasıyla yapılacak fuar, Gençlik Merkezi’nde (Kızılbaş Kilisesi) 9 gün sürecek. Kitap Fuarı her gün 09.00-13.00 ve 17.00-24.00 saatleri arasında açık olacak ve kitaplar yüzde 10 indirimli satılacak. Fuar kapsamında düzenlenecek etkinlikler saat 20.30 itibarıyla başlayacak. Etkinliklerin bazıları Işık Kitabevi’nde yapılacak. Işık [&hellip;]
