{"version":"1.0","provider_name":"Kuzeyin Sesi","provider_url":"https:\/\/kuzeyinsesi.org","author_name":"Kuzeyin Sesi","author_url":"https:\/\/kuzeyinsesi.org\/index.php\/author\/guven\/","title":"K\u00d6DER\u2019in yay\u0131nlar\u0131na Milli E\u011fitim Bakanl\u0131\u011f\u0131\u2019ndan onay - Kuzeyin Sesi","type":"rich","width":600,"height":338,"html":"<blockquote class=\"wp-embedded-content\" data-secret=\"NDw9IFH7QS\"><a href=\"https:\/\/kuzeyinsesi.org\/index.php\/2024\/08\/04\/koderin-yayinlarina-milli-egitim-bakanligindan-onay\/\">K\u00d6DER\u2019in yay\u0131nlar\u0131na Milli E\u011fitim Bakanl\u0131\u011f\u0131\u2019ndan onay<\/a><\/blockquote><iframe sandbox=\"allow-scripts\" security=\"restricted\" src=\"https:\/\/kuzeyinsesi.org\/index.php\/2024\/08\/04\/koderin-yayinlarina-milli-egitim-bakanligindan-onay\/embed\/#?secret=NDw9IFH7QS\" width=\"600\" height=\"338\" title=\"&#8220;K\u00d6DER\u2019in yay\u0131nlar\u0131na Milli E\u011fitim Bakanl\u0131\u011f\u0131\u2019ndan onay&#8221; &#8212; Kuzeyin Sesi\" data-secret=\"NDw9IFH7QS\" frameborder=\"0\" marginwidth=\"0\" marginheight=\"0\" scrolling=\"no\" class=\"wp-embedded-content\"><\/iframe><script type=\"text\/javascript\">\n\/* <![CDATA[ *\/\n\/*! This file is auto-generated *\/\n!function(d,l){\"use strict\";l.querySelector&&d.addEventListener&&\"undefined\"!=typeof URL&&(d.wp=d.wp||{},d.wp.receiveEmbedMessage||(d.wp.receiveEmbedMessage=function(e){var t=e.data;if((t||t.secret||t.message||t.value)&&!\/[^a-zA-Z0-9]\/.test(t.secret)){for(var s,r,n,a=l.querySelectorAll('iframe[data-secret=\"'+t.secret+'\"]'),o=l.querySelectorAll('blockquote[data-secret=\"'+t.secret+'\"]'),c=new RegExp(\"^https?:$\",\"i\"),i=0;i<o.length;i++)o[i].style.display=\"none\";for(i=0;i<a.length;i++)s=a[i],e.source===s.contentWindow&&(s.removeAttribute(\"style\"),\"height\"===t.message?(1e3<(r=parseInt(t.value,10))?r=1e3:~~r<200&&(r=200),s.height=r):\"link\"===t.message&&(r=new URL(s.getAttribute(\"src\")),n=new URL(t.value),c.test(n.protocol))&&n.host===r.host&&l.activeElement===s&&(d.top.location.href=t.value))}},d.addEventListener(\"message\",d.wp.receiveEmbedMessage,!1),l.addEventListener(\"DOMContentLoaded\",function(){for(var e,t,s=l.querySelectorAll(\"iframe.wp-embedded-content\"),r=0;r<s.length;r++)(t=(e=s[r]).getAttribute(\"data-secret\"))||(t=Math.random().toString(36).substring(2,12),e.src+=\"#?secret=\"+t,e.setAttribute(\"data-secret\",t)),e.contentWindow.postMessage({message:\"ready\",secret:t},\"*\")},!1)))}(window,document);\n\/\/# sourceURL=https:\/\/kuzeyinsesi.org\/wp-includes\/js\/wp-embed.min.js\n\/* ]]> *\/\n<\/script>\n","thumbnail_url":"https:\/\/brtk.net\/wp-content\/uploads\/2024\/08\/04\/koder.jpeg?ver=deeffee04d0c7a1addef132256a6bf48","thumbnail_width":600,"thumbnail_height":300,"description":"K\u0131br\u0131s Kad\u0131n \u00d6yk\u00fcleri Derne\u011fi\u2019nin (K\u00d6DER) iki kitab\u0131n\u0131n Milli E\u011fitim Bakanl\u0131\u011f\u0131\u2019na ba\u011fl\u0131 okullarda \u201ckaynak kitap\u201d , \u201cyard\u0131mc\u0131 kitap\u201d ve \u201c\u00f6\u011fretmen el kitab\u0131\u201d olarak kullan\u0131labilmesinin onayland\u0131\u011f\u0131 bildirildi. K\u00d6DER\u2019den verilen bilgiye g\u00f6re, K\u00d6DER taraf\u0131ndan yay\u0131nlanan \u201cHayat\u0131m\u0131za De\u011fer Katan Kad\u0131nlar\u0131m\u0131z 1\u201d ve \u201cHayat\u0131m\u0131za De\u011fer Katan Kad\u0131nlar\u0131m\u0131z 2\u201d ba\u015fl\u0131kl\u0131 kitaplar\u0131n, Bakanl\u0131\u011fa ba\u011fl\u0131 okullarda kullan\u0131labilmesine Milli E\u011fitim Bakanl\u0131\u011f\u0131, Talim ve Terbiye [&hellip;]"}

KÖDER’in yayınlarına Milli Eğitim Bakanlığı’ndan onay - Kuzeyin Sesi

<blockquote class="wp-embedded-content" data-secret="NDw9IFH7QS"><a href="https://kuzeyinsesi.org/index.php/2024/08/04/koderin-yayinlarina-milli-egitim-bakanligindan-onay/">KÖDER’in yayınlarına Milli Eğitim Bakanlığı’ndan onay</a></blockquote><iframe sandbox="allow-scripts" security="restricted" src="https://kuzeyinsesi.org/index.php/2024/08/04/koderin-yayinlarina-milli-egitim-bakanligindan-onay/embed/#?secret=NDw9IFH7QS" width="600" height="338" title="&#8220;KÖDER’in yayınlarına Milli Eğitim Bakanlığı’ndan onay&#8221; &#8212; Kuzeyin Sesi" data-secret="NDw9IFH7QS" frameborder="0" marginwidth="0" marginheight="0" scrolling="no" class="wp-embedded-content"></iframe><script type="text/javascript">
/* <![CDATA[ */
/*! This file is auto-generated */
!function(d,l){"use strict";l.querySelector&&d.addEventListener&&"undefined"!=typeof URL&&(d.wp=d.wp||{},d.wp.receiveEmbedMessage||(d.wp.receiveEmbedMessage=function(e){var t=e.data;if((t||t.secret||t.message||t.value)&&!/[^a-zA-Z0-9]/.test(t.secret)){for(var s,r,n,a=l.querySelectorAll('iframe[data-secret="'+t.secret+'"]'),o=l.querySelectorAll('blockquote[data-secret="'+t.secret+'"]'),c=new RegExp("^https?:$","i"),i=0;i<o.length;i++)o[i].style.display="none";for(i=0;i<a.length;i++)s=a[i],e.source===s.contentWindow&&(s.removeAttribute("style"),"height"===t.message?(1e3<(r=parseInt(t.value,10))?r=1e3:~~r<200&&(r=200),s.height=r):"link"===t.message&&(r=new URL(s.getAttribute("src")),n=new URL(t.value),c.test(n.protocol))&&n.host===r.host&&l.activeElement===s&&(d.top.location.href=t.value))}},d.addEventListener("message",d.wp.receiveEmbedMessage,!1),l.addEventListener("DOMContentLoaded",function(){for(var e,t,s=l.querySelectorAll("iframe.wp-embedded-content"),r=0;r<s.length;r++)(t=(e=s[r]).getAttribute("data-secret"))||(t=Math.random().toString(36).substring(2,12),e.src+="#?secret="+t,e.setAttribute("data-secret",t)),e.contentWindow.postMessage({message:"ready",secret:t},"*")},!1)))}(window,document);
//# sourceURL=https://kuzeyinsesi.org/wp-includes/js/wp-embed.min.js
/* ]]> */
</script>

Kıbrıs Kadın Öyküleri Derneği’nin (KÖDER) iki kitabının Milli Eğitim Bakanlığı’na bağlı okullarda “kaynak kitap” , “yardımcı kitap” ve “öğretmen el kitabı” olarak kullanılabilmesinin onaylandığı bildirildi. KÖDER’den verilen bilgiye göre, KÖDER tarafından yayınlanan “Hayatımıza Değer Katan Kadınlarımız 1” ve “Hayatımıza Değer Katan Kadınlarımız 2” başlıklı kitapların, Bakanlığa bağlı okullarda kullanılabilmesine Milli Eğitim Bakanlığı, Talim ve Terbiye [&hellip;]
