{"version":"1.0","provider_name":"Kuzeyin Sesi","provider_url":"https:\/\/kuzeyinsesi.org","author_name":"Kuzeyin Sesi","author_url":"https:\/\/kuzeyinsesi.org\/index.php\/author\/guven\/","title":"Eurovisio&#039;a Filistin bayra\u011f\u0131 ile girmek yasakland\u0131 - Kuzeyin Sesi","type":"rich","width":600,"height":338,"html":"<blockquote class=\"wp-embedded-content\" data-secret=\"usWkmI86co\"><a href=\"https:\/\/kuzeyinsesi.org\/index.php\/2024\/05\/02\/eurovisioa-filistin-bayragi-ile-girmek-yasaklandi\/\">Eurovisio&#039;a Filistin bayra\u011f\u0131 ile girmek yasakland\u0131<\/a><\/blockquote><iframe sandbox=\"allow-scripts\" security=\"restricted\" src=\"https:\/\/kuzeyinsesi.org\/index.php\/2024\/05\/02\/eurovisioa-filistin-bayragi-ile-girmek-yasaklandi\/embed\/#?secret=usWkmI86co\" width=\"600\" height=\"338\" title=\"&#8220;Eurovisio&#039;a Filistin bayra\u011f\u0131 ile girmek yasakland\u0131&#8221; &#8212; Kuzeyin Sesi\" data-secret=\"usWkmI86co\" frameborder=\"0\" marginwidth=\"0\" marginheight=\"0\" scrolling=\"no\" class=\"wp-embedded-content\"><\/iframe><script type=\"text\/javascript\">\n\/* <![CDATA[ *\/\n\/*! This file is auto-generated *\/\n!function(d,l){\"use strict\";l.querySelector&&d.addEventListener&&\"undefined\"!=typeof URL&&(d.wp=d.wp||{},d.wp.receiveEmbedMessage||(d.wp.receiveEmbedMessage=function(e){var t=e.data;if((t||t.secret||t.message||t.value)&&!\/[^a-zA-Z0-9]\/.test(t.secret)){for(var s,r,n,a=l.querySelectorAll('iframe[data-secret=\"'+t.secret+'\"]'),o=l.querySelectorAll('blockquote[data-secret=\"'+t.secret+'\"]'),c=new RegExp(\"^https?:$\",\"i\"),i=0;i<o.length;i++)o[i].style.display=\"none\";for(i=0;i<a.length;i++)s=a[i],e.source===s.contentWindow&&(s.removeAttribute(\"style\"),\"height\"===t.message?(1e3<(r=parseInt(t.value,10))?r=1e3:~~r<200&&(r=200),s.height=r):\"link\"===t.message&&(r=new URL(s.getAttribute(\"src\")),n=new URL(t.value),c.test(n.protocol))&&n.host===r.host&&l.activeElement===s&&(d.top.location.href=t.value))}},d.addEventListener(\"message\",d.wp.receiveEmbedMessage,!1),l.addEventListener(\"DOMContentLoaded\",function(){for(var e,t,s=l.querySelectorAll(\"iframe.wp-embedded-content\"),r=0;r<s.length;r++)(t=(e=s[r]).getAttribute(\"data-secret\"))||(t=Math.random().toString(36).substring(2,12),e.src+=\"#?secret=\"+t,e.setAttribute(\"data-secret\",t)),e.contentWindow.postMessage({message:\"ready\",secret:t},\"*\")},!1)))}(window,document);\n\/\/# sourceURL=https:\/\/kuzeyinsesi.org\/wp-includes\/js\/wp-embed.min.js\n\/* ]]> *\/\n<\/script>\n","thumbnail_url":"https:\/\/kuzeyinsesi.org\/wp-content\/uploads\/2024\/05\/eurovision-aa-2179794.jpg","thumbnail_width":1280,"thumbnail_height":720,"description":"&#13; Avrupa Yay\u0131n Birli\u011fi (EBU) taraf\u0131ndan yap\u0131lan a\u00e7\u0131klamada, \u015fark\u0131 yar\u0131\u015fmas\u0131n\u0131n yap\u0131laca\u011f\u0131 Malm\u00f6 Arena&#8217;ya Filistin bayra\u011f\u0131 veya siyasi mesaj i\u00e7eren pankartla girmeye \u00e7al\u0131\u015fanlar\u0131n durdurulaca\u011f\u0131 ve ellerindeki Filistin bayra\u011f\u0131 veya pankartlar\u0131n al\u0131naca\u011f\u0131 belirtildi. &#13; \u0130sve\u00e7 Filistin Grubu&#8217;ndan yap\u0131lan a\u00e7\u0131klamada ise \u0130srail&#8217;in 11 May\u0131s&#8217;ta yap\u0131lacak Eurovision \u015eark\u0131 Yar\u0131\u015fmas\u0131&#8217;na kat\u0131l\u0131m\u0131n\u0131n Malm\u00f6 kentinde protesto edilece\u011fi aktar\u0131ld\u0131. &#13; A\u00e7\u0131klamada, &#8220;Soyk\u0131r\u0131m \u00dccretsiz [&hellip;]"}

Eurovisio&#039;a Filistin bayrağı ile girmek yasaklandı - Kuzeyin Sesi

<blockquote class="wp-embedded-content" data-secret="usWkmI86co"><a href="https://kuzeyinsesi.org/index.php/2024/05/02/eurovisioa-filistin-bayragi-ile-girmek-yasaklandi/">Eurovisio&#039;a Filistin bayrağı ile girmek yasaklandı</a></blockquote><iframe sandbox="allow-scripts" security="restricted" src="https://kuzeyinsesi.org/index.php/2024/05/02/eurovisioa-filistin-bayragi-ile-girmek-yasaklandi/embed/#?secret=usWkmI86co" width="600" height="338" title="&#8220;Eurovisio&#039;a Filistin bayrağı ile girmek yasaklandı&#8221; &#8212; Kuzeyin Sesi" data-secret="usWkmI86co" frameborder="0" marginwidth="0" marginheight="0" scrolling="no" class="wp-embedded-content"></iframe><script type="text/javascript">
/* <![CDATA[ */
/*! This file is auto-generated */
!function(d,l){"use strict";l.querySelector&&d.addEventListener&&"undefined"!=typeof URL&&(d.wp=d.wp||{},d.wp.receiveEmbedMessage||(d.wp.receiveEmbedMessage=function(e){var t=e.data;if((t||t.secret||t.message||t.value)&&!/[^a-zA-Z0-9]/.test(t.secret)){for(var s,r,n,a=l.querySelectorAll('iframe[data-secret="'+t.secret+'"]'),o=l.querySelectorAll('blockquote[data-secret="'+t.secret+'"]'),c=new RegExp("^https?:$","i"),i=0;i<o.length;i++)o[i].style.display="none";for(i=0;i<a.length;i++)s=a[i],e.source===s.contentWindow&&(s.removeAttribute("style"),"height"===t.message?(1e3<(r=parseInt(t.value,10))?r=1e3:~~r<200&&(r=200),s.height=r):"link"===t.message&&(r=new URL(s.getAttribute("src")),n=new URL(t.value),c.test(n.protocol))&&n.host===r.host&&l.activeElement===s&&(d.top.location.href=t.value))}},d.addEventListener("message",d.wp.receiveEmbedMessage,!1),l.addEventListener("DOMContentLoaded",function(){for(var e,t,s=l.querySelectorAll("iframe.wp-embedded-content"),r=0;r<s.length;r++)(t=(e=s[r]).getAttribute("data-secret"))||(t=Math.random().toString(36).substring(2,12),e.src+="#?secret="+t,e.setAttribute("data-secret",t)),e.contentWindow.postMessage({message:"ready",secret:t},"*")},!1)))}(window,document);
//# sourceURL=https://kuzeyinsesi.org/wp-includes/js/wp-embed.min.js
/* ]]> */
</script>

&#13; Avrupa Yayın Birliği (EBU) tarafından yapılan açıklamada, şarkı yarışmasının yapılacağı Malmö Arena&#8217;ya Filistin bayrağı veya siyasi mesaj içeren pankartla girmeye çalışanların durdurulacağı ve ellerindeki Filistin bayrağı veya pankartların alınacağı belirtildi. &#13; İsveç Filistin Grubu&#8217;ndan yapılan açıklamada ise İsrail&#8217;in 11 Mayıs&#8217;ta yapılacak Eurovision Şarkı Yarışması&#8217;na katılımının Malmö kentinde protesto edileceği aktarıldı. &#13; Açıklamada, &#8220;Soykırım Ücretsiz [&hellip;]
